{"id":7191,"date":"2025-06-28T18:18:00","date_gmt":"2025-06-28T16:18:00","guid":{"rendered":"https:\/\/uj.adatbank.ro\/lexikon\/termek\/egerhazi-lajos-mezobandi-egerhazy-lajos\/"},"modified":"2025-06-28T18:18:00","modified_gmt":"2025-06-28T16:18:00","slug":"egerhazi-lajos-mezobandi-egerhazy-lajos","status":"publish","type":"product","link":"https:\/\/uj.adatbank.ro\/lexikon\/termek\/egerhazi-lajos-mezobandi-egerhazy-lajos\/","title":{"rendered":"EGERH\u00c1ZI Lajos, mez\u0151b\u00e1ndi, Egerh\u00e1zy Lajos"},"content":{"rendered":"<p>Mez\u0151b\u00e1nd, 1869. \u00e1pr. 10., \u2020 1925 el\u0151tt?: ref. lelk\u00e9sz, \u00edr\u00f3. \u2013 Apja f\u00f6ldbirtokos. Val\u00f3sz\u00edn\u0171: Feles\u00e9ge: \u00f6zv. Orb\u00e1n J\u00f3zefa. Gyermekeik: Egerh\u00e1zy Ilona Gazda G\u00e1born\u00e9 (1874.? \u2013 Mv., 1925. febr. 13.); E. Lajos, feles\u00e9ge Friedrich Ir\u00e9n. \u2013 Mv-en \u00e9retts\u00e9gizett, Teol\u00f3giai tanulm\u00e1nyait Bp. \u00e9s Nagyenyeden majd az Utrechti Egy. Hittud. Kar\u00e1n (1892\u201393), 1894), a Marburgi Egy Hittud. Kar\u00e1n (1894) v\u00e9gezte. Lelk\u00e9sz Mez\u0151b\u00e1ndon (1894\u2013), \u00dajtord\u00e1n, Bp.-en a Lelk\u00e9szegyes\u00fclet misszi\u00f3s lelk\u00e9sze (1921\u2013). A tordai F\u00fcggetlens\u00e9gi \u00e9s 48-as P\u00e1rt tagaja (1897).Tord\u00e1n az \u00e1llami f\u0151gimn.-ban hitoktat\u00f3 (1916). Cikkei k\u00f6z\u00f6lte a: Prot. Szemle, Erd\u00e9lyi Prot. Lap, Lelk\u00e9szegyes\u00fclet. \u2013 <strong>F. m.:<\/strong> Eml\u00e9kbesz\u00e9d nemzeti \u00fajj\u00e1\u00e9bred\u00e9s\u00fcnk 50.-iki \u00e9vfordul\u00f3j\u00e1n (Torda, 1898). <br \/><strong>Irod.:<\/strong> Guly\u00e1s; Gy\u00e1szjelent\u0151, Szab\u00f3\u2013Simon\u2013Sz\u00f6gi<\/br><\/p>\n","protected":false},"excerpt":{"rendered":"<p>Mez\u0151b\u00e1nd, 1869. \u00e1pr. 10., \u2020 1925 el\u0151tt?: ref. lelk\u00e9sz, \u00edr\u00f3. \u2013 Apja f\u00f6ldbirtokos. Val\u00f3sz\u00edn\u0171: Feles\u00e9ge: \u00f6zv. Orb\u00e1n J\u00f3zefa. Gyermekeik: Egerh\u00e1zy Ilona Gazda G\u00e1born\u00e9 (1874.? \u2013 Mv., 1925. febr. 13.); E. Lajos, feles\u00e9ge Friedrich Ir\u00e9n. \u2013 Mv-en \u00e9retts\u00e9gizett, Teol\u00f3giai tanulm\u00e1nyait Bp. \u00e9s Nagyenyeden majd az Utrechti Egy. Hittud. Kar\u00e1n (1892\u201393), 1894), a Marburgi Egy Hittud. Kar\u00e1n [&hellip;]<\/p>\n","protected":false},"featured_media":0,"comment_status":"open","ping_status":"closed","template":"","meta":[],"product_brand":[],"product_cat":[137],"product_tag":[],"class_list":{"0":"post-7191","1":"product","2":"type-product","3":"status-publish","5":"product_cat-maros-megyei-eletrajzi-lexikon","7":"first","8":"instock","9":"shipping-taxable","10":"product-type-simple"},"_links":{"self":[{"href":"https:\/\/uj.adatbank.ro\/lexikon\/wp-json\/wp\/v2\/product\/7191","targetHints":{"allow":["GET"]}}],"collection":[{"href":"https:\/\/uj.adatbank.ro\/lexikon\/wp-json\/wp\/v2\/product"}],"about":[{"href":"https:\/\/uj.adatbank.ro\/lexikon\/wp-json\/wp\/v2\/types\/product"}],"replies":[{"embeddable":true,"href":"https:\/\/uj.adatbank.ro\/lexikon\/wp-json\/wp\/v2\/comments?post=7191"}],"wp:attachment":[{"href":"https:\/\/uj.adatbank.ro\/lexikon\/wp-json\/wp\/v2\/media?parent=7191"}],"wp:term":[{"taxonomy":"product_brand","embeddable":true,"href":"https:\/\/uj.adatbank.ro\/lexikon\/wp-json\/wp\/v2\/product_brand?post=7191"},{"taxonomy":"product_cat","embeddable":true,"href":"https:\/\/uj.adatbank.ro\/lexikon\/wp-json\/wp\/v2\/product_cat?post=7191"},{"taxonomy":"product_tag","embeddable":true,"href":"https:\/\/uj.adatbank.ro\/lexikon\/wp-json\/wp\/v2\/product_tag?post=7191"}],"curies":[{"name":"wp","href":"https:\/\/api.w.org\/{rel}","templated":true}]}}

EGERHÁZI Lajos, mezőbándi, Egerházy Lajos

<p>Mezőbánd, 1869. ápr. 10., † 1925 előtt?: ref. lelkész, író. – Apja földbirtokos. Valószínű: Felesége: özv. Orbán Józefa. Gyermekeik: Egerházy Ilona Gazda Gáborné (1874.? – Mv., 1925. febr. 13.); E. Lajos, felesége Friedrich Irén. – Mv-en érettségizett, Teológiai tanulmányait Bp. és Nagyenyeden majd az Utrechti Egy. Hittud. Karán (1892–93), 1894), a Marburgi Egy Hittud. Karán (1894) végezte. Lelkész Mezőbándon (1894–), Újtordán, Bp.-en a Lelkészegyesület missziós lelkésze (1921–). A tordai Függetlenségi és 48-as Párt tagaja (1897).Tordán az állami főgimn.-ban hitoktató (1916). Cikkei közölte a: Prot. Szemle, Erdélyi Prot. Lap, Lelkészegyesület. – <strong>F. m.:</strong> Emlékbeszéd nemzeti újjáébredésünk 50.-iki évfordulóján (Torda, 1898). <br /><strong>Irod.:</strong> Gulyás; Gyászjelentő, Szabó–Simon–Szögi</br></p>

<p>Mezőbánd, 1869. ápr. 10., † 1925 előtt?: ref. lelkész, író. – Apja földbirtokos. Valószínű: Felesége: özv. Orbán Józefa. Gyermekeik: Egerházy Ilona Gazda Gáborné (1874.? – Mv., 1925. febr. 13.); E. Lajos, felesége Friedrich Irén. – Mv-en érettségizett, Teológiai tanulmányait Bp. és Nagyenyeden majd az Utrechti Egy. Hittud. Karán (1892–93), 1894), a Marburgi Egy Hittud. Karán [&hellip;]</p>
