{"id":7195,"date":"2025-06-28T18:18:09","date_gmt":"2025-06-28T16:18:09","guid":{"rendered":"https:\/\/uj.adatbank.ro\/lexikon\/termek\/egey-jeno\/"},"modified":"2025-06-28T18:18:09","modified_gmt":"2025-06-28T16:18:09","slug":"egey-jeno","status":"publish","type":"product","link":"https:\/\/uj.adatbank.ro\/lexikon\/termek\/egey-jeno\/","title":{"rendered":"EGEY Jen\u0151"},"content":{"rendered":"<p>1900, \u2020\u00a0Mv., 1983. aug. 23.: \u00fcgyv\u00e9d. \u2013 Mv.-en \u00fcgyv\u00e9d, dr. jur., az \u00fcgyv\u00e9di kamara \u00fcgy\u00e9sze is volt (1943). Az eg\u00e9sz Sz\u00e9kelyf\u00f6ldet bej\u00e1rta egyetlen k\u00e9rd\u00e9snek, a sz\u00e9kely fafarag\u00e1snak megismer\u00e9s\u00e9\u00e9rt. Templomok, harangl\u00e1bakat, temet\u0151ket, kapukat, h\u00e1romosztat\u00fa ereszes h\u00e1zakat, roskad\u00f3 borona\u00e9p\u00fcleteket f\u00e9nyk\u00e9pezett le. Az OMP \u00fcgy\u00e9sze, k\u00e9pvisel\u0151 jel\u00f6ltje (1937), titk\u00e1ra (1941). \u2013 <strong>F. m.:<\/strong> <strong>szerk.:<\/strong> Sz\u00e9kely n\u00e9pballad\u00e1k (sajt\u00f3 al\u00e1 rendezte) (Mv., 1940). <br \/><strong>Irod.:<\/strong> Guly\u00e1s; Id\u0151t\u00e1r 3; Sz\u00e9kelyf\u00f6ld \u00ed.k.<\/br><\/p>\n","protected":false},"excerpt":{"rendered":"<p>1900, \u2020\u00a0Mv., 1983. aug. 23.: \u00fcgyv\u00e9d. \u2013 Mv.-en \u00fcgyv\u00e9d, dr. jur., az \u00fcgyv\u00e9di kamara \u00fcgy\u00e9sze is volt (1943). Az eg\u00e9sz Sz\u00e9kelyf\u00f6ldet bej\u00e1rta egyetlen k\u00e9rd\u00e9snek, a sz\u00e9kely fafarag\u00e1snak megismer\u00e9s\u00e9\u00e9rt. Templomok, harangl\u00e1bakat, temet\u0151ket, kapukat, h\u00e1romosztat\u00fa ereszes h\u00e1zakat, roskad\u00f3 borona\u00e9p\u00fcleteket f\u00e9nyk\u00e9pezett le. Az OMP \u00fcgy\u00e9sze, k\u00e9pvisel\u0151 jel\u00f6ltje (1937), titk\u00e1ra (1941). \u2013 F. m.: szerk.: Sz\u00e9kely n\u00e9pballad\u00e1k (sajt\u00f3 al\u00e1 [&hellip;]<\/p>\n","protected":false},"featured_media":0,"comment_status":"open","ping_status":"closed","template":"","meta":[],"product_brand":[],"product_cat":[137],"product_tag":[],"class_list":{"0":"post-7195","1":"product","2":"type-product","3":"status-publish","5":"product_cat-maros-megyei-eletrajzi-lexikon","7":"first","8":"instock","9":"shipping-taxable","10":"product-type-simple"},"_links":{"self":[{"href":"https:\/\/uj.adatbank.ro\/lexikon\/wp-json\/wp\/v2\/product\/7195","targetHints":{"allow":["GET"]}}],"collection":[{"href":"https:\/\/uj.adatbank.ro\/lexikon\/wp-json\/wp\/v2\/product"}],"about":[{"href":"https:\/\/uj.adatbank.ro\/lexikon\/wp-json\/wp\/v2\/types\/product"}],"replies":[{"embeddable":true,"href":"https:\/\/uj.adatbank.ro\/lexikon\/wp-json\/wp\/v2\/comments?post=7195"}],"wp:attachment":[{"href":"https:\/\/uj.adatbank.ro\/lexikon\/wp-json\/wp\/v2\/media?parent=7195"}],"wp:term":[{"taxonomy":"product_brand","embeddable":true,"href":"https:\/\/uj.adatbank.ro\/lexikon\/wp-json\/wp\/v2\/product_brand?post=7195"},{"taxonomy":"product_cat","embeddable":true,"href":"https:\/\/uj.adatbank.ro\/lexikon\/wp-json\/wp\/v2\/product_cat?post=7195"},{"taxonomy":"product_tag","embeddable":true,"href":"https:\/\/uj.adatbank.ro\/lexikon\/wp-json\/wp\/v2\/product_tag?post=7195"}],"curies":[{"name":"wp","href":"https:\/\/api.w.org\/{rel}","templated":true}]}}

EGEY Jenő

<p>1900, † Mv., 1983. aug. 23.: ügyvéd. – Mv.-en ügyvéd, dr. jur., az ügyvédi kamara ügyésze is volt (1943). Az egész Székelyföldet bejárta egyetlen kérdésnek, a székely fafaragásnak megismeréséért. Templomok, haranglábakat, temetőket, kapukat, háromosztatú ereszes házakat, roskadó boronaépületeket fényképezett le. Az OMP ügyésze, képviselő jelöltje (1937), titkára (1941). – <strong>F. m.:</strong> <strong>szerk.:</strong> Székely népballadák (sajtó alá rendezte) (Mv., 1940). <br /><strong>Irod.:</strong> Gulyás; Időtár 3; Székelyföld í.k.</br></p>

<p>1900, † Mv., 1983. aug. 23.: ügyvéd. – Mv.-en ügyvéd, dr. jur., az ügyvédi kamara ügyésze is volt (1943). Az egész Székelyföldet bejárta egyetlen kérdésnek, a székely fafaragásnak megismeréséért. Templomok, haranglábakat, temetőket, kapukat, háromosztatú ereszes házakat, roskadó boronaépületeket fényképezett le. Az OMP ügyésze, képviselő jelöltje (1937), titkára (1941). – F. m.: szerk.: Székely népballadák (sajtó alá [&hellip;]</p>
