{"id":7198,"date":"2025-06-28T18:18:15","date_gmt":"2025-06-28T16:18:15","guid":{"rendered":"https:\/\/uj.adatbank.ro\/lexikon\/termek\/egressy-magda-l-egressi-magda\/"},"modified":"2025-06-28T18:18:15","modified_gmt":"2025-06-28T16:18:15","slug":"egressy-magda-l-egressi-magda","status":"publish","type":"product","link":"https:\/\/uj.adatbank.ro\/lexikon\/termek\/egressy-magda-l-egressi-magda\/","title":{"rendered":"EGRESSY Magda L., Egressi Magda"},"content":{"rendered":"<p>? \u2020 ? : sz\u00edn\u00e9szn\u0151. \u2013 A mv.-i Sz\u00e9kely Sz\u00ednh\u00e1z tagja (1946\u201347). \u2013 <strong>F. sz.:<\/strong> Mi (Leh\u00e1r Ferenc: A mosoly orsz\u00e1ga); \u00d6rzse, v\u00e1rosi pesztonka (Szirmai Albert: M\u00e9zeskal\u00e1cs); Juliette (Leh\u00e1r Ferenc: Luxemburg gr\u00f3fja); Francoise (Jaques Deval: Francia szobal\u00e1ny); Anna Pavlovna (Jakobi Viktor: Sybill); Anni (Eisemann Mih\u00e1ly: Egy cs\u00f3k \u00e9s m\u00e1s semmi); Colette (Eisemann Mih\u00e1ly: Fekete P\u00e9ter); Marietta (K\u00e1lm\u00e1n Imre: Bajad\u00e9r); Miss Mabel Gibson (K\u00e1lm\u00e1n Imre: Cirkuszhercegn\u0151); Anita, Prince diz\u00f6z (F\u00e9nyes Szabolcs: V\u00e9n di\u00f3fa); Feh\u00e9rn\u00e9 (Vaszary G\u00e1bor: Mondj igazat); Grisi Lucia (Schubert- Bert\u00e9: H\u00e1rom a kisl\u00e1ny); Olween Peel (J. B. Priestley: Vesz\u00e9lyes kanyar); Forr\u00f3 S\u00e1ri (F\u00e9nyes Szabolcs: Az utols\u00f3 Vereb\u00e9ly l\u00e1ny); Marg\u00f3 (Carlo de Fries: Ilyenek a f\u00e9rfiak); Zelm\u00e1nyi Lenke (Hars\u00e1nyi Zsolt: A bolond \u00c1svayn\u00e9); Aigner Grett (Leh\u00e1r Ferenc: A k\u00e9k mazur); Piroska (K\u00e1lm\u00e1n Imre: Az obsitos). <br \/><strong>Irod.:<\/strong> Horv\u00e1th Bea; Kov\u00e1cs Levente<\/br><\/p>\n","protected":false},"excerpt":{"rendered":"<p>? \u2020 ? : sz\u00edn\u00e9szn\u0151. \u2013 A mv.-i Sz\u00e9kely Sz\u00ednh\u00e1z tagja (1946\u201347). \u2013 F. sz.: Mi (Leh\u00e1r Ferenc: A mosoly orsz\u00e1ga); \u00d6rzse, v\u00e1rosi pesztonka (Szirmai Albert: M\u00e9zeskal\u00e1cs); Juliette (Leh\u00e1r Ferenc: Luxemburg gr\u00f3fja); Francoise (Jaques Deval: Francia szobal\u00e1ny); Anna Pavlovna (Jakobi Viktor: Sybill); Anni (Eisemann Mih\u00e1ly: Egy cs\u00f3k \u00e9s m\u00e1s semmi); Colette (Eisemann Mih\u00e1ly: Fekete P\u00e9ter); [&hellip;]<\/p>\n","protected":false},"featured_media":0,"comment_status":"open","ping_status":"closed","template":"","meta":[],"product_brand":[],"product_cat":[137],"product_tag":[],"class_list":{"0":"post-7198","1":"product","2":"type-product","3":"status-publish","5":"product_cat-maros-megyei-eletrajzi-lexikon","7":"first","8":"instock","9":"shipping-taxable","10":"product-type-simple"},"_links":{"self":[{"href":"https:\/\/uj.adatbank.ro\/lexikon\/wp-json\/wp\/v2\/product\/7198","targetHints":{"allow":["GET"]}}],"collection":[{"href":"https:\/\/uj.adatbank.ro\/lexikon\/wp-json\/wp\/v2\/product"}],"about":[{"href":"https:\/\/uj.adatbank.ro\/lexikon\/wp-json\/wp\/v2\/types\/product"}],"replies":[{"embeddable":true,"href":"https:\/\/uj.adatbank.ro\/lexikon\/wp-json\/wp\/v2\/comments?post=7198"}],"wp:attachment":[{"href":"https:\/\/uj.adatbank.ro\/lexikon\/wp-json\/wp\/v2\/media?parent=7198"}],"wp:term":[{"taxonomy":"product_brand","embeddable":true,"href":"https:\/\/uj.adatbank.ro\/lexikon\/wp-json\/wp\/v2\/product_brand?post=7198"},{"taxonomy":"product_cat","embeddable":true,"href":"https:\/\/uj.adatbank.ro\/lexikon\/wp-json\/wp\/v2\/product_cat?post=7198"},{"taxonomy":"product_tag","embeddable":true,"href":"https:\/\/uj.adatbank.ro\/lexikon\/wp-json\/wp\/v2\/product_tag?post=7198"}],"curies":[{"name":"wp","href":"https:\/\/api.w.org\/{rel}","templated":true}]}}

<p>? † ? : színésznő. – A mv.-i Székely Színház tagja (1946–47). – <strong>F. sz.:</strong> Mi (Lehár Ferenc: A mosoly országa); Örzse, városi pesztonka (Szirmai Albert: Mézeskalács); Juliette (Lehár Ferenc: Luxemburg grófja); Francoise (Jaques Deval: Francia szobalány); Anna Pavlovna (Jakobi Viktor: Sybill); Anni (Eisemann Mihály: Egy csók és más semmi); Colette (Eisemann Mihály: Fekete Péter); Marietta (Kálmán Imre: Bajadér); Miss Mabel Gibson (Kálmán Imre: Cirkuszhercegnő); Anita, Prince dizöz (Fényes Szabolcs: Vén diófa); Fehérné (Vaszary Gábor: Mondj igazat); Grisi Lucia (Schubert- Berté: Három a kislány); Olween Peel (J. B. Priestley: Veszélyes kanyar); Forró Sári (Fényes Szabolcs: Az utolsó Verebély lány); Margó (Carlo de Fries: Ilyenek a férfiak); Zelmányi Lenke (Harsányi Zsolt: A bolond Ásvayné); Aigner Grett (Lehár Ferenc: A kék mazur); Piroska (Kálmán Imre: Az obsitos). <br /><strong>Irod.:</strong> Horváth Bea; Kovács Levente</br></p>

<p>? † ? : színésznő. – A mv.-i Székely Színház tagja (1946–47). – F. sz.: Mi (Lehár Ferenc: A mosoly országa); Örzse, városi pesztonka (Szirmai Albert: Mézeskalács); Juliette (Lehár Ferenc: Luxemburg grófja); Francoise (Jaques Deval: Francia szobalány); Anna Pavlovna (Jakobi Viktor: Sybill); Anni (Eisemann Mihály: Egy csók és más semmi); Colette (Eisemann Mihály: Fekete Péter); [&hellip;]</p>
