{"id":7203,"date":"2025-06-28T18:18:24","date_gmt":"2025-06-28T16:18:24","guid":{"rendered":"https:\/\/uj.adatbank.ro\/lexikon\/termek\/egyed-aranka\/"},"modified":"2025-06-28T18:18:24","modified_gmt":"2025-06-28T16:18:24","slug":"egyed-aranka","status":"publish","type":"product","link":"https:\/\/uj.adatbank.ro\/lexikon\/termek\/egyed-aranka\/","title":{"rendered":"EGYED Aranka"},"content":{"rendered":"<p>Mv., 1869. m\u00e1rc. 11., \u2020 1894. m\u00e1rc. 2.: sz\u00edn\u00e9szn\u0151. \u2013 R\u00f6vid sz\u00edn\u00e9szi p\u00e1ly\u00e1jj\u00e1t fiatalon kezdte (1885- ). <br \/><strong>Irod.:<\/strong> Rugonfalvi Kiss; Sch\u00f6pflin<\/br><\/p>\n","protected":false},"excerpt":{"rendered":"<p>Mv., 1869. m\u00e1rc. 11., \u2020 1894. m\u00e1rc. 2.: sz\u00edn\u00e9szn\u0151. \u2013 R\u00f6vid sz\u00edn\u00e9szi p\u00e1ly\u00e1jj\u00e1t fiatalon kezdte (1885- ). Irod.: Rugonfalvi Kiss; Sch\u00f6pflin<\/p>\n","protected":false},"featured_media":0,"comment_status":"open","ping_status":"closed","template":"","meta":[],"product_brand":[],"product_cat":[137],"product_tag":[],"class_list":{"0":"post-7203","1":"product","2":"type-product","3":"status-publish","5":"product_cat-maros-megyei-eletrajzi-lexikon","7":"first","8":"instock","9":"shipping-taxable","10":"product-type-simple"},"_links":{"self":[{"href":"https:\/\/uj.adatbank.ro\/lexikon\/wp-json\/wp\/v2\/product\/7203","targetHints":{"allow":["GET"]}}],"collection":[{"href":"https:\/\/uj.adatbank.ro\/lexikon\/wp-json\/wp\/v2\/product"}],"about":[{"href":"https:\/\/uj.adatbank.ro\/lexikon\/wp-json\/wp\/v2\/types\/product"}],"replies":[{"embeddable":true,"href":"https:\/\/uj.adatbank.ro\/lexikon\/wp-json\/wp\/v2\/comments?post=7203"}],"wp:attachment":[{"href":"https:\/\/uj.adatbank.ro\/lexikon\/wp-json\/wp\/v2\/media?parent=7203"}],"wp:term":[{"taxonomy":"product_brand","embeddable":true,"href":"https:\/\/uj.adatbank.ro\/lexikon\/wp-json\/wp\/v2\/product_brand?post=7203"},{"taxonomy":"product_cat","embeddable":true,"href":"https:\/\/uj.adatbank.ro\/lexikon\/wp-json\/wp\/v2\/product_cat?post=7203"},{"taxonomy":"product_tag","embeddable":true,"href":"https:\/\/uj.adatbank.ro\/lexikon\/wp-json\/wp\/v2\/product_tag?post=7203"}],"curies":[{"name":"wp","href":"https:\/\/api.w.org\/{rel}","templated":true}]}}