{"id":7207,"date":"2025-06-28T18:18:34","date_gmt":"2025-06-28T16:18:34","guid":{"rendered":"https:\/\/uj.adatbank.ro\/lexikon\/termek\/egyed-istvan-marosvasarhelyi\/"},"modified":"2025-06-28T18:18:34","modified_gmt":"2025-06-28T16:18:34","slug":"egyed-istvan-marosvasarhelyi","status":"publish","type":"product","link":"https:\/\/uj.adatbank.ro\/lexikon\/termek\/egyed-istvan-marosvasarhelyi\/","title":{"rendered":"EGYED Istv\u00e1n, marosv\u00e1s\u00e1rhelyi"},"content":{"rendered":"<p>? \u2020\u00a0? : nemes. \u2013 Apaffi Mih\u00e1lyt\u00f3l nyert kiv\u00e1lts\u00e1gokat Mv.-en (1662. dec. 20.), nemesi volt\u00e1t Apaffi Mih\u00e1ly ismeri el (1687). <br \/><strong>Irod.:<\/strong> Kempelen; P\u00e1lmay<\/br><\/p>\n","protected":false},"excerpt":{"rendered":"<p>? \u2020\u00a0? : nemes. \u2013 Apaffi Mih\u00e1lyt\u00f3l nyert kiv\u00e1lts\u00e1gokat Mv.-en (1662. dec. 20.), nemesi volt\u00e1t Apaffi Mih\u00e1ly ismeri el (1687). Irod.: Kempelen; P\u00e1lmay<\/p>\n","protected":false},"featured_media":0,"comment_status":"open","ping_status":"closed","template":"","meta":[],"product_brand":[],"product_cat":[137],"product_tag":[],"class_list":{"0":"post-7207","1":"product","2":"type-product","3":"status-publish","5":"product_cat-maros-megyei-eletrajzi-lexikon","7":"first","8":"instock","9":"shipping-taxable","10":"product-type-simple"},"_links":{"self":[{"href":"https:\/\/uj.adatbank.ro\/lexikon\/wp-json\/wp\/v2\/product\/7207","targetHints":{"allow":["GET"]}}],"collection":[{"href":"https:\/\/uj.adatbank.ro\/lexikon\/wp-json\/wp\/v2\/product"}],"about":[{"href":"https:\/\/uj.adatbank.ro\/lexikon\/wp-json\/wp\/v2\/types\/product"}],"replies":[{"embeddable":true,"href":"https:\/\/uj.adatbank.ro\/lexikon\/wp-json\/wp\/v2\/comments?post=7207"}],"wp:attachment":[{"href":"https:\/\/uj.adatbank.ro\/lexikon\/wp-json\/wp\/v2\/media?parent=7207"}],"wp:term":[{"taxonomy":"product_brand","embeddable":true,"href":"https:\/\/uj.adatbank.ro\/lexikon\/wp-json\/wp\/v2\/product_brand?post=7207"},{"taxonomy":"product_cat","embeddable":true,"href":"https:\/\/uj.adatbank.ro\/lexikon\/wp-json\/wp\/v2\/product_cat?post=7207"},{"taxonomy":"product_tag","embeddable":true,"href":"https:\/\/uj.adatbank.ro\/lexikon\/wp-json\/wp\/v2\/product_tag?post=7207"}],"curies":[{"name":"wp","href":"https:\/\/api.w.org\/{rel}","templated":true}]}}