{"id":7211,"date":"2025-06-28T18:18:40","date_gmt":"2025-06-28T16:18:40","guid":{"rendered":"https:\/\/uj.adatbank.ro\/lexikon\/termek\/egyed-jozsef-%c2%a7\/"},"modified":"2025-06-28T18:18:40","modified_gmt":"2025-06-28T16:18:40","slug":"egyed-jozsef-%c2%a7","status":"publish","type":"product","link":"https:\/\/uj.adatbank.ro\/lexikon\/termek\/egyed-jozsef-%c2%a7\/","title":{"rendered":"EGYED J\u00f3zsef, \u00a7"},"content":{"rendered":"<p>Beszterce, 1897., \u2020\u00a0? : hivatalnok. \u2013 M\u00e9rt\u00e9khiteles\u00edt\u0151 hivatali vezet\u0151 Mv.-en. R\u00e9szt vett az I. vh.-ban (1915\u2013), a 23. z\u00e1szl\u00f3ajjal a szerb, \u00e9s az olasz fronton harcolt, olasz fogs\u00e1gba esett, majd hazat\u00e9rte ut\u00e1n a nemzeti hadseregben harcolt (1919\u201320). Kit\u00fcntett\u00e9k. <br \/><strong>Irod.:<\/strong> Erd\u00e9lyi ezredek<\/br><\/p>\n","protected":false},"excerpt":{"rendered":"<p>Beszterce, 1897., \u2020\u00a0? : hivatalnok. \u2013 M\u00e9rt\u00e9khiteles\u00edt\u0151 hivatali vezet\u0151 Mv.-en. R\u00e9szt vett az I. vh.-ban (1915\u2013), a 23. z\u00e1szl\u00f3ajjal a szerb, \u00e9s az olasz fronton harcolt, olasz fogs\u00e1gba esett, majd hazat\u00e9rte ut\u00e1n a nemzeti hadseregben harcolt (1919\u201320). Kit\u00fcntett\u00e9k. Irod.: Erd\u00e9lyi ezredek<\/p>\n","protected":false},"featured_media":0,"comment_status":"open","ping_status":"closed","template":"","meta":[],"product_brand":[],"product_cat":[137],"product_tag":[],"class_list":{"0":"post-7211","1":"product","2":"type-product","3":"status-publish","5":"product_cat-maros-megyei-eletrajzi-lexikon","7":"first","8":"instock","9":"shipping-taxable","10":"product-type-simple"},"_links":{"self":[{"href":"https:\/\/uj.adatbank.ro\/lexikon\/wp-json\/wp\/v2\/product\/7211","targetHints":{"allow":["GET"]}}],"collection":[{"href":"https:\/\/uj.adatbank.ro\/lexikon\/wp-json\/wp\/v2\/product"}],"about":[{"href":"https:\/\/uj.adatbank.ro\/lexikon\/wp-json\/wp\/v2\/types\/product"}],"replies":[{"embeddable":true,"href":"https:\/\/uj.adatbank.ro\/lexikon\/wp-json\/wp\/v2\/comments?post=7211"}],"wp:attachment":[{"href":"https:\/\/uj.adatbank.ro\/lexikon\/wp-json\/wp\/v2\/media?parent=7211"}],"wp:term":[{"taxonomy":"product_brand","embeddable":true,"href":"https:\/\/uj.adatbank.ro\/lexikon\/wp-json\/wp\/v2\/product_brand?post=7211"},{"taxonomy":"product_cat","embeddable":true,"href":"https:\/\/uj.adatbank.ro\/lexikon\/wp-json\/wp\/v2\/product_cat?post=7211"},{"taxonomy":"product_tag","embeddable":true,"href":"https:\/\/uj.adatbank.ro\/lexikon\/wp-json\/wp\/v2\/product_tag?post=7211"}],"curies":[{"name":"wp","href":"https:\/\/api.w.org\/{rel}","templated":true}]}}

EGYED József, §

<p>Beszterce, 1897., † ? : hivatalnok. – Mértékhitelesítő hivatali vezető Mv.-en. Részt vett az I. vh.-ban (1915–), a 23. zászlóajjal a szerb, és az olasz fronton harcolt, olasz fogságba esett, majd hazatérte után a nemzeti hadseregben harcolt (1919–20). Kitüntették. <br /><strong>Irod.:</strong> Erdélyi ezredek</br></p>

<p>Beszterce, 1897., † ? : hivatalnok. – Mértékhitelesítő hivatali vezető Mv.-en. Részt vett az I. vh.-ban (1915–), a 23. zászlóajjal a szerb, és az olasz fronton harcolt, olasz fogságba esett, majd hazatérte után a nemzeti hadseregben harcolt (1919–20). Kitüntették. Irod.: Erdélyi ezredek</p>
