{"id":7212,"date":"2025-06-28T18:18:41","date_gmt":"2025-06-28T16:18:41","guid":{"rendered":"https:\/\/uj.adatbank.ro\/lexikon\/termek\/egyed-lenke-fekete-oszkarne\/"},"modified":"2025-06-28T18:18:41","modified_gmt":"2025-06-28T16:18:41","slug":"egyed-lenke-fekete-oszkarne","status":"publish","type":"product","link":"https:\/\/uj.adatbank.ro\/lexikon\/termek\/egyed-lenke-fekete-oszkarne\/","title":{"rendered":"EGYED Lenke, Fekete Oszk\u00e1rn\u00e9"},"content":{"rendered":"<p>Mv., 1881. nov. 4., \u2020\u00a0? : sz\u00edn\u00e9szn\u0151, \u00edr\u00f3. \u2013 P\u00e1ly\u00e1j\u00e1t Krecs\u00e1ny Ign\u00e1c sz\u00ednt\u00e1rsulat\u00e1n\u00e1l kezdte (1898. okt. 1.). Vid\u00e9ken szerepelt: Miskolcon (1913\u201314), Debrecenben (1914\u201322), P\u00e9csett (1922\u201323), Szegeden (1924\u201332). Ezut\u00e1n Bp.-en \u00e9lt \u00e9s j\u00e1tszott (1943\u2013) a M. M\u0171sz\u00ednk\u00f6rben, az \u00daj Th\u00e1lia, a Bethlen t\u00e9ri, a V\u00e1rosi Sz\u00ednh\u00e1z el\u0151ad\u00e1sain, a Belv\u00e1rosi Sz\u00ednh\u00e1zban, a F\u0151v\u00e1rosi Operettsz\u00ednh\u00e1z tagja volt (1941\u201342), a Mad\u00e1ch Sz\u00ednh\u00e1z\u00e9 (1942\u201344). A M. N\u00e9phadsereg Sz\u00ednh\u00e1z\u00e1ban m\u00e9g sz\u00ednpadra l\u00e9pett (1957). Komikak\u00e9nt kezdte p\u00e1ly\u00e1j\u00e1t, majd jellemszerepeket j\u00e1tszott. \u2013 <strong>F. m.:<\/strong> A kutyafejes gy\u0171r\u0171 (Bp., 1938). \u2013 <strong>F. sz.:<\/strong> Korl\u00e1th gr\u00f3fn\u0151 (Szirmai A.: M\u00e1gn\u00e1s Miska); Clytemnestra (Offenbach: Sz\u00e9p Hel\u00e9na); Csap\u00f3n\u00e9 (T\u00f3th E.: A falu rossza); B\u00f6b\u00e9kn\u00e9 (Kodol\u00e1nyi J.: F\u00f6ldindul\u00e1s); Balogn\u00e9 (Darvas J.: Szakad\u00e9k). <br \/><strong>Irod.:<\/strong> Guly\u00e1s; MSZL, MSz\u00ednL, Rugonfalvi Kiss<\/br><\/p>\n","protected":false},"excerpt":{"rendered":"<p>Mv., 1881. nov. 4., \u2020\u00a0? : sz\u00edn\u00e9szn\u0151, \u00edr\u00f3. \u2013 P\u00e1ly\u00e1j\u00e1t Krecs\u00e1ny Ign\u00e1c sz\u00ednt\u00e1rsulat\u00e1n\u00e1l kezdte (1898. okt. 1.). Vid\u00e9ken szerepelt: Miskolcon (1913\u201314), Debrecenben (1914\u201322), P\u00e9csett (1922\u201323), Szegeden (1924\u201332). Ezut\u00e1n Bp.-en \u00e9lt \u00e9s j\u00e1tszott (1943\u2013) a M. M\u0171sz\u00ednk\u00f6rben, az \u00daj Th\u00e1lia, a Bethlen t\u00e9ri, a V\u00e1rosi Sz\u00ednh\u00e1z el\u0151ad\u00e1sain, a Belv\u00e1rosi Sz\u00ednh\u00e1zban, a F\u0151v\u00e1rosi Operettsz\u00ednh\u00e1z tagja volt (1941\u201342), [&hellip;]<\/p>\n","protected":false},"featured_media":0,"comment_status":"open","ping_status":"closed","template":"","meta":[],"product_brand":[],"product_cat":[137],"product_tag":[],"class_list":{"0":"post-7212","1":"product","2":"type-product","3":"status-publish","5":"product_cat-maros-megyei-eletrajzi-lexikon","7":"first","8":"instock","9":"shipping-taxable","10":"product-type-simple"},"_links":{"self":[{"href":"https:\/\/uj.adatbank.ro\/lexikon\/wp-json\/wp\/v2\/product\/7212","targetHints":{"allow":["GET"]}}],"collection":[{"href":"https:\/\/uj.adatbank.ro\/lexikon\/wp-json\/wp\/v2\/product"}],"about":[{"href":"https:\/\/uj.adatbank.ro\/lexikon\/wp-json\/wp\/v2\/types\/product"}],"replies":[{"embeddable":true,"href":"https:\/\/uj.adatbank.ro\/lexikon\/wp-json\/wp\/v2\/comments?post=7212"}],"wp:attachment":[{"href":"https:\/\/uj.adatbank.ro\/lexikon\/wp-json\/wp\/v2\/media?parent=7212"}],"wp:term":[{"taxonomy":"product_brand","embeddable":true,"href":"https:\/\/uj.adatbank.ro\/lexikon\/wp-json\/wp\/v2\/product_brand?post=7212"},{"taxonomy":"product_cat","embeddable":true,"href":"https:\/\/uj.adatbank.ro\/lexikon\/wp-json\/wp\/v2\/product_cat?post=7212"},{"taxonomy":"product_tag","embeddable":true,"href":"https:\/\/uj.adatbank.ro\/lexikon\/wp-json\/wp\/v2\/product_tag?post=7212"}],"curies":[{"name":"wp","href":"https:\/\/api.w.org\/{rel}","templated":true}]}}

EGYED Lenke, Fekete Oszkárné

<p>Mv., 1881. nov. 4., † ? : színésznő, író. – Pályáját Krecsány Ignác színtársulatánál kezdte (1898. okt. 1.). Vidéken szerepelt: Miskolcon (1913–14), Debrecenben (1914–22), Pécsett (1922–23), Szegeden (1924–32). Ezután Bp.-en élt és játszott (1943–) a M. Műszínkörben, az Új Thália, a Bethlen téri, a Városi Színház előadásain, a Belvárosi Színházban, a Fővárosi Operettszínház tagja volt (1941–42), a Madách Színházé (1942–44). A M. Néphadsereg Színházában még színpadra lépett (1957). Komikaként kezdte pályáját, majd jellemszerepeket játszott. – <strong>F. m.:</strong> A kutyafejes gyűrű (Bp., 1938). – <strong>F. sz.:</strong> Korláth grófnő (Szirmai A.: Mágnás Miska); Clytemnestra (Offenbach: Szép Heléna); Csapóné (Tóth E.: A falu rossza); Böbékné (Kodolányi J.: Földindulás); Balogné (Darvas J.: Szakadék). <br /><strong>Irod.:</strong> Gulyás; MSZL, MSzínL, Rugonfalvi Kiss</br></p>

<p>Mv., 1881. nov. 4., † ? : színésznő, író. – Pályáját Krecsány Ignác színtársulatánál kezdte (1898. okt. 1.). Vidéken szerepelt: Miskolcon (1913–14), Debrecenben (1914–22), Pécsett (1922–23), Szegeden (1924–32). Ezután Bp.-en élt és játszott (1943–) a M. Műszínkörben, az Új Thália, a Bethlen téri, a Városi Színház előadásain, a Belvárosi Színházban, a Fővárosi Operettszínház tagja volt (1941–42), [&hellip;]</p>
