{"id":7219,"date":"2025-06-28T18:19:00","date_gmt":"2025-06-28T16:19:00","guid":{"rendered":"https:\/\/uj.adatbank.ro\/lexikon\/termek\/ehrlich-geza\/"},"modified":"2025-06-28T18:19:00","modified_gmt":"2025-06-28T16:19:00","slug":"ehrlich-geza","status":"publish","type":"product","link":"https:\/\/uj.adatbank.ro\/lexikon\/termek\/ehrlich-geza\/","title":{"rendered":"EHRLICH G\u00e9za"},"content":{"rendered":"<p>Resica, 1890. febr. 15., \u2020\u00a0Bp., 1968. nov. 26.: f\u0151hadnagy. \u2013 Az elemi \u00e9s gimn.-i szt\u00e1lyokat Kv.-on kezdte (1896), Sz\u00e1szv\u00e1roson folytatta \u00e9s ott \u00e9retts\u00e9gizett (1897\u20131908). A Ludovika Akad.-\u00e1n v\u00e9gzett (1911) \u00e9s mint hadnagy ker\u00fclt a mv.-i 9. honv\u00e9d husz\u00e1rezredhez. Szamos\u00fajv\u00e1rra helyezt\u00e9k. F\u0151hadnaggy\u00e1 l\u00e9ptett\u00e9k el\u0151 a hadm\u0171veleti ter\u00fcleten (1914. aug. 1.). Az ezrede fogs\u00e1gba esett (1916. j\u00fan. 6.). Sz\u00e1zadosi kinevez\u00e9st kapott (1917. nov. 1.\u2013). K\u00e9t t\u00e1rs\u00e1val megsz\u00f6k\u00f6tt (1918. \u00e1pr. 10.), \u00e9s a n\u00e9metekhez csatlakozott. Medgyesen, Debrecenben, majd a sz\u00e9kely husz\u00e1roszt\u00e1lyban teljes\u00edtett szolg\u00e1latot. Volt vez\u00e9rkai \u0151rnagy (1928), husz\u00e1rsz\u00e1zad parancsnok (1930), harc\u00e1szati tan\u00e1r, alezredes, ezredes (1938), kik\u00e9pz\u00e9si el\u0151ad\u00f3, ezredparancsnok (1940), vez\u00e9r\u0151rnagy (1943), nyug\u00e1llom\u00e1nyba vonult (1944. m\u00e1rc.), 25 \u00e9v k\u00e9nyszermunk\u00e1ra it\u00e9lte a szovjet katonai b\u00edr\u00f3s\u00e1g (1943\u201355. nov.), \u00fajra beb\u0151rt\u00f6nzt\u00e9k a j\u00e1szber\u00e9nyi katonai b\u00f6rt\u00f6nbe (1955\u201356. j\u00fan.). Napl\u00f3i \u00e9s feljegyz\u00e9sei, \u00f6n\u00e9letrajza a m. kir. mv.-i 9. honv\u00e9d husz\u00e1rezred t\u00f6rt\u00e9net\u00e9t ismerteti (1911\u201319). <br \/><strong>Irod.:<\/strong> Koszta<\/br><\/p>\n","protected":false},"excerpt":{"rendered":"<p>Resica, 1890. febr. 15., \u2020\u00a0Bp., 1968. nov. 26.: f\u0151hadnagy. \u2013 Az elemi \u00e9s gimn.-i szt\u00e1lyokat Kv.-on kezdte (1896), Sz\u00e1szv\u00e1roson folytatta \u00e9s ott \u00e9retts\u00e9gizett (1897\u20131908). A Ludovika Akad.-\u00e1n v\u00e9gzett (1911) \u00e9s mint hadnagy ker\u00fclt a mv.-i 9. honv\u00e9d husz\u00e1rezredhez. Szamos\u00fajv\u00e1rra helyezt\u00e9k. F\u0151hadnaggy\u00e1 l\u00e9ptett\u00e9k el\u0151 a hadm\u0171veleti ter\u00fcleten (1914. aug. 1.). Az ezrede fogs\u00e1gba esett (1916. j\u00fan. [&hellip;]<\/p>\n","protected":false},"featured_media":0,"comment_status":"open","ping_status":"closed","template":"","meta":[],"product_brand":[],"product_cat":[137],"product_tag":[],"class_list":{"0":"post-7219","1":"product","2":"type-product","3":"status-publish","5":"product_cat-maros-megyei-eletrajzi-lexikon","7":"first","8":"instock","9":"shipping-taxable","10":"product-type-simple"},"_links":{"self":[{"href":"https:\/\/uj.adatbank.ro\/lexikon\/wp-json\/wp\/v2\/product\/7219","targetHints":{"allow":["GET"]}}],"collection":[{"href":"https:\/\/uj.adatbank.ro\/lexikon\/wp-json\/wp\/v2\/product"}],"about":[{"href":"https:\/\/uj.adatbank.ro\/lexikon\/wp-json\/wp\/v2\/types\/product"}],"replies":[{"embeddable":true,"href":"https:\/\/uj.adatbank.ro\/lexikon\/wp-json\/wp\/v2\/comments?post=7219"}],"wp:attachment":[{"href":"https:\/\/uj.adatbank.ro\/lexikon\/wp-json\/wp\/v2\/media?parent=7219"}],"wp:term":[{"taxonomy":"product_brand","embeddable":true,"href":"https:\/\/uj.adatbank.ro\/lexikon\/wp-json\/wp\/v2\/product_brand?post=7219"},{"taxonomy":"product_cat","embeddable":true,"href":"https:\/\/uj.adatbank.ro\/lexikon\/wp-json\/wp\/v2\/product_cat?post=7219"},{"taxonomy":"product_tag","embeddable":true,"href":"https:\/\/uj.adatbank.ro\/lexikon\/wp-json\/wp\/v2\/product_tag?post=7219"}],"curies":[{"name":"wp","href":"https:\/\/api.w.org\/{rel}","templated":true}]}}

EHRLICH Géza

<p>Resica, 1890. febr. 15., † Bp., 1968. nov. 26.: főhadnagy. – Az elemi és gimn.-i sztályokat Kv.-on kezdte (1896), Szászvároson folytatta és ott érettségizett (1897–1908). A Ludovika Akad.-án végzett (1911) és mint hadnagy került a mv.-i 9. honvéd huszárezredhez. Szamosújvárra helyezték. Főhadnaggyá léptették elő a hadműveleti területen (1914. aug. 1.). Az ezrede fogságba esett (1916. jún. 6.). Századosi kinevezést kapott (1917. nov. 1.–). Két társával megszökött (1918. ápr. 10.), és a németekhez csatlakozott. Medgyesen, Debrecenben, majd a székely huszárosztályban teljesített szolgálatot. Volt vezérkai őrnagy (1928), huszárszázad parancsnok (1930), harcászati tanár, alezredes, ezredes (1938), kiképzési előadó, ezredparancsnok (1940), vezérőrnagy (1943), nyugállományba vonult (1944. márc.), 25 év kényszermunkára itélte a szovjet katonai bíróság (1943–55. nov.), újra bebőrtönzték a jászberényi katonai börtönbe (1955–56. jún.). Naplói és feljegyzései, önéletrajza a m. kir. mv.-i 9. honvéd huszárezred történetét ismerteti (1911–19). <br /><strong>Irod.:</strong> Koszta</br></p>

<p>Resica, 1890. febr. 15., † Bp., 1968. nov. 26.: főhadnagy. – Az elemi és gimn.-i sztályokat Kv.-on kezdte (1896), Szászvároson folytatta és ott érettségizett (1897–1908). A Ludovika Akad.-án végzett (1911) és mint hadnagy került a mv.-i 9. honvéd huszárezredhez. Szamosújvárra helyezték. Főhadnaggyá léptették elő a hadműveleti területen (1914. aug. 1.). Az ezrede fogságba esett (1916. jún. [&hellip;]</p>
