{"id":7221,"date":"2025-06-28T18:19:04","date_gmt":"2025-06-28T16:19:04","guid":{"rendered":"https:\/\/uj.adatbank.ro\/lexikon\/termek\/eisenburg-janos\/"},"modified":"2025-06-28T18:19:04","modified_gmt":"2025-06-28T16:19:04","slug":"eisenburg-janos","status":"publish","type":"product","link":"https:\/\/uj.adatbank.ro\/lexikon\/termek\/eisenburg-janos\/","title":{"rendered":"EISENBURG J\u00e1nos"},"content":{"rendered":"<p>? \u2020\u00a0? : sz\u00edjgy\u00e1rt\u00f3. \u2013 Segesv\u00e1ron \u00f6n\u00e1ll\u00f3 b\u0151ripari v\u00e1llalkoz\u00f3. Sz\u00edjgy\u00e1rt\u00f3 munk\u00e1kat export\u00e1lt Rom\u00e1ni\u00e1ba (1860\u2013). <br \/><strong>Irod.:<\/strong> R\u00e9thy Dezs\u0151<\/br><\/p>\n","protected":false},"excerpt":{"rendered":"<p>? \u2020\u00a0? : sz\u00edjgy\u00e1rt\u00f3. \u2013 Segesv\u00e1ron \u00f6n\u00e1ll\u00f3 b\u0151ripari v\u00e1llalkoz\u00f3. Sz\u00edjgy\u00e1rt\u00f3 munk\u00e1kat export\u00e1lt Rom\u00e1ni\u00e1ba (1860\u2013). Irod.: R\u00e9thy Dezs\u0151<\/p>\n","protected":false},"featured_media":0,"comment_status":"open","ping_status":"closed","template":"","meta":[],"product_brand":[],"product_cat":[137],"product_tag":[],"class_list":{"0":"post-7221","1":"product","2":"type-product","3":"status-publish","5":"product_cat-maros-megyei-eletrajzi-lexikon","7":"first","8":"instock","9":"shipping-taxable","10":"product-type-simple"},"_links":{"self":[{"href":"https:\/\/uj.adatbank.ro\/lexikon\/wp-json\/wp\/v2\/product\/7221","targetHints":{"allow":["GET"]}}],"collection":[{"href":"https:\/\/uj.adatbank.ro\/lexikon\/wp-json\/wp\/v2\/product"}],"about":[{"href":"https:\/\/uj.adatbank.ro\/lexikon\/wp-json\/wp\/v2\/types\/product"}],"replies":[{"embeddable":true,"href":"https:\/\/uj.adatbank.ro\/lexikon\/wp-json\/wp\/v2\/comments?post=7221"}],"wp:attachment":[{"href":"https:\/\/uj.adatbank.ro\/lexikon\/wp-json\/wp\/v2\/media?parent=7221"}],"wp:term":[{"taxonomy":"product_brand","embeddable":true,"href":"https:\/\/uj.adatbank.ro\/lexikon\/wp-json\/wp\/v2\/product_brand?post=7221"},{"taxonomy":"product_cat","embeddable":true,"href":"https:\/\/uj.adatbank.ro\/lexikon\/wp-json\/wp\/v2\/product_cat?post=7221"},{"taxonomy":"product_tag","embeddable":true,"href":"https:\/\/uj.adatbank.ro\/lexikon\/wp-json\/wp\/v2\/product_tag?post=7221"}],"curies":[{"name":"wp","href":"https:\/\/api.w.org\/{rel}","templated":true}]}}