{"id":7223,"date":"2025-06-28T18:19:09","date_gmt":"2025-06-28T16:19:09","guid":{"rendered":"https:\/\/uj.adatbank.ro\/lexikon\/termek\/eisenburger-martinus-martin\/"},"modified":"2025-06-28T18:19:09","modified_gmt":"2025-06-28T16:19:09","slug":"eisenburger-martinus-martin","status":"publish","type":"product","link":"https:\/\/uj.adatbank.ro\/lexikon\/termek\/eisenburger-martinus-martin\/","title":{"rendered":"EISENBURGER Martinus, Martin"},"content":{"rendered":"<p>? \u2020 1640.: polg\u00e1rmester, segesv\u00e1ri polg\u00e1r. \u2013 E. Johann segesv\u00e1ri kir\u00e1lyb\u00edr\u00f3 \u00e9s polg\u00e1rmester fia. \u2013 Segesv\u00e1ri polg\u00e1r, folnagy (1608), sz\u00e9kb\u00edr\u00f3 (1616), esk\u00fcdt (1617), kir\u00e1lyb\u00edr\u00f3 (1678), alpolg\u00e1rmester (1622), polg\u00e1rmester (1619, 1621, 1624\u201325, 1628\u201332, 1636). A r\u00e9gi latin iskol\u00e1t felk\u00f6lt\u00f6ztett\u00e9k a hegyre egy r\u00e9gebbi \u00e9p\u00fcletbe (1606-07), az m\u00e1r nem bizonyult el\u00e9g nagynak \u00e9s ez\u00e9rt Hartmann Simon rektorral egy\u00fctt a m\u00e1r meglev\u0151 r\u00e9gi hegyi gimn.-i \u00e9p\u00fclethez egy \u00faj sz\u00e1rnyat emeltetett: Naye Schul (1619). Innen ered a segesv\u00e1ri hegynek, a Schlossbergnek, ahol az \u0151si v\u00e1r is \u00e1llott, Schulberg (Iskolahegy) neve, a gimn.-ot pedig Bergschulenak nevezik ma is. Hogy k\u00f6nnyebben lehessen megk\u00f6zel\u00edteni, fedett l\u00e9pcs\u0151sort \u00e9p\u00edtettek hozz\u00e1 Schultreppe (1654), amely ma is a v\u00e1ros egyik turistacsalogat\u00f3ja. <br \/><strong>Irod.:<\/strong> Ajtay L\u00e1szl\u00f3: H\u00e1ny \u00e9ves is a segesv\u00e1ri Bergschule? (N\u00fa., 1997. okt. 21.); Kraus: Erd\u00e9lyi kr\u00f3nika; Sighi\u015foara<\/br><\/p>\n","protected":false},"excerpt":{"rendered":"<p>? \u2020 1640.: polg\u00e1rmester, segesv\u00e1ri polg\u00e1r. \u2013 E. Johann segesv\u00e1ri kir\u00e1lyb\u00edr\u00f3 \u00e9s polg\u00e1rmester fia. \u2013 Segesv\u00e1ri polg\u00e1r, folnagy (1608), sz\u00e9kb\u00edr\u00f3 (1616), esk\u00fcdt (1617), kir\u00e1lyb\u00edr\u00f3 (1678), alpolg\u00e1rmester (1622), polg\u00e1rmester (1619, 1621, 1624\u201325, 1628\u201332, 1636). A r\u00e9gi latin iskol\u00e1t felk\u00f6lt\u00f6ztett\u00e9k a hegyre egy r\u00e9gebbi \u00e9p\u00fcletbe (1606-07), az m\u00e1r nem bizonyult el\u00e9g nagynak \u00e9s ez\u00e9rt Hartmann Simon rektorral [&hellip;]<\/p>\n","protected":false},"featured_media":0,"comment_status":"open","ping_status":"closed","template":"","meta":[],"product_brand":[],"product_cat":[137],"product_tag":[],"class_list":{"0":"post-7223","1":"product","2":"type-product","3":"status-publish","5":"product_cat-maros-megyei-eletrajzi-lexikon","7":"first","8":"instock","9":"shipping-taxable","10":"product-type-simple"},"_links":{"self":[{"href":"https:\/\/uj.adatbank.ro\/lexikon\/wp-json\/wp\/v2\/product\/7223","targetHints":{"allow":["GET"]}}],"collection":[{"href":"https:\/\/uj.adatbank.ro\/lexikon\/wp-json\/wp\/v2\/product"}],"about":[{"href":"https:\/\/uj.adatbank.ro\/lexikon\/wp-json\/wp\/v2\/types\/product"}],"replies":[{"embeddable":true,"href":"https:\/\/uj.adatbank.ro\/lexikon\/wp-json\/wp\/v2\/comments?post=7223"}],"wp:attachment":[{"href":"https:\/\/uj.adatbank.ro\/lexikon\/wp-json\/wp\/v2\/media?parent=7223"}],"wp:term":[{"taxonomy":"product_brand","embeddable":true,"href":"https:\/\/uj.adatbank.ro\/lexikon\/wp-json\/wp\/v2\/product_brand?post=7223"},{"taxonomy":"product_cat","embeddable":true,"href":"https:\/\/uj.adatbank.ro\/lexikon\/wp-json\/wp\/v2\/product_cat?post=7223"},{"taxonomy":"product_tag","embeddable":true,"href":"https:\/\/uj.adatbank.ro\/lexikon\/wp-json\/wp\/v2\/product_tag?post=7223"}],"curies":[{"name":"wp","href":"https:\/\/api.w.org\/{rel}","templated":true}]}}

<p>? † 1640.: polgármester, segesvári polgár. – E. Johann segesvári királybíró és polgármester fia. – Segesvári polgár, folnagy (1608), székbíró (1616), esküdt (1617), királybíró (1678), alpolgármester (1622), polgármester (1619, 1621, 1624–25, 1628–32, 1636). A régi latin iskolát felköltöztették a hegyre egy régebbi épületbe (1606-07), az már nem bizonyult elég nagynak és ezért Hartmann Simon rektorral együtt a már meglevő régi hegyi gimn.-i épülethez egy új szárnyat emeltetett: Naye Schul (1619). Innen ered a segesvári hegynek, a Schlossbergnek, ahol az ősi vár is állott, Schulberg (Iskolahegy) neve, a gimn.-ot pedig Bergschulenak nevezik ma is. Hogy könnyebben lehessen megközelíteni, fedett lépcsősort építettek hozzá Schultreppe (1654), amely ma is a város egyik turistacsalogatója. <br /><strong>Irod.:</strong> Ajtay László: Hány éves is a segesvári Bergschule? (Nú., 1997. okt. 21.); Kraus: Erdélyi krónika; Sighişoara</br></p>

<p>? † 1640.: polgármester, segesvári polgár. – E. Johann segesvári királybíró és polgármester fia. – Segesvári polgár, folnagy (1608), székbíró (1616), esküdt (1617), királybíró (1678), alpolgármester (1622), polgármester (1619, 1621, 1624–25, 1628–32, 1636). A régi latin iskolát felköltöztették a hegyre egy régebbi épületbe (1606-07), az már nem bizonyult elég nagynak és ezért Hartmann Simon rektorral [&hellip;]</p>
