{"id":7225,"date":"2025-06-28T18:19:11","date_gmt":"2025-06-28T16:19:11","guid":{"rendered":"https:\/\/uj.adatbank.ro\/lexikon\/termek\/eisenhut-imre-%c2%a7\/"},"modified":"2025-06-28T18:19:11","modified_gmt":"2025-06-28T16:19:11","slug":"eisenhut-imre-%c2%a7","status":"publish","type":"product","link":"https:\/\/uj.adatbank.ro\/lexikon\/termek\/eisenhut-imre-%c2%a7\/","title":{"rendered":"EISENHUT Imre, \u00a7"},"content":{"rendered":"<p>Mv., 1896, \u2020 ? : tisztvisel\u0151. \u2013 Feles\u00e9ge: M\u00e9der Ilka (1755-Mv., 1890. jan. 3.). \u2013 Mv.-en bankc\u00e9gjegyz\u0151. R\u00e9szt vett az I. vh.-ban (1915\u201318), a 62. gy. ezreddel az orosz fronton harcolt, mint t\u0171z\u00e9rf\u0151hadnagy szerelt le kit\u00fcntet\u00e9sekkel. Sportolni kezdet az MTC-ben \u2013 korcsolya, s\u00ed \u00e9s tenisz sport\u00e1gakban (1918\u2013), v\u00e1lasztm\u00e1nyi tag (1919\u2013). A vezet\u0151s\u00e9ggel kar\u00f6ltve nagy k\u00fczdelmet folytatott a sport klubb \u00e9letben tart\u00e1s\u00e1\u00e9rt. <br \/><strong>Irod.:<\/strong> Erd\u00e9lyi ezredek; Gy\u00e1szjelent.; Pluh\u00e1r<\/br><\/p>\n","protected":false},"excerpt":{"rendered":"<p>Mv., 1896, \u2020 ? : tisztvisel\u0151. \u2013 Feles\u00e9ge: M\u00e9der Ilka (1755-Mv., 1890. jan. 3.). \u2013 Mv.-en bankc\u00e9gjegyz\u0151. R\u00e9szt vett az I. vh.-ban (1915\u201318), a 62. gy. ezreddel az orosz fronton harcolt, mint t\u0171z\u00e9rf\u0151hadnagy szerelt le kit\u00fcntet\u00e9sekkel. Sportolni kezdet az MTC-ben \u2013 korcsolya, s\u00ed \u00e9s tenisz sport\u00e1gakban (1918\u2013), v\u00e1lasztm\u00e1nyi tag (1919\u2013). A vezet\u0151s\u00e9ggel kar\u00f6ltve nagy k\u00fczdelmet [&hellip;]<\/p>\n","protected":false},"featured_media":0,"comment_status":"open","ping_status":"closed","template":"","meta":[],"product_brand":[],"product_cat":[137],"product_tag":[],"class_list":{"0":"post-7225","1":"product","2":"type-product","3":"status-publish","5":"product_cat-maros-megyei-eletrajzi-lexikon","7":"first","8":"instock","9":"shipping-taxable","10":"product-type-simple"},"_links":{"self":[{"href":"https:\/\/uj.adatbank.ro\/lexikon\/wp-json\/wp\/v2\/product\/7225","targetHints":{"allow":["GET"]}}],"collection":[{"href":"https:\/\/uj.adatbank.ro\/lexikon\/wp-json\/wp\/v2\/product"}],"about":[{"href":"https:\/\/uj.adatbank.ro\/lexikon\/wp-json\/wp\/v2\/types\/product"}],"replies":[{"embeddable":true,"href":"https:\/\/uj.adatbank.ro\/lexikon\/wp-json\/wp\/v2\/comments?post=7225"}],"wp:attachment":[{"href":"https:\/\/uj.adatbank.ro\/lexikon\/wp-json\/wp\/v2\/media?parent=7225"}],"wp:term":[{"taxonomy":"product_brand","embeddable":true,"href":"https:\/\/uj.adatbank.ro\/lexikon\/wp-json\/wp\/v2\/product_brand?post=7225"},{"taxonomy":"product_cat","embeddable":true,"href":"https:\/\/uj.adatbank.ro\/lexikon\/wp-json\/wp\/v2\/product_cat?post=7225"},{"taxonomy":"product_tag","embeddable":true,"href":"https:\/\/uj.adatbank.ro\/lexikon\/wp-json\/wp\/v2\/product_tag?post=7225"}],"curies":[{"name":"wp","href":"https:\/\/api.w.org\/{rel}","templated":true}]}}