{"id":7230,"date":"2025-06-28T18:19:21","date_gmt":"2025-06-28T16:19:21","guid":{"rendered":"https:\/\/uj.adatbank.ro\/lexikon\/termek\/eitel-viktor-adolf\/"},"modified":"2025-06-28T18:19:21","modified_gmt":"2025-06-28T16:19:21","slug":"eitel-viktor-adolf","status":"publish","type":"product","link":"https:\/\/uj.adatbank.ro\/lexikon\/termek\/eitel-viktor-adolf\/","title":{"rendered":"EITEL Viktor Adolf"},"content":{"rendered":"<p>Nagysink, 1845. \u00e1pr.20., \u2020\u00a0Szeben, 1924. febr. 23.: ev. lelk\u00e9sz. \u2013 A gimn.-ot Segesv\u00e1ron, az egyetemet Heidelbergben (1863\u2013) \u00e9s J\u00e9n\u00e1ban a Hittud. Karon v\u00e9gezte (1865\u201366). Hazat\u00e9rve egy ideig a br. Szentkereszthy csal\u00e1dn\u00e1l nevel\u0151sk\u00f6d\u00f6tt, azut\u00e1n az erd\u00e9lyi ev. sz\u00e1sz p\u00fcsp\u00f6ki hivatal tisztvisel\u0151je lett. A segesv\u00e1ri Ev. Gimn. t\u00f6rt\u00e9nelemtan\u00e1ra (1869\u201380). H\u00e9tf\u0151i pr\u00e9dik\u00e1tor (1876\u2013), majd a segesv\u00e1ri le\u00e1nyisk. igazgat\u00f3ja. Lelk\u00e9sz Sz\u00e1szszentl\u00e1szl\u00f3n (1880\u201386), Szent\u00e1got\u00e1n (1886\u20131903); p\u00e1rtonkiv\u00fcli programmal a szent\u00e1gotai ker\u00fclet ogy.-i k\u00e9pvisel\u0151je. Nyugalomba vonul\u00e1sa ut\u00e1n Szebenbe k\u00f6lt\u00f6z\u00f6tt. Cikkeit k\u00f6z\u00f6lte a\u00a0: Kirchl. Bl\u00e4tter, Aus. D. Vergangenheit u. Gegenwart d.k.fr. Marktes Agneteln, P. Nap\u00f3, Korrenpondenzbl. \u2013 <strong>F. m.:<\/strong> Festpredigt&#8230; bei Gelegenh. D. Hauptversamlung d. Gustav Adolf Veezines&#8230; in Bistritz (Nagyszeben, 1897); D. s\u00e4chsische Handwerk u. d. neue Gewerbegesetz-Entwurf (K\u0151halom, 1909). <br \/><strong>Irod.:<\/strong> Guly\u00e1s; Szab\u00f3\u2013Simon\u2013Sz\u00f6gi<\/br><\/p>\n","protected":false},"excerpt":{"rendered":"<p>Nagysink, 1845. \u00e1pr.20., \u2020\u00a0Szeben, 1924. febr. 23.: ev. lelk\u00e9sz. \u2013 A gimn.-ot Segesv\u00e1ron, az egyetemet Heidelbergben (1863\u2013) \u00e9s J\u00e9n\u00e1ban a Hittud. Karon v\u00e9gezte (1865\u201366). Hazat\u00e9rve egy ideig a br. Szentkereszthy csal\u00e1dn\u00e1l nevel\u0151sk\u00f6d\u00f6tt, azut\u00e1n az erd\u00e9lyi ev. sz\u00e1sz p\u00fcsp\u00f6ki hivatal tisztvisel\u0151je lett. A segesv\u00e1ri Ev. Gimn. t\u00f6rt\u00e9nelemtan\u00e1ra (1869\u201380). H\u00e9tf\u0151i pr\u00e9dik\u00e1tor (1876\u2013), majd a segesv\u00e1ri le\u00e1nyisk. igazgat\u00f3ja. [&hellip;]<\/p>\n","protected":false},"featured_media":0,"comment_status":"open","ping_status":"closed","template":"","meta":[],"product_brand":[],"product_cat":[137],"product_tag":[],"class_list":{"0":"post-7230","1":"product","2":"type-product","3":"status-publish","5":"product_cat-maros-megyei-eletrajzi-lexikon","7":"first","8":"instock","9":"shipping-taxable","10":"product-type-simple"},"_links":{"self":[{"href":"https:\/\/uj.adatbank.ro\/lexikon\/wp-json\/wp\/v2\/product\/7230","targetHints":{"allow":["GET"]}}],"collection":[{"href":"https:\/\/uj.adatbank.ro\/lexikon\/wp-json\/wp\/v2\/product"}],"about":[{"href":"https:\/\/uj.adatbank.ro\/lexikon\/wp-json\/wp\/v2\/types\/product"}],"replies":[{"embeddable":true,"href":"https:\/\/uj.adatbank.ro\/lexikon\/wp-json\/wp\/v2\/comments?post=7230"}],"wp:attachment":[{"href":"https:\/\/uj.adatbank.ro\/lexikon\/wp-json\/wp\/v2\/media?parent=7230"}],"wp:term":[{"taxonomy":"product_brand","embeddable":true,"href":"https:\/\/uj.adatbank.ro\/lexikon\/wp-json\/wp\/v2\/product_brand?post=7230"},{"taxonomy":"product_cat","embeddable":true,"href":"https:\/\/uj.adatbank.ro\/lexikon\/wp-json\/wp\/v2\/product_cat?post=7230"},{"taxonomy":"product_tag","embeddable":true,"href":"https:\/\/uj.adatbank.ro\/lexikon\/wp-json\/wp\/v2\/product_tag?post=7230"}],"curies":[{"name":"wp","href":"https:\/\/api.w.org\/{rel}","templated":true}]}}

<p>Nagysink, 1845. ápr.20., † Szeben, 1924. febr. 23.: ev. lelkész. – A gimn.-ot Segesváron, az egyetemet Heidelbergben (1863–) és Jénában a Hittud. Karon végezte (1865–66). Hazatérve egy ideig a br. Szentkereszthy családnál nevelősködött, azután az erdélyi ev. szász püspöki hivatal tisztviselője lett. A segesvári Ev. Gimn. történelemtanára (1869–80). Hétfői prédikátor (1876–), majd a segesvári leányisk. igazgatója. Lelkész Szászszentlászlón (1880–86), Szentágotán (1886–1903); pártonkivüli programmal a szentágotai kerület ogy.-i képviselője. Nyugalomba vonulása után Szebenbe költözött. Cikkeit közölte a : Kirchl. Blätter, Aus. D. Vergangenheit u. Gegenwart d.k.fr. Marktes Agneteln, P. Napó, Korrenpondenzbl. – <strong>F. m.:</strong> Festpredigt&#8230; bei Gelegenh. D. Hauptversamlung d. Gustav Adolf Veezines&#8230; in Bistritz (Nagyszeben, 1897); D. sächsische Handwerk u. d. neue Gewerbegesetz-Entwurf (Kőhalom, 1909). <br /><strong>Irod.:</strong> Gulyás; Szabó–Simon–Szögi</br></p>

<p>Nagysink, 1845. ápr.20., † Szeben, 1924. febr. 23.: ev. lelkész. – A gimn.-ot Segesváron, az egyetemet Heidelbergben (1863–) és Jénában a Hittud. Karon végezte (1865–66). Hazatérve egy ideig a br. Szentkereszthy családnál nevelősködött, azután az erdélyi ev. szász püspöki hivatal tisztviselője lett. A segesvári Ev. Gimn. történelemtanára (1869–80). Hétfői prédikátor (1876–), majd a segesvári leányisk. igazgatója. [&hellip;]</p>
