{"id":7231,"date":"2025-06-28T18:19:22","date_gmt":"2025-06-28T16:19:22","guid":{"rendered":"https:\/\/uj.adatbank.ro\/lexikon\/termek\/eizikovits-karoly\/"},"modified":"2025-06-28T18:19:22","modified_gmt":"2025-06-28T16:19:22","slug":"eizikovits-karoly","status":"publish","type":"product","link":"https:\/\/uj.adatbank.ro\/lexikon\/termek\/eizikovits-karoly\/","title":{"rendered":"EIZIKOVITS K\u00e1roly"},"content":{"rendered":"<p>Maross\u00e1rpatak, 1897., \u2020\u00a0? : orvos. -Maross\u00e1rpataki k\u00f6rorvos, dr. R\u00e9szt vett az I. vh.-ban, bevonult az 50. kir. gyalog ezredhez Gyulafeh\u00e9rv\u00e1rra (1915), a rom\u00e1n frontra vez\u00e9nyelt\u00e9k a 29. t\u00e1bori menetsz\u00e1zaddal (1917), ahol sz\u00e1mos csat\u00e1roz\u00e1sban vett r\u00e9szt. A K\u00e1roly Csapatkereszt tulajdonosa. A II. vh. idej\u00e9n (1944 tavasz\u00e1n) a mv.-i \u2013i gett\u00f3ba vitt\u00e9k, a falu \u00e9rtelmis\u00e9ge \u00f6sszefogott, hogy mengments\u00e9k, de minden er\u0151fesz\u00edt\u00e9s ellen\u00e9re deport\u00e1lt\u00e1k. \u00c9desanyja, feles\u00e9ge, k\u00e9t gyermeke lelte hal\u00e1l\u00e1t a g\u00e1zkamr\u00e1kban. \u0150 megmenek\u00fclt. <br \/><strong>Irod.:<\/strong> Berekm\u00e9ri\u2013G\u00e1lfi<\/br><\/p>\n","protected":false},"excerpt":{"rendered":"<p>Maross\u00e1rpatak, 1897., \u2020\u00a0? : orvos. -Maross\u00e1rpataki k\u00f6rorvos, dr. R\u00e9szt vett az I. vh.-ban, bevonult az 50. kir. gyalog ezredhez Gyulafeh\u00e9rv\u00e1rra (1915), a rom\u00e1n frontra vez\u00e9nyelt\u00e9k a 29. t\u00e1bori menetsz\u00e1zaddal (1917), ahol sz\u00e1mos csat\u00e1roz\u00e1sban vett r\u00e9szt. A K\u00e1roly Csapatkereszt tulajdonosa. A II. vh. idej\u00e9n (1944 tavasz\u00e1n) a mv.-i \u2013i gett\u00f3ba vitt\u00e9k, a falu \u00e9rtelmis\u00e9ge \u00f6sszefogott, hogy [&hellip;]<\/p>\n","protected":false},"featured_media":0,"comment_status":"open","ping_status":"closed","template":"","meta":[],"product_brand":[],"product_cat":[137],"product_tag":[],"class_list":{"0":"post-7231","1":"product","2":"type-product","3":"status-publish","5":"product_cat-maros-megyei-eletrajzi-lexikon","7":"first","8":"instock","9":"shipping-taxable","10":"product-type-simple"},"_links":{"self":[{"href":"https:\/\/uj.adatbank.ro\/lexikon\/wp-json\/wp\/v2\/product\/7231","targetHints":{"allow":["GET"]}}],"collection":[{"href":"https:\/\/uj.adatbank.ro\/lexikon\/wp-json\/wp\/v2\/product"}],"about":[{"href":"https:\/\/uj.adatbank.ro\/lexikon\/wp-json\/wp\/v2\/types\/product"}],"replies":[{"embeddable":true,"href":"https:\/\/uj.adatbank.ro\/lexikon\/wp-json\/wp\/v2\/comments?post=7231"}],"wp:attachment":[{"href":"https:\/\/uj.adatbank.ro\/lexikon\/wp-json\/wp\/v2\/media?parent=7231"}],"wp:term":[{"taxonomy":"product_brand","embeddable":true,"href":"https:\/\/uj.adatbank.ro\/lexikon\/wp-json\/wp\/v2\/product_brand?post=7231"},{"taxonomy":"product_cat","embeddable":true,"href":"https:\/\/uj.adatbank.ro\/lexikon\/wp-json\/wp\/v2\/product_cat?post=7231"},{"taxonomy":"product_tag","embeddable":true,"href":"https:\/\/uj.adatbank.ro\/lexikon\/wp-json\/wp\/v2\/product_tag?post=7231"}],"curies":[{"name":"wp","href":"https:\/\/api.w.org\/{rel}","templated":true}]}}

EIZIKOVITS Károly

<p>Marossárpatak, 1897., † ? : orvos. -Marossárpataki körorvos, dr. Részt vett az I. vh.-ban, bevonult az 50. kir. gyalog ezredhez Gyulafehérvárra (1915), a román frontra vezényelték a 29. tábori menetszázaddal (1917), ahol számos csatározásban vett részt. A Károly Csapatkereszt tulajdonosa. A II. vh. idején (1944 tavaszán) a mv.-i –i gettóba vitték, a falu értelmisége összefogott, hogy mengmentsék, de minden erőfeszítés ellenére deportálták. Édesanyja, felesége, két gyermeke lelte halálát a gázkamrákban. Ő megmenekült. <br /><strong>Irod.:</strong> Berekméri–Gálfi</br></p>

<p>Marossárpatak, 1897., † ? : orvos. -Marossárpataki körorvos, dr. Részt vett az I. vh.-ban, bevonult az 50. kir. gyalog ezredhez Gyulafehérvárra (1915), a román frontra vezényelték a 29. tábori menetszázaddal (1917), ahol számos csatározásban vett részt. A Károly Csapatkereszt tulajdonosa. A II. vh. idején (1944 tavaszán) a mv.-i –i gettóba vitték, a falu értelmisége összefogott, hogy [&hellip;]</p>
