{"id":7233,"date":"2025-06-28T18:19:26","date_gmt":"2025-06-28T16:19:26","guid":{"rendered":"https:\/\/uj.adatbank.ro\/lexikon\/termek\/eleches-grigore-elekes-gergely-elekes-gregoriu\/"},"modified":"2025-06-28T18:19:26","modified_gmt":"2025-06-28T16:19:26","slug":"eleches-grigore-elekes-gergely-elekes-gregoriu","status":"publish","type":"product","link":"https:\/\/uj.adatbank.ro\/lexikon\/termek\/eleches-grigore-elekes-gergely-elekes-gregoriu\/","title":{"rendered":"ELECHE\u015e Grigore, Elekes Gergely, Elekes Gregoriu"},"content":{"rendered":"<p>Mez\u0151velk\u00e9r, 1820., \u2020 Gyulafeh\u00e9rv\u00e1r, 1886.: g\u00f6r. kat. pap. \u2013 K\u00f6z\u00e9piskolai tanulm\u00e1nyait Bal\u00e1zsfalv\u00e1n, Mv.-en, \u00e9s Kv.-on, a teol\u00f3gi\u00e1t Bal\u00e1zsfalv\u00e1n (1843) v\u00e9gezte. Tan\u00edtott Bal\u00e1zsfalv\u00e1n (1842\u201344); pl\u00e9b\u00e1nos Mez\u0151velk\u00e9ren (1844\u201348\u00a0?); \u00fajra Bal\u00e1zsfalv\u00e1n tan\u00edtott majd uo. pl\u00e9b\u00e1nos volt (1848 ut\u00e1n). Mez\u0151szentm\u00e1rtonban pl\u00e9b\u00e1nos (1857\u201365) \u00e9s esperes (1865\u201370). Egyik tan\u00fcgyr\u0151l sz\u00f3l\u00f3 jelent\u00e9s\u00e9ben k\u00e9rte a Sz\u00e1szr\u00e9gen vid\u00e9ki rom\u00e1n oktat\u00e1s csak szakk\u00e9pzett taner\u0151kkel t\u00f6rt\u00e9nj\u00e9k. Ez\u00e9rt s\u00fcrgette a tan\u00edt\u00f3k\u00e9pz\u0151 megalak\u00edt\u00e1s\u00e1t, a taner\u0151k fizet\u00e9s\u00e9nek \u00e1llami biztos\u00edt\u00e1s\u00e1t, jobb tanul\u00e1si \u00e9s tan\u00edt\u00e1si felt\u00e9telek megteremt\u00e9s\u00e9t (1858). Gyulafeh\u00e9rv\u00e1ron esperes \u00e9s pl\u00e9b\u00e1nos (1870\u201386). <br \/><strong>Irod.:<\/strong> Chiorean 2008; Com\u015fa; Com\u015fa\u2013Seiceanu<\/br><\/p>\n","protected":false},"excerpt":{"rendered":"<p>Mez\u0151velk\u00e9r, 1820., \u2020 Gyulafeh\u00e9rv\u00e1r, 1886.: g\u00f6r. kat. pap. \u2013 K\u00f6z\u00e9piskolai tanulm\u00e1nyait Bal\u00e1zsfalv\u00e1n, Mv.-en, \u00e9s Kv.-on, a teol\u00f3gi\u00e1t Bal\u00e1zsfalv\u00e1n (1843) v\u00e9gezte. Tan\u00edtott Bal\u00e1zsfalv\u00e1n (1842\u201344); pl\u00e9b\u00e1nos Mez\u0151velk\u00e9ren (1844\u201348\u00a0?); \u00fajra Bal\u00e1zsfalv\u00e1n tan\u00edtott majd uo. pl\u00e9b\u00e1nos volt (1848 ut\u00e1n). Mez\u0151szentm\u00e1rtonban pl\u00e9b\u00e1nos (1857\u201365) \u00e9s esperes (1865\u201370). Egyik tan\u00fcgyr\u0151l sz\u00f3l\u00f3 jelent\u00e9s\u00e9ben k\u00e9rte a Sz\u00e1szr\u00e9gen vid\u00e9ki rom\u00e1n oktat\u00e1s csak szakk\u00e9pzett taner\u0151kkel t\u00f6rt\u00e9nj\u00e9k. [&hellip;]<\/p>\n","protected":false},"featured_media":0,"comment_status":"open","ping_status":"closed","template":"","meta":[],"product_brand":[],"product_cat":[137],"product_tag":[],"class_list":{"0":"post-7233","1":"product","2":"type-product","3":"status-publish","5":"product_cat-maros-megyei-eletrajzi-lexikon","7":"first","8":"instock","9":"shipping-taxable","10":"product-type-simple"},"_links":{"self":[{"href":"https:\/\/uj.adatbank.ro\/lexikon\/wp-json\/wp\/v2\/product\/7233","targetHints":{"allow":["GET"]}}],"collection":[{"href":"https:\/\/uj.adatbank.ro\/lexikon\/wp-json\/wp\/v2\/product"}],"about":[{"href":"https:\/\/uj.adatbank.ro\/lexikon\/wp-json\/wp\/v2\/types\/product"}],"replies":[{"embeddable":true,"href":"https:\/\/uj.adatbank.ro\/lexikon\/wp-json\/wp\/v2\/comments?post=7233"}],"wp:attachment":[{"href":"https:\/\/uj.adatbank.ro\/lexikon\/wp-json\/wp\/v2\/media?parent=7233"}],"wp:term":[{"taxonomy":"product_brand","embeddable":true,"href":"https:\/\/uj.adatbank.ro\/lexikon\/wp-json\/wp\/v2\/product_brand?post=7233"},{"taxonomy":"product_cat","embeddable":true,"href":"https:\/\/uj.adatbank.ro\/lexikon\/wp-json\/wp\/v2\/product_cat?post=7233"},{"taxonomy":"product_tag","embeddable":true,"href":"https:\/\/uj.adatbank.ro\/lexikon\/wp-json\/wp\/v2\/product_tag?post=7233"}],"curies":[{"name":"wp","href":"https:\/\/api.w.org\/{rel}","templated":true}]}}

ELECHEŞ Grigore, Elekes Gergely, Elekes Gregoriu

<p>Mezővelkér, 1820., † Gyulafehérvár, 1886.: gör. kat. pap. – Középiskolai tanulmányait Balázsfalván, Mv.-en, és Kv.-on, a teológiát Balázsfalván (1843) végezte. Tanított Balázsfalván (1842–44); plébános Mezővelkéren (1844–48 ?); újra Balázsfalván tanított majd uo. plébános volt (1848 után). Mezőszentmártonban plébános (1857–65) és esperes (1865–70). Egyik tanügyről szóló jelentésében kérte a Szászrégen vidéki román oktatás csak szakképzett tanerőkkel történjék. Ezért sürgette a tanítóképző megalakítását, a tanerők fizetésének állami biztosítását, jobb tanulási és tanítási feltételek megteremtését (1858). Gyulafehérváron esperes és plébános (1870–86). <br /><strong>Irod.:</strong> Chiorean 2008; Comşa; Comşa–Seiceanu</br></p>

<p>Mezővelkér, 1820., † Gyulafehérvár, 1886.: gör. kat. pap. – Középiskolai tanulmányait Balázsfalván, Mv.-en, és Kv.-on, a teológiát Balázsfalván (1843) végezte. Tanított Balázsfalván (1842–44); plébános Mezővelkéren (1844–48 ?); újra Balázsfalván tanított majd uo. plébános volt (1848 után). Mezőszentmártonban plébános (1857–65) és esperes (1865–70). Egyik tanügyről szóló jelentésében kérte a Szászrégen vidéki román oktatás csak szakképzett tanerőkkel történjék. [&hellip;]</p>
