{"id":7235,"date":"2025-06-28T18:19:33","date_gmt":"2025-06-28T16:19:33","guid":{"rendered":"https:\/\/uj.adatbank.ro\/lexikon\/termek\/elek-barna-elek-matei-barna\/"},"modified":"2025-06-28T18:19:33","modified_gmt":"2025-06-28T16:19:33","slug":"elek-barna-elek-matei-barna","status":"publish","type":"product","link":"https:\/\/uj.adatbank.ro\/lexikon\/termek\/elek-barna-elek-matei-barna\/","title":{"rendered":"ELEK Barna, Elek Matei-Barna"},"content":{"rendered":"<p>Mv., 1948.szept.15.\u2020 Mv., 2015.m\u00e1j.16.: \u00e1llatorvos, politikus.-E. M\u00e1rton, k\u00f6zgazd\u00e1sz \u00e9s Anna Margit tisztvisel\u0151 fia. Feles\u00e9ge: Judit, fogorvos. Gyermekeik: Andr\u00e1s (1977) \u00e9s Annam\u00e1ria(1981).\u2013 Buk.-ben v\u00e9gezte az \u00e1llatorvosi egyetemi tanulm\u00e1nyait (1971). K\u00f6rzeti \u00e1llatorvos Szentp\u00e1lon \u00e9s Marosugr\u00e1n. A Marosszentgy\u00f6rgyi Kis\u00e9rleti \u00c1llom\u00e1s tudom\u00e1nyos kutat\u00f3ja. Gernyeszegen vezet\u0151 \u00e1llatorvos (1979\u201382). A mv.-i M\u00e9ntelep igazgat\u00f3ja. Tanulm\u00e1nyait a hazai \u00e9s magyao.-i szaklapok k\u00f6z\u00f6lt\u00e9k. Az RMDSZ megyei eln\u00f6ks\u00e9gi tagja, parlamenti k\u00e9pvisel\u0151 (1992\u20132000 betegnyugd\u00edjaz\u00e1s\u00e1ig), a Rom\u00e1n L\u00f3sz\u00f6vets\u00e9g V\u00e9grehajt\u00f3 Bizotts\u00e1g\u00e1nak tagja, a Bethleni Rom\u00e1n \u00c1llatorvosok Egyes\u00fclete \u00e9s a Rom\u00e1n Magyar \u00c1llatorvosok Egyes\u00fclet\u00e9nek tagja.Lovas szaktan\u00e1csad\u00f3 rom\u00e1n j\u00e1t\u00e9kfilmekben: Capcana mercenarilor, 1978; Mircea, 1988; Coroana de foc, 1989; Intrarea \u00een tunel, 1994; <br \/><strong>Irod.:<\/strong> Emkk 2000; EMKK2010<\/br><\/p>\n","protected":false},"excerpt":{"rendered":"<p>Mv., 1948.szept.15.\u2020 Mv., 2015.m\u00e1j.16.: \u00e1llatorvos, politikus.-E. M\u00e1rton, k\u00f6zgazd\u00e1sz \u00e9s Anna Margit tisztvisel\u0151 fia. Feles\u00e9ge: Judit, fogorvos. Gyermekeik: Andr\u00e1s (1977) \u00e9s Annam\u00e1ria(1981).\u2013 Buk.-ben v\u00e9gezte az \u00e1llatorvosi egyetemi tanulm\u00e1nyait (1971). K\u00f6rzeti \u00e1llatorvos Szentp\u00e1lon \u00e9s Marosugr\u00e1n. A Marosszentgy\u00f6rgyi Kis\u00e9rleti \u00c1llom\u00e1s tudom\u00e1nyos kutat\u00f3ja. Gernyeszegen vezet\u0151 \u00e1llatorvos (1979\u201382). A mv.-i M\u00e9ntelep igazgat\u00f3ja. Tanulm\u00e1nyait a hazai \u00e9s magyao.-i szaklapok k\u00f6z\u00f6lt\u00e9k. Az [&hellip;]<\/p>\n","protected":false},"featured_media":0,"comment_status":"open","ping_status":"closed","template":"","meta":[],"product_brand":[],"product_cat":[137],"product_tag":[],"class_list":{"0":"post-7235","1":"product","2":"type-product","3":"status-publish","5":"product_cat-maros-megyei-eletrajzi-lexikon","7":"first","8":"instock","9":"shipping-taxable","10":"product-type-simple"},"_links":{"self":[{"href":"https:\/\/uj.adatbank.ro\/lexikon\/wp-json\/wp\/v2\/product\/7235","targetHints":{"allow":["GET"]}}],"collection":[{"href":"https:\/\/uj.adatbank.ro\/lexikon\/wp-json\/wp\/v2\/product"}],"about":[{"href":"https:\/\/uj.adatbank.ro\/lexikon\/wp-json\/wp\/v2\/types\/product"}],"replies":[{"embeddable":true,"href":"https:\/\/uj.adatbank.ro\/lexikon\/wp-json\/wp\/v2\/comments?post=7235"}],"wp:attachment":[{"href":"https:\/\/uj.adatbank.ro\/lexikon\/wp-json\/wp\/v2\/media?parent=7235"}],"wp:term":[{"taxonomy":"product_brand","embeddable":true,"href":"https:\/\/uj.adatbank.ro\/lexikon\/wp-json\/wp\/v2\/product_brand?post=7235"},{"taxonomy":"product_cat","embeddable":true,"href":"https:\/\/uj.adatbank.ro\/lexikon\/wp-json\/wp\/v2\/product_cat?post=7235"},{"taxonomy":"product_tag","embeddable":true,"href":"https:\/\/uj.adatbank.ro\/lexikon\/wp-json\/wp\/v2\/product_tag?post=7235"}],"curies":[{"name":"wp","href":"https:\/\/api.w.org\/{rel}","templated":true}]}}

<p>Mv., 1948.szept.15.† Mv., 2015.máj.16.: állatorvos, politikus.-E. Márton, közgazdász és Anna Margit tisztviselő fia. Felesége: Judit, fogorvos. Gyermekeik: András (1977) és Annamária(1981).– Buk.-ben végezte az állatorvosi egyetemi tanulmányait (1971). Körzeti állatorvos Szentpálon és Marosugrán. A Marosszentgyörgyi Kisérleti Állomás tudományos kutatója. Gernyeszegen vezető állatorvos (1979–82). A mv.-i Méntelep igazgatója. Tanulmányait a hazai és magyao.-i szaklapok közölték. Az RMDSZ megyei elnökségi tagja, parlamenti képviselő (1992–2000 betegnyugdíjazásáig), a Román Lószövetség Végrehajtó Bizottságának tagja, a Bethleni Román Állatorvosok Egyesülete és a Román Magyar Állatorvosok Egyesületének tagja.Lovas szaktanácsadó román játékfilmekben: Capcana mercenarilor, 1978; Mircea, 1988; Coroana de foc, 1989; Intrarea în tunel, 1994; <br /><strong>Irod.:</strong> Emkk 2000; EMKK2010</br></p>

<p>Mv., 1948.szept.15.† Mv., 2015.máj.16.: állatorvos, politikus.-E. Márton, közgazdász és Anna Margit tisztviselő fia. Felesége: Judit, fogorvos. Gyermekeik: András (1977) és Annamária(1981).– Buk.-ben végezte az állatorvosi egyetemi tanulmányait (1971). Körzeti állatorvos Szentpálon és Marosugrán. A Marosszentgyörgyi Kisérleti Állomás tudományos kutatója. Gernyeszegen vezető állatorvos (1979–82). A mv.-i Méntelep igazgatója. Tanulmányait a hazai és magyao.-i szaklapok közölték. Az [&hellip;]</p>
