{"id":7248,"date":"2025-06-28T18:20:09","date_gmt":"2025-06-28T16:20:09","guid":{"rendered":"https:\/\/uj.adatbank.ro\/lexikon\/termek\/elekes-bela-2\/"},"modified":"2025-06-28T18:20:09","modified_gmt":"2025-06-28T16:20:09","slug":"elekes-bela-2","status":"publish","type":"product","link":"https:\/\/uj.adatbank.ro\/lexikon\/termek\/elekes-bela-2\/","title":{"rendered":"ELEKES B\u00e9la"},"content":{"rendered":"<p>G\u00f6cs, 1903., ? \u2020 Mv., 1988. okt. 11.: \u00e1llatorvos. \u2013 Apja l\u00e9vitapap \u00e9s k\u00e1ntortan\u00edt\u00f3 G\u00f6csben. \u2013 Sz\u00fcl\u0151faluj\u00e1ban kezdte tanulm\u00e1nyait, majd a mv.-i Ref. Koll. tanul\u00f3ja \u00e9s az intern\u00e1tus lak\u00f3ja lett, azut\u00e1n Sz\u00e9kelykereszt\u00faron folytatta tanulm\u00e1nyait \u00e9s ott \u00e9retts\u00e9gizett. Meg\u00edrta visszaeml\u00e9kez\u00e9seit, epiz\u00f3dokat az \u00e9let\u00e9b\u0151l, hadi\u00e9lm\u00e9nyeit (1945. m\u00e1rc.-ig). A securitate megfigyeltette (1961 k.). \u2013 <strong>F. m.:<\/strong> \u00c9n is \u00e9ltem (Mv., 1999). <br \/><strong>Irod.:<\/strong> Bartos 2012; [Nekrol\u00f3g](V. Z., 1988. okt. 12.)<\/br><\/p>\n","protected":false},"excerpt":{"rendered":"<p>G\u00f6cs, 1903., ? \u2020 Mv., 1988. okt. 11.: \u00e1llatorvos. \u2013 Apja l\u00e9vitapap \u00e9s k\u00e1ntortan\u00edt\u00f3 G\u00f6csben. \u2013 Sz\u00fcl\u0151faluj\u00e1ban kezdte tanulm\u00e1nyait, majd a mv.-i Ref. Koll. tanul\u00f3ja \u00e9s az intern\u00e1tus lak\u00f3ja lett, azut\u00e1n Sz\u00e9kelykereszt\u00faron folytatta tanulm\u00e1nyait \u00e9s ott \u00e9retts\u00e9gizett. Meg\u00edrta visszaeml\u00e9kez\u00e9seit, epiz\u00f3dokat az \u00e9let\u00e9b\u0151l, hadi\u00e9lm\u00e9nyeit (1945. m\u00e1rc.-ig). A securitate megfigyeltette (1961 k.). \u2013 F. m.: \u00c9n is [&hellip;]<\/p>\n","protected":false},"featured_media":0,"comment_status":"open","ping_status":"closed","template":"","meta":[],"product_brand":[],"product_cat":[137],"product_tag":[],"class_list":{"0":"post-7248","1":"product","2":"type-product","3":"status-publish","5":"product_cat-maros-megyei-eletrajzi-lexikon","7":"first","8":"instock","9":"shipping-taxable","10":"product-type-simple"},"_links":{"self":[{"href":"https:\/\/uj.adatbank.ro\/lexikon\/wp-json\/wp\/v2\/product\/7248","targetHints":{"allow":["GET"]}}],"collection":[{"href":"https:\/\/uj.adatbank.ro\/lexikon\/wp-json\/wp\/v2\/product"}],"about":[{"href":"https:\/\/uj.adatbank.ro\/lexikon\/wp-json\/wp\/v2\/types\/product"}],"replies":[{"embeddable":true,"href":"https:\/\/uj.adatbank.ro\/lexikon\/wp-json\/wp\/v2\/comments?post=7248"}],"wp:attachment":[{"href":"https:\/\/uj.adatbank.ro\/lexikon\/wp-json\/wp\/v2\/media?parent=7248"}],"wp:term":[{"taxonomy":"product_brand","embeddable":true,"href":"https:\/\/uj.adatbank.ro\/lexikon\/wp-json\/wp\/v2\/product_brand?post=7248"},{"taxonomy":"product_cat","embeddable":true,"href":"https:\/\/uj.adatbank.ro\/lexikon\/wp-json\/wp\/v2\/product_cat?post=7248"},{"taxonomy":"product_tag","embeddable":true,"href":"https:\/\/uj.adatbank.ro\/lexikon\/wp-json\/wp\/v2\/product_tag?post=7248"}],"curies":[{"name":"wp","href":"https:\/\/api.w.org\/{rel}","templated":true}]}}

ELEKES Béla

<p>Göcs, 1903., ? † Mv., 1988. okt. 11.: állatorvos. – Apja lévitapap és kántortanító Göcsben. – Szülőfalujában kezdte tanulmányait, majd a mv.-i Ref. Koll. tanulója és az internátus lakója lett, azután Székelykeresztúron folytatta tanulmányait és ott érettségizett. Megírta visszaemlékezéseit, epizódokat az életéből, hadiélményeit (1945. márc.-ig). A securitate megfigyeltette (1961 k.). – <strong>F. m.:</strong> Én is éltem (Mv., 1999). <br /><strong>Irod.:</strong> Bartos 2012; [Nekrológ](V. Z., 1988. okt. 12.)</br></p>

<p>Göcs, 1903., ? † Mv., 1988. okt. 11.: állatorvos. – Apja lévitapap és kántortanító Göcsben. – Szülőfalujában kezdte tanulmányait, majd a mv.-i Ref. Koll. tanulója és az internátus lakója lett, azután Székelykeresztúron folytatta tanulmányait és ott érettségizett. Megírta visszaemlékezéseit, epizódokat az életéből, hadiélményeit (1945. márc.-ig). A securitate megfigyeltette (1961 k.). – F. m.: Én is [&hellip;]</p>
