{"id":7249,"date":"2025-06-28T18:20:10","date_gmt":"2025-06-28T16:20:10","guid":{"rendered":"https:\/\/uj.adatbank.ro\/lexikon\/termek\/elekes-emma\/"},"modified":"2025-06-28T18:20:10","modified_gmt":"2025-06-28T16:20:10","slug":"elekes-emma","status":"publish","type":"product","link":"https:\/\/uj.adatbank.ro\/lexikon\/termek\/elekes-emma\/","title":{"rendered":"ELEKES Emma"},"content":{"rendered":"<p>Kolozsv\u00e1r, 1932 szept.17., \u2020 Mv., 2019.\u00e1pr.7.: sz\u00ednm\u0171v\u00e9sz. \u2013 Elekes J\u00f3zsef \u00e9s Horv\u00e1th Ir\u00e9n le\u00e1nya. F\u00e9rje Kov\u00e1cs Ferenc, rendez\u0151 (1951), a fi\u00fak Kov\u00e1cs Andr\u00e1s Ferenc (Szatm\u00e1r, 1959. j\u00fal. 17.\u2013) k\u00f6lt\u0151. \u2013 A Magyar M\u0171v\u00e9szeti Int\u00e9zetben folytatta tanulm\u00e1nyait \u00e9s v\u00e9gzett (1953). A nagyb\u00e1nyai \u00c1llami Sz\u00ednh\u00e1zban kezdte m\u0171v\u00e9szi munk\u00e1j\u00e1t (1953\u201356) \u00e9s a Szatm\u00e1ri Magyar Sz\u00ednh\u00e1z sz\u00edn\u00e9szn\u0151je nyugd\u00edjaz\u00e1s\u00e1ig. (1956\u20131990). Sikeres megszem\u00e9lyes\u00edt\u0151je t\u00f6bb mint 55 n\u0151i f\u0151szerepnek, 120-n\u00e1l t\u00f6bbnek, a vil\u00e1girodalom legnagyobb szerepeit alak\u00edtotta sikeresen. R\u00e9szes\u00fclt jeles elismer\u00e9sekben: Els\u0151 d\u00edj a buk.-i Sz\u00ednh\u00e1zi Fesztiv\u00e1lon (1958), a buk.-i Sz\u00ednh\u00e1zi Fesztiv\u00e1l III.d\u00edja (1962), a Kisv\u00e1rdai Fesztiv\u00e1l legjobb n\u0151i alak\u00edt\u00e1s d\u00edja (1993), Po\u00f3r Lili-d\u00edj (1994), Kisv\u00e1rdai Fesztiv\u00e1l \u00c9letm\u0171-d\u00edj (1995).Pr\u00e1ga (1966), Vars\u00f3 Gdansk (1974) \u00e9s EMKE-\u00e9letm\u0171 d\u00edj (1996). A Harag Gy\u00f6rgy T\u00e1rsulat \u00f6r\u00f6k\u00f6s tagja (2010\u2013).Nyugszik a mv.-i ref. temet\u0151ben. <br \/><strong>Irod.:<\/strong> Elhunyt Elekes Emma sz\u00edn\u00e9sz (Kr\u00f3nika, 2019. \u00e1pr.8.; N\u00fa., 2019.\u00e1pr.10.)<\/br><\/p>\n","protected":false},"excerpt":{"rendered":"<p>Kolozsv\u00e1r, 1932 szept.17., \u2020 Mv., 2019.\u00e1pr.7.: sz\u00ednm\u0171v\u00e9sz. \u2013 Elekes J\u00f3zsef \u00e9s Horv\u00e1th Ir\u00e9n le\u00e1nya. F\u00e9rje Kov\u00e1cs Ferenc, rendez\u0151 (1951), a fi\u00fak Kov\u00e1cs Andr\u00e1s Ferenc (Szatm\u00e1r, 1959. j\u00fal. 17.\u2013) k\u00f6lt\u0151. \u2013 A Magyar M\u0171v\u00e9szeti Int\u00e9zetben folytatta tanulm\u00e1nyait \u00e9s v\u00e9gzett (1953). A nagyb\u00e1nyai \u00c1llami Sz\u00ednh\u00e1zban kezdte m\u0171v\u00e9szi munk\u00e1j\u00e1t (1953\u201356) \u00e9s a Szatm\u00e1ri Magyar Sz\u00ednh\u00e1z sz\u00edn\u00e9szn\u0151je nyugd\u00edjaz\u00e1s\u00e1ig. (1956\u20131990). [&hellip;]<\/p>\n","protected":false},"featured_media":0,"comment_status":"open","ping_status":"closed","template":"","meta":[],"product_brand":[],"product_cat":[137],"product_tag":[],"class_list":{"0":"post-7249","1":"product","2":"type-product","3":"status-publish","5":"product_cat-maros-megyei-eletrajzi-lexikon","7":"first","8":"instock","9":"shipping-taxable","10":"product-type-simple"},"_links":{"self":[{"href":"https:\/\/uj.adatbank.ro\/lexikon\/wp-json\/wp\/v2\/product\/7249","targetHints":{"allow":["GET"]}}],"collection":[{"href":"https:\/\/uj.adatbank.ro\/lexikon\/wp-json\/wp\/v2\/product"}],"about":[{"href":"https:\/\/uj.adatbank.ro\/lexikon\/wp-json\/wp\/v2\/types\/product"}],"replies":[{"embeddable":true,"href":"https:\/\/uj.adatbank.ro\/lexikon\/wp-json\/wp\/v2\/comments?post=7249"}],"wp:attachment":[{"href":"https:\/\/uj.adatbank.ro\/lexikon\/wp-json\/wp\/v2\/media?parent=7249"}],"wp:term":[{"taxonomy":"product_brand","embeddable":true,"href":"https:\/\/uj.adatbank.ro\/lexikon\/wp-json\/wp\/v2\/product_brand?post=7249"},{"taxonomy":"product_cat","embeddable":true,"href":"https:\/\/uj.adatbank.ro\/lexikon\/wp-json\/wp\/v2\/product_cat?post=7249"},{"taxonomy":"product_tag","embeddable":true,"href":"https:\/\/uj.adatbank.ro\/lexikon\/wp-json\/wp\/v2\/product_tag?post=7249"}],"curies":[{"name":"wp","href":"https:\/\/api.w.org\/{rel}","templated":true}]}}

<p>Kolozsvár, 1932 szept.17., † Mv., 2019.ápr.7.: színművész. – Elekes József és Horváth Irén leánya. Férje Kovács Ferenc, rendező (1951), a fiúk Kovács András Ferenc (Szatmár, 1959. júl. 17.–) költő. – A Magyar Művészeti Intézetben folytatta tanulmányait és végzett (1953). A nagybányai Állami Színházban kezdte művészi munkáját (1953–56) és a Szatmári Magyar Színház színésznője nyugdíjazásáig. (1956–1990). Sikeres megszemélyesítője több mint 55 női főszerepnek, 120-nál többnek, a világirodalom legnagyobb szerepeit alakította sikeresen. Részesült jeles elismerésekben: Első díj a buk.-i Színházi Fesztiválon (1958), a buk.-i Színházi Fesztivál III.díja (1962), a Kisvárdai Fesztivál legjobb női alakítás díja (1993), Poór Lili-díj (1994), Kisvárdai Fesztivál Életmű-díj (1995).Prága (1966), Varsó Gdansk (1974) és EMKE-életmű díj (1996). A Harag György Társulat örökös tagja (2010–).Nyugszik a mv.-i ref. temetőben. <br /><strong>Irod.:</strong> Elhunyt Elekes Emma színész (Krónika, 2019. ápr.8.; Nú., 2019.ápr.10.)</br></p>

<p>Kolozsvár, 1932 szept.17., † Mv., 2019.ápr.7.: színművész. – Elekes József és Horváth Irén leánya. Férje Kovács Ferenc, rendező (1951), a fiúk Kovács András Ferenc (Szatmár, 1959. júl. 17.–) költő. – A Magyar Művészeti Intézetben folytatta tanulmányait és végzett (1953). A nagybányai Állami Színházban kezdte művészi munkáját (1953–56) és a Szatmári Magyar Színház színésznője nyugdíjazásáig. (1956–1990). [&hellip;]</p>
