{"id":7250,"date":"2025-06-28T18:20:11","date_gmt":"2025-06-28T16:20:11","guid":{"rendered":"https:\/\/uj.adatbank.ro\/lexikon\/termek\/elekes-gyorgy\/"},"modified":"2025-06-28T18:20:11","modified_gmt":"2025-06-28T16:20:11","slug":"elekes-gyorgy","status":"publish","type":"product","link":"https:\/\/uj.adatbank.ro\/lexikon\/termek\/elekes-gyorgy\/","title":{"rendered":"ELEKES Gy\u00f6rgy"},"content":{"rendered":"<p>1835.? \u2020\u00a0Abbazia, 1887. jan. 7. temet\u00e9se ideiglenesen Bp.-en.: ogy.-i k\u00e9pvisel\u0151. \u2013 Testv\u00e9rei: Mih\u00e1ly, feles\u00e9ge zeykfalvi Zeyk Katalin; Kl\u00e1ra Thorotzko-szentgy\u00f6rgyi Thorotzkay S\u00e1ndorn\u00e9; P\u00e1l, kir. curiai b\u00edr\u00f3, feles\u00e9ge K\u00e9nosi S\u00e1ndor Joz\u00e9fa; K\u00e1roly, feles\u00e9ge selyei Tolnay Roz\u00e1lia. Feles\u00e9ge: Wimmer Roz\u00e1lia. \u2013 Ogy.-i k\u00e9pvisel\u0151 (1869 \u00e1pr. 20 \u2013). <br \/><strong>Irod.:<\/strong> Bojthor Endre: Az 1869-ik \u00e9vi \u00e1pr. 20-ra \u00f6sszeh\u00edvott ogy. k\u00e9pvisel\u0151h\u00e1za tagjainak bet\u0171soros n\u00e9v- \u00e9s lak-jegyz\u00e9ke (Bp., 1872); Gy\u00e1szjelent\u0151<\/br><\/p>\n","protected":false},"excerpt":{"rendered":"<p>1835.? \u2020\u00a0Abbazia, 1887. jan. 7. temet\u00e9se ideiglenesen Bp.-en.: ogy.-i k\u00e9pvisel\u0151. \u2013 Testv\u00e9rei: Mih\u00e1ly, feles\u00e9ge zeykfalvi Zeyk Katalin; Kl\u00e1ra Thorotzko-szentgy\u00f6rgyi Thorotzkay S\u00e1ndorn\u00e9; P\u00e1l, kir. curiai b\u00edr\u00f3, feles\u00e9ge K\u00e9nosi S\u00e1ndor Joz\u00e9fa; K\u00e1roly, feles\u00e9ge selyei Tolnay Roz\u00e1lia. Feles\u00e9ge: Wimmer Roz\u00e1lia. \u2013 Ogy.-i k\u00e9pvisel\u0151 (1869 \u00e1pr. 20 \u2013). Irod.: Bojthor Endre: Az 1869-ik \u00e9vi \u00e1pr. 20-ra \u00f6sszeh\u00edvott ogy. k\u00e9pvisel\u0151h\u00e1za [&hellip;]<\/p>\n","protected":false},"featured_media":0,"comment_status":"open","ping_status":"closed","template":"","meta":[],"product_brand":[],"product_cat":[137],"product_tag":[],"class_list":{"0":"post-7250","1":"product","2":"type-product","3":"status-publish","5":"product_cat-maros-megyei-eletrajzi-lexikon","7":"first","8":"instock","9":"shipping-taxable","10":"product-type-simple"},"_links":{"self":[{"href":"https:\/\/uj.adatbank.ro\/lexikon\/wp-json\/wp\/v2\/product\/7250","targetHints":{"allow":["GET"]}}],"collection":[{"href":"https:\/\/uj.adatbank.ro\/lexikon\/wp-json\/wp\/v2\/product"}],"about":[{"href":"https:\/\/uj.adatbank.ro\/lexikon\/wp-json\/wp\/v2\/types\/product"}],"replies":[{"embeddable":true,"href":"https:\/\/uj.adatbank.ro\/lexikon\/wp-json\/wp\/v2\/comments?post=7250"}],"wp:attachment":[{"href":"https:\/\/uj.adatbank.ro\/lexikon\/wp-json\/wp\/v2\/media?parent=7250"}],"wp:term":[{"taxonomy":"product_brand","embeddable":true,"href":"https:\/\/uj.adatbank.ro\/lexikon\/wp-json\/wp\/v2\/product_brand?post=7250"},{"taxonomy":"product_cat","embeddable":true,"href":"https:\/\/uj.adatbank.ro\/lexikon\/wp-json\/wp\/v2\/product_cat?post=7250"},{"taxonomy":"product_tag","embeddable":true,"href":"https:\/\/uj.adatbank.ro\/lexikon\/wp-json\/wp\/v2\/product_tag?post=7250"}],"curies":[{"name":"wp","href":"https:\/\/api.w.org\/{rel}","templated":true}]}}

ELEKES György

<p>1835.? † Abbazia, 1887. jan. 7. temetése ideiglenesen Bp.-en.: ogy.-i képviselő. – Testvérei: Mihály, felesége zeykfalvi Zeyk Katalin; Klára Thorotzko-szentgyörgyi Thorotzkay Sándorné; Pál, kir. curiai bíró, felesége Kénosi Sándor Jozéfa; Károly, felesége selyei Tolnay Rozália. Felesége: Wimmer Rozália. – Ogy.-i képviselő (1869 ápr. 20 –). <br /><strong>Irod.:</strong> Bojthor Endre: Az 1869-ik évi ápr. 20-ra összehívott ogy. képviselőháza tagjainak betűsoros név- és lak-jegyzéke (Bp., 1872); Gyászjelentő</br></p>

<p>1835.? † Abbazia, 1887. jan. 7. temetése ideiglenesen Bp.-en.: ogy.-i képviselő. – Testvérei: Mihály, felesége zeykfalvi Zeyk Katalin; Klára Thorotzko-szentgyörgyi Thorotzkay Sándorné; Pál, kir. curiai bíró, felesége Kénosi Sándor Jozéfa; Károly, felesége selyei Tolnay Rozália. Felesége: Wimmer Rozália. – Ogy.-i képviselő (1869 ápr. 20 –). Irod.: Bojthor Endre: Az 1869-ik évi ápr. 20-ra összehívott ogy. képviselőháza [&hellip;]</p>
