{"id":7251,"date":"2025-06-28T18:20:13","date_gmt":"2025-06-28T16:20:13","guid":{"rendered":"https:\/\/uj.adatbank.ro\/lexikon\/termek\/elekes-gyorgy-k-k-elekes-gyorgy\/"},"modified":"2025-06-28T18:20:13","modified_gmt":"2025-06-28T16:20:13","slug":"elekes-gyorgy-k-k-elekes-gyorgy","status":"publish","type":"product","link":"https:\/\/uj.adatbank.ro\/lexikon\/termek\/elekes-gyorgy-k-k-elekes-gyorgy\/","title":{"rendered":"ELEKES Gy\u00f6rgy K., K. Elekes Gy\u00f6rgy"},"content":{"rendered":"<p>? \u2020\u00a0? : ref. lelk\u00e9sz. \u2013 Vajdaszentiv\u00e1nyon volt lelk\u00e9sz (1830\u201342). \u2013 <strong>F. m.:<\/strong> K\u00f6ny\u00f6rg\u00e9s mellyet k\u00e9sz\u00edtett a G\u00f6rg\u00e9nyi Sz. egyh\u00e1zi ker\u00fclet hodolati s egyes\u00fcleti hite let\u00e9tele alkalm\u00e1val fels\u0151bb parantsb\u00f3l a M. R\u00e9geni Ev. Reform\u00e1tusok templom\u00e1ban 1839.-dik \u00e9v j\u00faniussa 19. napj\u00e1n elmondott K. Elekes Gy\u00f6rgy V. Sz. Iv\u00e1nyi ev. ref. pap (Mv., 1839). <br \/><strong>Irod.:<\/strong> MMK; Vajdaszentiv\u00e1ny<\/br><\/p>\n","protected":false},"excerpt":{"rendered":"<p>? \u2020\u00a0? : ref. lelk\u00e9sz. \u2013 Vajdaszentiv\u00e1nyon volt lelk\u00e9sz (1830\u201342). \u2013 F. m.: K\u00f6ny\u00f6rg\u00e9s mellyet k\u00e9sz\u00edtett a G\u00f6rg\u00e9nyi Sz. egyh\u00e1zi ker\u00fclet hodolati s egyes\u00fcleti hite let\u00e9tele alkalm\u00e1val fels\u0151bb parantsb\u00f3l a M. R\u00e9geni Ev. Reform\u00e1tusok templom\u00e1ban 1839.-dik \u00e9v j\u00faniussa 19. napj\u00e1n elmondott K. Elekes Gy\u00f6rgy V. Sz. Iv\u00e1nyi ev. ref. pap (Mv., 1839). Irod.: MMK; Vajdaszentiv\u00e1ny<\/p>\n","protected":false},"featured_media":0,"comment_status":"open","ping_status":"closed","template":"","meta":[],"product_brand":[],"product_cat":[137],"product_tag":[],"class_list":{"0":"post-7251","1":"product","2":"type-product","3":"status-publish","5":"product_cat-maros-megyei-eletrajzi-lexikon","7":"first","8":"instock","9":"shipping-taxable","10":"product-type-simple"},"_links":{"self":[{"href":"https:\/\/uj.adatbank.ro\/lexikon\/wp-json\/wp\/v2\/product\/7251","targetHints":{"allow":["GET"]}}],"collection":[{"href":"https:\/\/uj.adatbank.ro\/lexikon\/wp-json\/wp\/v2\/product"}],"about":[{"href":"https:\/\/uj.adatbank.ro\/lexikon\/wp-json\/wp\/v2\/types\/product"}],"replies":[{"embeddable":true,"href":"https:\/\/uj.adatbank.ro\/lexikon\/wp-json\/wp\/v2\/comments?post=7251"}],"wp:attachment":[{"href":"https:\/\/uj.adatbank.ro\/lexikon\/wp-json\/wp\/v2\/media?parent=7251"}],"wp:term":[{"taxonomy":"product_brand","embeddable":true,"href":"https:\/\/uj.adatbank.ro\/lexikon\/wp-json\/wp\/v2\/product_brand?post=7251"},{"taxonomy":"product_cat","embeddable":true,"href":"https:\/\/uj.adatbank.ro\/lexikon\/wp-json\/wp\/v2\/product_cat?post=7251"},{"taxonomy":"product_tag","embeddable":true,"href":"https:\/\/uj.adatbank.ro\/lexikon\/wp-json\/wp\/v2\/product_tag?post=7251"}],"curies":[{"name":"wp","href":"https:\/\/api.w.org\/{rel}","templated":true}]}}