{"id":7254,"date":"2025-06-28T18:20:19","date_gmt":"2025-06-28T16:20:19","guid":{"rendered":"https:\/\/uj.adatbank.ro\/lexikon\/termek\/elekes-istvan-lajos%c2%a7\/"},"modified":"2025-06-28T18:20:19","modified_gmt":"2025-06-28T16:20:19","slug":"elekes-istvan-lajos%c2%a7","status":"publish","type":"product","link":"https:\/\/uj.adatbank.ro\/lexikon\/termek\/elekes-istvan-lajos%c2%a7\/","title":{"rendered":"ELEKES Istv\u00e1n Lajos\u00a7"},"content":{"rendered":"<p>Nagyenyed, 1910. aug. 26., \u2020\u00a0Mv., 1986. m\u00e1j. 20.: orvos, seb\u00e9sz. \u2013 E. Viktor tan\u00e1r \u00e9s Dancs Ida fia. Sz\u00fcl\u0151v\u00e1ros\u00e1ban a Bethlen Koll.-ban \u00e9retts\u00e9gizett, Kv.-on orvosi egyetemen v\u00e9gzett (1938). Fiatal orvosk\u00e9nt ker\u00fclt a mv.-i Czak\u00f3 szanat\u00f3riumba, seb\u00e9sz szakorvosi vizsg\u00e1t tett Kv.-on (1939). Katona (1939\u201340), majd folytatta seb\u00e9szorvosi tev\u00e9kenys\u00e9g\u00e9t Mv.-en az \u00e1llami k\u00f3rh\u00e1zban (1940\u201345), a Seb\u00e9szeti Klinikl\u00e1n (1945\u201348), a Betegseg\u00e9lyez\u0151n\u00e9l (1948\u201350). Gyakornok, majd tan\u00e1rseg\u00e9d a MOGYI-n (1950\u201352). Az er\u0151s\u00f6d\u0151 oszt\u00e1lyharc k\u00f6vetkezt\u00e9ben megsz\u00fcntett\u00e9k oktat\u00f3i tev\u00e9kenys\u00e9g\u00e9t. T\u00f6bb vid\u00e9ki k\u00f3rh\u00e1zban folytatta munk\u00e1j\u00e1t: Szentkeresztb\u00e1ny\u00e1n (1952\u201354) k\u00f3rh\u00e1zat \u00e9p\u00edtett, majd Cs\u00edkszentm\u00e1rtonban volt orvos (1954\u201358), a mv.-i Ment\u0151\u00e1llom\u00e1son dolgozott (1960\u201370), majd seb\u00e9sz nyugd\u00edjaz\u00e1s\u00e1ig a mv.-i megyei klinik\u00e1n (1973\u201377). \u2013 <strong>F. m.:<\/strong> Contribu\u0163iuni la studiul radiologic al rachitismului (Kv., 1938); <strong>t\u00e1rssz.:<\/strong> Seb\u00e9szeti jegyzet. 1. k\u00f6t. (Mv., 1953) <br \/><strong>Irod.:<\/strong> csal\u00e1di inf., Guly\u00e1s; [Nekrol\u00f3g] (V. Z., 1986. m\u00e1j. 22.); Kiss\u2013P\u00e9terffy\u2013P\u00e9terffy<\/br><\/p>\n","protected":false},"excerpt":{"rendered":"<p>Nagyenyed, 1910. aug. 26., \u2020\u00a0Mv., 1986. m\u00e1j. 20.: orvos, seb\u00e9sz. \u2013 E. Viktor tan\u00e1r \u00e9s Dancs Ida fia. Sz\u00fcl\u0151v\u00e1ros\u00e1ban a Bethlen Koll.-ban \u00e9retts\u00e9gizett, Kv.-on orvosi egyetemen v\u00e9gzett (1938). Fiatal orvosk\u00e9nt ker\u00fclt a mv.-i Czak\u00f3 szanat\u00f3riumba, seb\u00e9sz szakorvosi vizsg\u00e1t tett Kv.-on (1939). Katona (1939\u201340), majd folytatta seb\u00e9szorvosi tev\u00e9kenys\u00e9g\u00e9t Mv.-en az \u00e1llami k\u00f3rh\u00e1zban (1940\u201345), a Seb\u00e9szeti Klinikl\u00e1n [&hellip;]<\/p>\n","protected":false},"featured_media":0,"comment_status":"open","ping_status":"closed","template":"","meta":[],"product_brand":[],"product_cat":[137],"product_tag":[],"class_list":{"0":"post-7254","1":"product","2":"type-product","3":"status-publish","5":"product_cat-maros-megyei-eletrajzi-lexikon","7":"first","8":"instock","9":"shipping-taxable","10":"product-type-simple"},"_links":{"self":[{"href":"https:\/\/uj.adatbank.ro\/lexikon\/wp-json\/wp\/v2\/product\/7254","targetHints":{"allow":["GET"]}}],"collection":[{"href":"https:\/\/uj.adatbank.ro\/lexikon\/wp-json\/wp\/v2\/product"}],"about":[{"href":"https:\/\/uj.adatbank.ro\/lexikon\/wp-json\/wp\/v2\/types\/product"}],"replies":[{"embeddable":true,"href":"https:\/\/uj.adatbank.ro\/lexikon\/wp-json\/wp\/v2\/comments?post=7254"}],"wp:attachment":[{"href":"https:\/\/uj.adatbank.ro\/lexikon\/wp-json\/wp\/v2\/media?parent=7254"}],"wp:term":[{"taxonomy":"product_brand","embeddable":true,"href":"https:\/\/uj.adatbank.ro\/lexikon\/wp-json\/wp\/v2\/product_brand?post=7254"},{"taxonomy":"product_cat","embeddable":true,"href":"https:\/\/uj.adatbank.ro\/lexikon\/wp-json\/wp\/v2\/product_cat?post=7254"},{"taxonomy":"product_tag","embeddable":true,"href":"https:\/\/uj.adatbank.ro\/lexikon\/wp-json\/wp\/v2\/product_tag?post=7254"}],"curies":[{"name":"wp","href":"https:\/\/api.w.org\/{rel}","templated":true}]}}

ELEKES István Lajos§

<p>Nagyenyed, 1910. aug. 26., † Mv., 1986. máj. 20.: orvos, sebész. – E. Viktor tanár és Dancs Ida fia. Szülővárosában a Bethlen Koll.-ban érettségizett, Kv.-on orvosi egyetemen végzett (1938). Fiatal orvosként került a mv.-i Czakó szanatóriumba, sebész szakorvosi vizsgát tett Kv.-on (1939). Katona (1939–40), majd folytatta sebészorvosi tevékenységét Mv.-en az állami kórházban (1940–45), a Sebészeti Kliniklán (1945–48), a Betegsegélyezőnél (1948–50). Gyakornok, majd tanársegéd a MOGYI-n (1950–52). Az erősödő osztályharc következtében megszüntették oktatói tevékenységét. Több vidéki kórházban folytatta munkáját: Szentkeresztbányán (1952–54) kórházat épített, majd Csíkszentmártonban volt orvos (1954–58), a mv.-i Mentőállomáson dolgozott (1960–70), majd sebész nyugdíjazásáig a mv.-i megyei klinikán (1973–77). – <strong>F. m.:</strong> Contribuţiuni la studiul radiologic al rachitismului (Kv., 1938); <strong>társsz.:</strong> Sebészeti jegyzet. 1. köt. (Mv., 1953) <br /><strong>Irod.:</strong> családi inf., Gulyás; [Nekrológ] (V. Z., 1986. máj. 22.); Kiss–Péterffy–Péterffy</br></p>

<p>Nagyenyed, 1910. aug. 26., † Mv., 1986. máj. 20.: orvos, sebész. – E. Viktor tanár és Dancs Ida fia. Szülővárosában a Bethlen Koll.-ban érettségizett, Kv.-on orvosi egyetemen végzett (1938). Fiatal orvosként került a mv.-i Czakó szanatóriumba, sebész szakorvosi vizsgát tett Kv.-on (1939). Katona (1939–40), majd folytatta sebészorvosi tevékenységét Mv.-en az állami kórházban (1940–45), a Sebészeti Kliniklán [&hellip;]</p>
