{"id":7257,"date":"2025-06-28T18:20:27","date_gmt":"2025-06-28T16:20:27","guid":{"rendered":"https:\/\/uj.adatbank.ro\/lexikon\/termek\/elekes-kalman-diosadi\/"},"modified":"2025-06-28T18:20:27","modified_gmt":"2025-06-28T16:20:27","slug":"elekes-kalman-diosadi","status":"publish","type":"product","link":"https:\/\/uj.adatbank.ro\/lexikon\/termek\/elekes-kalman-diosadi\/","title":{"rendered":"ELEKES K\u00e1lm\u00e1n, di\u00f3sadi"},"content":{"rendered":"<p>Pusztakamar\u00e1s, 1839. nov. 13., \u2020 Gernyeszeg, 1886. jan. 12.: ref. lelk\u00e9sz, \u00edr\u00f3, lapszerkeszt\u0151. \u2013 Fia: S\u00e1ndor. \u2013 Tanulm\u00e1nyait Zilahon \u00e9s Kv.-on v\u00e9gezte; a kv.-i di\u00e1ks\u00e1ga idej\u00e9n szerk.-tette a k\u00e9z\u00edr\u00e1sos Ifj\u00fas\u00e1gi Lapot (1859). Id. gr. Teleki Domokos titk\u00e1ra \u00e9s k\u00f6nyvt\u00e1rosa Kv.-on (1861\u2013); n\u00e9ptan\u00edt\u00f3 Zilahon; rektor \u00c9rszentkir\u00e1lyon; lelk\u00e9sz Domokoson (d\u00e9si egyh\u00e1zmegye, 1863\u201366), majd Gernyeszegre h\u00edvt\u00e1k meg \u00e9s ott m\u0171k\u00f6d\u00f6tt hal\u00e1l\u00e1ig (1866 \u00e1pr.\u201386). A g\u00f6rg\u00e9nyi ref. egyh\u00e1zmegye aljegyz\u0151je (1871\u2013), majd egyh\u00e1zmegyei \u00fcgyv\u00e9d volt. Csekme Ferenc lett Gernyeszegen lelk\u00e9sz ut\u00f3da. K\u00e9ziratos napl\u00f3ja unok\u00e1ja E. Gy\u00f6rgy birtok\u00e1ban volt (1942). Elbesz\u00e9l\u00e9seit, verseit \u00e9s kisebb dolgozatait k\u00f6z\u00f6lte a: Napkelet, Kor\u00e1ny- zsebk\u00f6nyv, J\u00f3bar\u00e1t, Sz\u00e9kely K\u00f6zl\u00f6ny, Erd\u00e9ly, erd\u00e9lyi H\u00edrad\u00f3, Erd\u00e9lyi Figyel\u0151, Bem album, Maros Vid\u00e9k, H\u00f6lgyfut\u00e1r, P. H\u00edrn\u00f6k, Vas. \u00dajs\u00e1g. \u2013 <strong>F. m.:<\/strong> Mi az iskol\u00e1k feladata: A. magyarl\u00e1posi iskola alaplet\u00e9telekor (Kv., 1863); Egyh\u00e1zi besz\u00e9dek az erd\u00e9lyi ev. reform\u00e1tusok B\u00e1nfi-Hunyadon tartott k\u00f6zzsinat\u00e1n (Kv., 1866); M. olvas\u00f3k\u00f6nyv falusi iskol\u00e1k sz\u00e1m\u00e1ra (Pest, 1867); <strong>t\u00e1rssz.:<\/strong> Kor\u00e1ny: Zsebk\u00f6nyv (Kv., 1861); Legendariu romanescu pentru clasa a treia a scoleloru poporali (Buda, 1871); Legendariu romanescu pentru clasa a patra a scoleloru poporali (Buda, 1871); Legendariu romanescu pentru clasa a doua a scoleloru poporali (Bp, 1896). <br \/><strong>Irod.:<\/strong> B\u00f6jthe Andor; Guly\u00e1s; Szinnyei<\/br><\/p>\n","protected":false},"excerpt":{"rendered":"<p>Pusztakamar\u00e1s, 1839. nov. 13., \u2020 Gernyeszeg, 1886. jan. 12.: ref. lelk\u00e9sz, \u00edr\u00f3, lapszerkeszt\u0151. \u2013 Fia: S\u00e1ndor. \u2013 Tanulm\u00e1nyait Zilahon \u00e9s Kv.-on v\u00e9gezte; a kv.-i di\u00e1ks\u00e1ga idej\u00e9n szerk.-tette a k\u00e9z\u00edr\u00e1sos Ifj\u00fas\u00e1gi Lapot (1859). Id. gr. Teleki Domokos titk\u00e1ra \u00e9s k\u00f6nyvt\u00e1rosa Kv.-on (1861\u2013); n\u00e9ptan\u00edt\u00f3 Zilahon; rektor \u00c9rszentkir\u00e1lyon; lelk\u00e9sz Domokoson (d\u00e9si egyh\u00e1zmegye, 1863\u201366), majd Gernyeszegre h\u00edvt\u00e1k meg \u00e9s [&hellip;]<\/p>\n","protected":false},"featured_media":0,"comment_status":"open","ping_status":"closed","template":"","meta":[],"product_brand":[],"product_cat":[137],"product_tag":[],"class_list":{"0":"post-7257","1":"product","2":"type-product","3":"status-publish","5":"product_cat-maros-megyei-eletrajzi-lexikon","7":"first","8":"instock","9":"shipping-taxable","10":"product-type-simple"},"_links":{"self":[{"href":"https:\/\/uj.adatbank.ro\/lexikon\/wp-json\/wp\/v2\/product\/7257","targetHints":{"allow":["GET"]}}],"collection":[{"href":"https:\/\/uj.adatbank.ro\/lexikon\/wp-json\/wp\/v2\/product"}],"about":[{"href":"https:\/\/uj.adatbank.ro\/lexikon\/wp-json\/wp\/v2\/types\/product"}],"replies":[{"embeddable":true,"href":"https:\/\/uj.adatbank.ro\/lexikon\/wp-json\/wp\/v2\/comments?post=7257"}],"wp:attachment":[{"href":"https:\/\/uj.adatbank.ro\/lexikon\/wp-json\/wp\/v2\/media?parent=7257"}],"wp:term":[{"taxonomy":"product_brand","embeddable":true,"href":"https:\/\/uj.adatbank.ro\/lexikon\/wp-json\/wp\/v2\/product_brand?post=7257"},{"taxonomy":"product_cat","embeddable":true,"href":"https:\/\/uj.adatbank.ro\/lexikon\/wp-json\/wp\/v2\/product_cat?post=7257"},{"taxonomy":"product_tag","embeddable":true,"href":"https:\/\/uj.adatbank.ro\/lexikon\/wp-json\/wp\/v2\/product_tag?post=7257"}],"curies":[{"name":"wp","href":"https:\/\/api.w.org\/{rel}","templated":true}]}}

ELEKES Kálmán, diósadi

<p>Pusztakamarás, 1839. nov. 13., † Gernyeszeg, 1886. jan. 12.: ref. lelkész, író, lapszerkesztő. – Fia: Sándor. – Tanulmányait Zilahon és Kv.-on végezte; a kv.-i diáksága idején szerk.-tette a kézírásos Ifjúsági Lapot (1859). Id. gr. Teleki Domokos titkára és könyvtárosa Kv.-on (1861–); néptanító Zilahon; rektor Érszentkirályon; lelkész Domokoson (dési egyházmegye, 1863–66), majd Gernyeszegre hívták meg és ott működött haláláig (1866 ápr.–86). A görgényi ref. egyházmegye aljegyzője (1871–), majd egyházmegyei ügyvéd volt. Csekme Ferenc lett Gernyeszegen lelkész utóda. Kéziratos naplója unokája E. György birtokában volt (1942). Elbeszéléseit, verseit és kisebb dolgozatait közölte a: Napkelet, Korány- zsebkönyv, Jóbarát, Székely Közlöny, Erdély, erdélyi Híradó, Erdélyi Figyelő, Bem album, Maros Vidék, Hölgyfutár, P. Hírnök, Vas. Újság. – <strong>F. m.:</strong> Mi az iskolák feladata: A. magyarláposi iskola alapletételekor (Kv., 1863); Egyházi beszédek az erdélyi ev. reformátusok Bánfi-Hunyadon tartott közzsinatán (Kv., 1866); M. olvasókönyv falusi iskolák számára (Pest, 1867); <strong>társsz.:</strong> Korány: Zsebkönyv (Kv., 1861); Legendariu romanescu pentru clasa a treia a scoleloru poporali (Buda, 1871); Legendariu romanescu pentru clasa a patra a scoleloru poporali (Buda, 1871); Legendariu romanescu pentru clasa a doua a scoleloru poporali (Bp, 1896). <br /><strong>Irod.:</strong> Böjthe Andor; Gulyás; Szinnyei</br></p>

<p>Pusztakamarás, 1839. nov. 13., † Gernyeszeg, 1886. jan. 12.: ref. lelkész, író, lapszerkesztő. – Fia: Sándor. – Tanulmányait Zilahon és Kv.-on végezte; a kv.-i diáksága idején szerk.-tette a kézírásos Ifjúsági Lapot (1859). Id. gr. Teleki Domokos titkára és könyvtárosa Kv.-on (1861–); néptanító Zilahon; rektor Érszentkirályon; lelkész Domokoson (dési egyházmegye, 1863–66), majd Gernyeszegre hívták meg és [&hellip;]</p>
