{"id":7261,"date":"2025-06-28T18:20:35","date_gmt":"2025-06-28T16:20:35","guid":{"rendered":"https:\/\/uj.adatbank.ro\/lexikon\/termek\/elekes-lajos-dersi\/"},"modified":"2025-06-28T18:20:35","modified_gmt":"2025-06-28T16:20:35","slug":"elekes-lajos-dersi","status":"publish","type":"product","link":"https:\/\/uj.adatbank.ro\/lexikon\/termek\/elekes-lajos-dersi\/","title":{"rendered":"ELEKES Lajos, dersi"},"content":{"rendered":"<p>? \u2020\u00a0? : vend\u00e9gl\u0151s, h\u00fasnagyiparos. \u2013 E. J\u00e1nos \u00e9s Brassai M\u00e1ria fia. Testv\u00e9re: Imre, gy\u00f3gyszer\u00e9sz. \u2013 Mv.-en a f\u0151t\u00e9ri Nap vend\u00e9gl\u0151 tulajdonosa. Az MSE tagja (1925\u2013), a v\u00e1lasztm\u00e1ny tagja (1932\u2013), a labdar\u00fag\u00f3 szakoszt\u00e1ly eln\u00f6ke (1933), ahol h\u00e1rom kiv\u00e1l\u00f3 munkat\u00e1rs\u00e1val Naphegyi B\u00e9la, Csizmadia Istv\u00e1n \u00e9s Panajott Alberttel \u00fajb\u00f3l megszervezte az 1931-ben megsz\u00fcntetett szakoszt\u00e1lyt \u00e9s ezzel megmentette a mv.-i labdar\u00fag\u00f3sportot. Nagy s\u00falyt helyezett a nemzeti \u00e9s kereszt\u00e9ny szellemben nevelt ut\u00e1np\u00f3tl\u00e1sra, nem k\u00edm\u00e9lve f\u00e1rads\u00e1got, s\u0151t anyagi \u00e1ldozatot is hozott. A mv.-i Iparos Egyes\u00fclet l\u00e9trehozta a dal\u00e1rd\u00e1t, melynek eln\u00f6ke volt (1936). <br \/><strong>Irod.:<\/strong> Pluh\u00e1r; Sz\u00f6ll\u0151sy<\/br><\/p>\n","protected":false},"excerpt":{"rendered":"<p>? \u2020\u00a0? : vend\u00e9gl\u0151s, h\u00fasnagyiparos. \u2013 E. J\u00e1nos \u00e9s Brassai M\u00e1ria fia. Testv\u00e9re: Imre, gy\u00f3gyszer\u00e9sz. \u2013 Mv.-en a f\u0151t\u00e9ri Nap vend\u00e9gl\u0151 tulajdonosa. Az MSE tagja (1925\u2013), a v\u00e1lasztm\u00e1ny tagja (1932\u2013), a labdar\u00fag\u00f3 szakoszt\u00e1ly eln\u00f6ke (1933), ahol h\u00e1rom kiv\u00e1l\u00f3 munkat\u00e1rs\u00e1val Naphegyi B\u00e9la, Csizmadia Istv\u00e1n \u00e9s Panajott Alberttel \u00fajb\u00f3l megszervezte az 1931-ben megsz\u00fcntetett szakoszt\u00e1lyt \u00e9s ezzel megmentette [&hellip;]<\/p>\n","protected":false},"featured_media":0,"comment_status":"open","ping_status":"closed","template":"","meta":[],"product_brand":[],"product_cat":[137],"product_tag":[],"class_list":{"0":"post-7261","1":"product","2":"type-product","3":"status-publish","5":"product_cat-maros-megyei-eletrajzi-lexikon","7":"first","8":"instock","9":"shipping-taxable","10":"product-type-simple"},"_links":{"self":[{"href":"https:\/\/uj.adatbank.ro\/lexikon\/wp-json\/wp\/v2\/product\/7261","targetHints":{"allow":["GET"]}}],"collection":[{"href":"https:\/\/uj.adatbank.ro\/lexikon\/wp-json\/wp\/v2\/product"}],"about":[{"href":"https:\/\/uj.adatbank.ro\/lexikon\/wp-json\/wp\/v2\/types\/product"}],"replies":[{"embeddable":true,"href":"https:\/\/uj.adatbank.ro\/lexikon\/wp-json\/wp\/v2\/comments?post=7261"}],"wp:attachment":[{"href":"https:\/\/uj.adatbank.ro\/lexikon\/wp-json\/wp\/v2\/media?parent=7261"}],"wp:term":[{"taxonomy":"product_brand","embeddable":true,"href":"https:\/\/uj.adatbank.ro\/lexikon\/wp-json\/wp\/v2\/product_brand?post=7261"},{"taxonomy":"product_cat","embeddable":true,"href":"https:\/\/uj.adatbank.ro\/lexikon\/wp-json\/wp\/v2\/product_cat?post=7261"},{"taxonomy":"product_tag","embeddable":true,"href":"https:\/\/uj.adatbank.ro\/lexikon\/wp-json\/wp\/v2\/product_tag?post=7261"}],"curies":[{"name":"wp","href":"https:\/\/api.w.org\/{rel}","templated":true}]}}

<p>? † ? : vendéglős, húsnagyiparos. – E. János és Brassai Mária fia. Testvére: Imre, gyógyszerész. – Mv.-en a főtéri Nap vendéglő tulajdonosa. Az MSE tagja (1925–), a választmány tagja (1932–), a labdarúgó szakosztály elnöke (1933), ahol három kiváló munkatársával Naphegyi Béla, Csizmadia István és Panajott Alberttel újból megszervezte az 1931-ben megszüntetett szakosztályt és ezzel megmentette a mv.-i labdarúgósportot. Nagy súlyt helyezett a nemzeti és keresztény szellemben nevelt utánpótlásra, nem kímélve fáradságot, sőt anyagi áldozatot is hozott. A mv.-i Iparos Egyesület létrehozta a dalárdát, melynek elnöke volt (1936). <br /><strong>Irod.:</strong> Pluhár; Szöllősy</br></p>

<p>? † ? : vendéglős, húsnagyiparos. – E. János és Brassai Mária fia. Testvére: Imre, gyógyszerész. – Mv.-en a főtéri Nap vendéglő tulajdonosa. Az MSE tagja (1925–), a választmány tagja (1932–), a labdarúgó szakosztály elnöke (1933), ahol három kiváló munkatársával Naphegyi Béla, Csizmadia István és Panajott Alberttel újból megszervezte az 1931-ben megszüntetett szakosztályt és ezzel megmentette [&hellip;]</p>
