{"id":7263,"date":"2025-06-28T18:20:41","date_gmt":"2025-06-28T16:20:41","guid":{"rendered":"https:\/\/uj.adatbank.ro\/lexikon\/termek\/elekes-magda-rona-elekes-magda-rona-magda\/"},"modified":"2025-06-28T18:20:41","modified_gmt":"2025-06-28T16:20:41","slug":"elekes-magda-rona-elekes-magda-rona-magda","status":"publish","type":"product","link":"https:\/\/uj.adatbank.ro\/lexikon\/termek\/elekes-magda-rona-elekes-magda-rona-magda\/","title":{"rendered":"ELEKES Magda, R\u00f3na Elekes Magda, R\u00f3na Magda"},"content":{"rendered":"<p>1926., \u2020 B\u00e9k\u00e9scsaba, 2004. m\u00e1j. 25.: orvos. \u2013 F\u00e9rje: R\u00f3na L\u00e1szl\u00f3 orvos. \u2013 P\u00e1lyafut\u00e1s\u00e1t a MOGYI K\u00f3rbonctani Tansz\u00e9k\u00e9n kezdte (1950\u201355); sz\u0151l\u00e9sz-n\u0151gy\u00f3gy\u00e1sz szakorvos Mv.-en. \u00c1ttelep\u00fcltek B\u00e9k\u00e9scsab\u00e1ra (1986\u2013). \u2013 <strong>F. m.:<\/strong> <strong>t\u00e1rssz.:<\/strong> \u00c1ltal\u00e1nos k\u00f3rbonctani jegyzet. 1. k\u00f6t. (Mv., 1952), Probleme de morfopatologie (Buc., 1953); R\u00e9szletes k\u00f3rbonctani jegyzet 1\u20132. k\u00f6t. (Mv., 1953\u201354); R\u00e9szletes k\u00f3rbonctan. 1\u20132. k\u00f6t. (Mv., 1957). <br \/><strong>Irod.:<\/strong> Genersich; Barab\u00e1s-P\u00e9ter M.-P\u00e9ter H.M.; Todea\u2013F\u00fcl\u00f6p\u2013Avram<\/br><\/p>\n","protected":false},"excerpt":{"rendered":"<p>1926., \u2020 B\u00e9k\u00e9scsaba, 2004. m\u00e1j. 25.: orvos. \u2013 F\u00e9rje: R\u00f3na L\u00e1szl\u00f3 orvos. \u2013 P\u00e1lyafut\u00e1s\u00e1t a MOGYI K\u00f3rbonctani Tansz\u00e9k\u00e9n kezdte (1950\u201355); sz\u0151l\u00e9sz-n\u0151gy\u00f3gy\u00e1sz szakorvos Mv.-en. \u00c1ttelep\u00fcltek B\u00e9k\u00e9scsab\u00e1ra (1986\u2013). \u2013 F. m.: t\u00e1rssz.: \u00c1ltal\u00e1nos k\u00f3rbonctani jegyzet. 1. k\u00f6t. (Mv., 1952), Probleme de morfopatologie (Buc., 1953); R\u00e9szletes k\u00f3rbonctani jegyzet 1\u20132. k\u00f6t. (Mv., 1953\u201354); R\u00e9szletes k\u00f3rbonctan. 1\u20132. k\u00f6t. (Mv., 1957). [&hellip;]<\/p>\n","protected":false},"featured_media":0,"comment_status":"open","ping_status":"closed","template":"","meta":[],"product_brand":[],"product_cat":[137],"product_tag":[],"class_list":{"0":"post-7263","1":"product","2":"type-product","3":"status-publish","5":"product_cat-maros-megyei-eletrajzi-lexikon","7":"first","8":"instock","9":"shipping-taxable","10":"product-type-simple"},"_links":{"self":[{"href":"https:\/\/uj.adatbank.ro\/lexikon\/wp-json\/wp\/v2\/product\/7263","targetHints":{"allow":["GET"]}}],"collection":[{"href":"https:\/\/uj.adatbank.ro\/lexikon\/wp-json\/wp\/v2\/product"}],"about":[{"href":"https:\/\/uj.adatbank.ro\/lexikon\/wp-json\/wp\/v2\/types\/product"}],"replies":[{"embeddable":true,"href":"https:\/\/uj.adatbank.ro\/lexikon\/wp-json\/wp\/v2\/comments?post=7263"}],"wp:attachment":[{"href":"https:\/\/uj.adatbank.ro\/lexikon\/wp-json\/wp\/v2\/media?parent=7263"}],"wp:term":[{"taxonomy":"product_brand","embeddable":true,"href":"https:\/\/uj.adatbank.ro\/lexikon\/wp-json\/wp\/v2\/product_brand?post=7263"},{"taxonomy":"product_cat","embeddable":true,"href":"https:\/\/uj.adatbank.ro\/lexikon\/wp-json\/wp\/v2\/product_cat?post=7263"},{"taxonomy":"product_tag","embeddable":true,"href":"https:\/\/uj.adatbank.ro\/lexikon\/wp-json\/wp\/v2\/product_tag?post=7263"}],"curies":[{"name":"wp","href":"https:\/\/api.w.org\/{rel}","templated":true}]}}

ELEKES Magda, Róna Elekes Magda, Róna Magda

<p>1926., † Békéscsaba, 2004. máj. 25.: orvos. – Férje: Róna László orvos. – Pályafutását a MOGYI Kórbonctani Tanszékén kezdte (1950–55); szőlész-nőgyógyász szakorvos Mv.-en. Áttelepültek Békéscsabára (1986–). – <strong>F. m.:</strong> <strong>társsz.:</strong> Általános kórbonctani jegyzet. 1. köt. (Mv., 1952), Probleme de morfopatologie (Buc., 1953); Részletes kórbonctani jegyzet 1–2. köt. (Mv., 1953–54); Részletes kórbonctan. 1–2. köt. (Mv., 1957). <br /><strong>Irod.:</strong> Genersich; Barabás-Péter M.-Péter H.M.; Todea–Fülöp–Avram</br></p>

<p>1926., † Békéscsaba, 2004. máj. 25.: orvos. – Férje: Róna László orvos. – Pályafutását a MOGYI Kórbonctani Tanszékén kezdte (1950–55); szőlész-nőgyógyász szakorvos Mv.-en. Áttelepültek Békéscsabára (1986–). – F. m.: társsz.: Általános kórbonctani jegyzet. 1. köt. (Mv., 1952), Probleme de morfopatologie (Buc., 1953); Részletes kórbonctani jegyzet 1–2. köt. (Mv., 1953–54); Részletes kórbonctan. 1–2. köt. (Mv., 1957). [&hellip;]</p>
