{"id":7265,"date":"2025-06-28T18:20:47","date_gmt":"2025-06-28T16:20:47","guid":{"rendered":"https:\/\/uj.adatbank.ro\/lexikon\/termek\/elekes-miksa-%c2%a7\/"},"modified":"2025-06-28T18:20:47","modified_gmt":"2025-06-28T16:20:47","slug":"elekes-miksa-%c2%a7","status":"publish","type":"product","link":"https:\/\/uj.adatbank.ro\/lexikon\/termek\/elekes-miksa-%c2%a7\/","title":{"rendered":"ELEKES Miksa, \u00a7"},"content":{"rendered":"<p>Petrozs\u00e9ny, 1885., \u2020 Mv., 1948. nov. 24.: fakeresked\u0151, fatermel\u0151, igazgat\u00f3. \u2013 Az I. vh.-ban (1914. aug.\u20131918. nov.) az orosz harct\u00e9ren volt tizedes, megsebes\u00fclt, mindk\u00e9t l\u00e1b\u00e1t amput\u00e1lt\u00e1k. Az O 2 seb. \u00e9rem, K\u00e1roly cs. k. ig. a., II. o. ez\u00fcst vit. \u00e9rem kit\u00fcntetettje. A k\u00f6z\u00e9piskola elv\u00e9gz\u00e9se ut\u00e1n mint tisztvisel\u0151 dolgozott, majd f\u0171r\u00e9szgy\u00e1ri igazgat\u00f3 volt a Foresta \u00fczemn\u00e9l, ahol a P\u00e9terfalvi G\u0151zf\u0171r\u00e9sz \u00e9s a Petrozs\u00e9nyi K\u0151sz\u00e9nb\u00e1ny\u00e1kn\u00e1l fejtett ki tev\u00e9kenys\u00e9get. T\u00f6bb j\u00f3t\u00e9konys\u00e1gi egyes\u00fclet tagja. \u00c1ll\u00e1s\u00e1b\u00f3l elt\u00e1vol\u00edtott\u00e1k, majd Mv.-en telepedett le, ahol szint\u00e9n igazgat\u00f3 lett. <br \/><strong>Irod.:<\/strong> M. hadviselt zsid\u00f3k; Mv.-i zsid\u00f3 temet\u0151 dok.; Sz\u00e9kelyf\u00f6ld \u00ed.k.<\/br><\/p>\n","protected":false},"excerpt":{"rendered":"<p>Petrozs\u00e9ny, 1885., \u2020 Mv., 1948. nov. 24.: fakeresked\u0151, fatermel\u0151, igazgat\u00f3. \u2013 Az I. vh.-ban (1914. aug.\u20131918. nov.) az orosz harct\u00e9ren volt tizedes, megsebes\u00fclt, mindk\u00e9t l\u00e1b\u00e1t amput\u00e1lt\u00e1k. Az O 2 seb. \u00e9rem, K\u00e1roly cs. k. ig. a., II. o. ez\u00fcst vit. \u00e9rem kit\u00fcntetettje. A k\u00f6z\u00e9piskola elv\u00e9gz\u00e9se ut\u00e1n mint tisztvisel\u0151 dolgozott, majd f\u0171r\u00e9szgy\u00e1ri igazgat\u00f3 volt a Foresta [&hellip;]<\/p>\n","protected":false},"featured_media":0,"comment_status":"open","ping_status":"closed","template":"","meta":[],"product_brand":[],"product_cat":[137],"product_tag":[],"class_list":{"0":"post-7265","1":"product","2":"type-product","3":"status-publish","5":"product_cat-maros-megyei-eletrajzi-lexikon","7":"first","8":"instock","9":"shipping-taxable","10":"product-type-simple"},"_links":{"self":[{"href":"https:\/\/uj.adatbank.ro\/lexikon\/wp-json\/wp\/v2\/product\/7265","targetHints":{"allow":["GET"]}}],"collection":[{"href":"https:\/\/uj.adatbank.ro\/lexikon\/wp-json\/wp\/v2\/product"}],"about":[{"href":"https:\/\/uj.adatbank.ro\/lexikon\/wp-json\/wp\/v2\/types\/product"}],"replies":[{"embeddable":true,"href":"https:\/\/uj.adatbank.ro\/lexikon\/wp-json\/wp\/v2\/comments?post=7265"}],"wp:attachment":[{"href":"https:\/\/uj.adatbank.ro\/lexikon\/wp-json\/wp\/v2\/media?parent=7265"}],"wp:term":[{"taxonomy":"product_brand","embeddable":true,"href":"https:\/\/uj.adatbank.ro\/lexikon\/wp-json\/wp\/v2\/product_brand?post=7265"},{"taxonomy":"product_cat","embeddable":true,"href":"https:\/\/uj.adatbank.ro\/lexikon\/wp-json\/wp\/v2\/product_cat?post=7265"},{"taxonomy":"product_tag","embeddable":true,"href":"https:\/\/uj.adatbank.ro\/lexikon\/wp-json\/wp\/v2\/product_tag?post=7265"}],"curies":[{"name":"wp","href":"https:\/\/api.w.org\/{rel}","templated":true}]}}

<p>Petrozsény, 1885., † Mv., 1948. nov. 24.: fakereskedő, fatermelő, igazgató. – Az I. vh.-ban (1914. aug.–1918. nov.) az orosz harctéren volt tizedes, megsebesült, mindkét lábát amputálták. Az O 2 seb. érem, Károly cs. k. ig. a., II. o. ezüst vit. érem kitüntetettje. A középiskola elvégzése után mint tisztviselő dolgozott, majd fűrészgyári igazgató volt a Foresta üzemnél, ahol a Péterfalvi Gőzfűrész és a Petrozsényi Kőszénbányáknál fejtett ki tevékenységet. Több jótékonysági egyesület tagja. Állásából eltávolították, majd Mv.-en telepedett le, ahol szintén igazgató lett. <br /><strong>Irod.:</strong> M. hadviselt zsidók; Mv.-i zsidó temető dok.; Székelyföld í.k.</br></p>

<p>Petrozsény, 1885., † Mv., 1948. nov. 24.: fakereskedő, fatermelő, igazgató. – Az I. vh.-ban (1914. aug.–1918. nov.) az orosz harctéren volt tizedes, megsebesült, mindkét lábát amputálták. Az O 2 seb. érem, Károly cs. k. ig. a., II. o. ezüst vit. érem kitüntetettje. A középiskola elvégzése után mint tisztviselő dolgozott, majd fűrészgyári igazgató volt a Foresta [&hellip;]</p>
