{"id":7267,"date":"2025-06-28T18:20:52","date_gmt":"2025-06-28T16:20:52","guid":{"rendered":"https:\/\/uj.adatbank.ro\/lexikon\/termek\/elekes-pal-szentkatolnai\/"},"modified":"2025-06-28T18:20:52","modified_gmt":"2025-06-28T16:20:52","slug":"elekes-pal-szentkatolnai","status":"publish","type":"product","link":"https:\/\/uj.adatbank.ro\/lexikon\/termek\/elekes-pal-szentkatolnai\/","title":{"rendered":"ELEKES P\u00e1l, szentkatolnai"},"content":{"rendered":"<p>S\u00e1rd, 1835, \u2020\u00a0Mv., 1896. febr. 22.: b\u00edr\u00f3, kir. \u00edt\u00e9l\u0151t\u00e1blai eln\u00f6k. \u2013 Feles\u00e9ge: p\u00f3kakereszt\u00fari Sz\u00e9kely Gabriella (\u2020\u00a0Mv., 1910. dec. 1.). \u2013 Jogakad\u00e9mi\u00e1t v\u00e9gzett, majd gazd\u00e1lkodott. A Fels\u0151feh\u00e9r megyei t\u00f6rv\u00e9nysz\u00e9k \u00fcln\u00f6ke, b\u00edr\u00f3 (1865\u2013), f\u0151bir\u00f3 \u00e9s t\u00f6rv\u00e9nysz\u00e9ki eln\u00f6k (1867\u2013). Mv.-en kir. it\u00e9l\u0151t\u00e1blai b\u00edr\u00f3v\u00e1 nevezt\u00e9k ki (1869\u2013), a mv.-i Kaszin\u00f3 eln\u00f6ke. Bp.-en a kir. k\u00faria semmis\u00edt\u0151oszt\u00e1ly\u00e1hoz, majd ennek megsz\u0171n\u00e9se ut\u00e1n a kir. k\u00fari\u00e1hoz b\u00edr\u00f3v\u00e1 nevezt\u00e9k ki (1874). Eredm\u00e9nyei elismer\u00e9s\u00e9\u00fcl az \u00e1tszervezett kir. it\u00e9l\u0151t\u00e1bla eln\u00f6ke lett Mv.-en (1891\u201395). Kivette r\u00e9sz\u00e9t a t\u00e1rsadalmi \u00e9s egyh\u00e1zi \u00e9letben. Az EMKE alap\u00edt\u00f3 (1885) \u00e9s \u00f6r\u00f6k\u00f6s tagja. A Mv.-i Kaszino eln\u00f6ke (1891), a R. K. F\u0151gimn. f\u0151gondnoka (1892\u2013). <br \/><strong>Irod.:<\/strong> Bi\u00e1s Istv\u00e1n; EMKE 120; Gy\u00e1szjelent\u0151; Id\u0151t\u00e1r 2; Mv.-i Casino J\u00f3kai \u00fcnnep\u00e9lye (Mv., 1894); P\u00e1l-Antal S\u00e1ndor: A gymn\u00e1zium catholicumt\u00f3l a f\u0151gimn\u00e1ziumig  =  Eml\u00e9kk. Szab\u00f3 Mikl\u00f3s; Rugonfalvi Kiss; S\u00e1ndor; Szentgy\u00f6rgyi<\/br><\/p>\n","protected":false},"excerpt":{"rendered":"<p>S\u00e1rd, 1835, \u2020\u00a0Mv., 1896. febr. 22.: b\u00edr\u00f3, kir. \u00edt\u00e9l\u0151t\u00e1blai eln\u00f6k. \u2013 Feles\u00e9ge: p\u00f3kakereszt\u00fari Sz\u00e9kely Gabriella (\u2020\u00a0Mv., 1910. dec. 1.). \u2013 Jogakad\u00e9mi\u00e1t v\u00e9gzett, majd gazd\u00e1lkodott. A Fels\u0151feh\u00e9r megyei t\u00f6rv\u00e9nysz\u00e9k \u00fcln\u00f6ke, b\u00edr\u00f3 (1865\u2013), f\u0151bir\u00f3 \u00e9s t\u00f6rv\u00e9nysz\u00e9ki eln\u00f6k (1867\u2013). Mv.-en kir. it\u00e9l\u0151t\u00e1blai b\u00edr\u00f3v\u00e1 nevezt\u00e9k ki (1869\u2013), a mv.-i Kaszin\u00f3 eln\u00f6ke. Bp.-en a kir. k\u00faria semmis\u00edt\u0151oszt\u00e1ly\u00e1hoz, majd ennek megsz\u0171n\u00e9se [&hellip;]<\/p>\n","protected":false},"featured_media":0,"comment_status":"open","ping_status":"closed","template":"","meta":[],"product_brand":[],"product_cat":[137],"product_tag":[],"class_list":{"0":"post-7267","1":"product","2":"type-product","3":"status-publish","5":"product_cat-maros-megyei-eletrajzi-lexikon","7":"first","8":"instock","9":"shipping-taxable","10":"product-type-simple"},"_links":{"self":[{"href":"https:\/\/uj.adatbank.ro\/lexikon\/wp-json\/wp\/v2\/product\/7267","targetHints":{"allow":["GET"]}}],"collection":[{"href":"https:\/\/uj.adatbank.ro\/lexikon\/wp-json\/wp\/v2\/product"}],"about":[{"href":"https:\/\/uj.adatbank.ro\/lexikon\/wp-json\/wp\/v2\/types\/product"}],"replies":[{"embeddable":true,"href":"https:\/\/uj.adatbank.ro\/lexikon\/wp-json\/wp\/v2\/comments?post=7267"}],"wp:attachment":[{"href":"https:\/\/uj.adatbank.ro\/lexikon\/wp-json\/wp\/v2\/media?parent=7267"}],"wp:term":[{"taxonomy":"product_brand","embeddable":true,"href":"https:\/\/uj.adatbank.ro\/lexikon\/wp-json\/wp\/v2\/product_brand?post=7267"},{"taxonomy":"product_cat","embeddable":true,"href":"https:\/\/uj.adatbank.ro\/lexikon\/wp-json\/wp\/v2\/product_cat?post=7267"},{"taxonomy":"product_tag","embeddable":true,"href":"https:\/\/uj.adatbank.ro\/lexikon\/wp-json\/wp\/v2\/product_tag?post=7267"}],"curies":[{"name":"wp","href":"https:\/\/api.w.org\/{rel}","templated":true}]}}