{"id":7270,"date":"2025-06-28T18:20:57","date_gmt":"2025-06-28T16:20:57","guid":{"rendered":"https:\/\/uj.adatbank.ro\/lexikon\/termek\/elekes-sandor-diosadi\/"},"modified":"2025-06-28T18:20:57","modified_gmt":"2025-06-28T16:20:57","slug":"elekes-sandor-diosadi","status":"publish","type":"product","link":"https:\/\/uj.adatbank.ro\/lexikon\/termek\/elekes-sandor-diosadi\/","title":{"rendered":"ELEKES S\u00e1ndor, di\u00f3sadi"},"content":{"rendered":"<p>Gernyeszeg, 1870., \u2020 Brass\u00f3, 1942.: rajztan\u00e1r, \u00edr\u00f3. \u2013 E. K\u00e1lm\u00e1n fia. \u2013 Tanulm\u00e1nyait a bp.-i mintarajziskol\u00e1ban v\u00e9gezte (1897) \u00e9s tan\u00edt\u00f3k\u00e9pz\u0151i rajztan\u00e1ri oklevelet szerzett. Tan\u00edtott Nagyk\u0151r\u00f6s\u00f6n (1896\u20131904), Gyergy\u00f3alfal\u00faban, Ap\u00e1c\u00e1n, Sepsiszentgy\u00f6rgy\u00f6n \u00e9s Brass\u00f3ban. Verseit, t\u00e1rc\u00e1it \u00e9s cikkeit k\u00f6z\u00f6lte a: K\u00e9pes Csal\u00e1di Lapok, Debreceni Ellen\u0151r, Ethnogr., Nagyk\u0151r\u00f6si \u00dajs\u00e1g. \u2013 <strong>F. m.:<\/strong> T\u00edz magyar dal (Bp., 1893). <br \/><strong>Irod.:<\/strong> Guly\u00e1s<\/br><\/p>\n","protected":false},"excerpt":{"rendered":"<p>Gernyeszeg, 1870., \u2020 Brass\u00f3, 1942.: rajztan\u00e1r, \u00edr\u00f3. \u2013 E. K\u00e1lm\u00e1n fia. \u2013 Tanulm\u00e1nyait a bp.-i mintarajziskol\u00e1ban v\u00e9gezte (1897) \u00e9s tan\u00edt\u00f3k\u00e9pz\u0151i rajztan\u00e1ri oklevelet szerzett. Tan\u00edtott Nagyk\u0151r\u00f6s\u00f6n (1896\u20131904), Gyergy\u00f3alfal\u00faban, Ap\u00e1c\u00e1n, Sepsiszentgy\u00f6rgy\u00f6n \u00e9s Brass\u00f3ban. Verseit, t\u00e1rc\u00e1it \u00e9s cikkeit k\u00f6z\u00f6lte a: K\u00e9pes Csal\u00e1di Lapok, Debreceni Ellen\u0151r, Ethnogr., Nagyk\u0151r\u00f6si \u00dajs\u00e1g. \u2013 F. m.: T\u00edz magyar dal (Bp., 1893). Irod.: Guly\u00e1s<\/p>\n","protected":false},"featured_media":0,"comment_status":"open","ping_status":"closed","template":"","meta":[],"product_brand":[],"product_cat":[137],"product_tag":[],"class_list":{"0":"post-7270","1":"product","2":"type-product","3":"status-publish","5":"product_cat-maros-megyei-eletrajzi-lexikon","7":"first","8":"instock","9":"shipping-taxable","10":"product-type-simple"},"_links":{"self":[{"href":"https:\/\/uj.adatbank.ro\/lexikon\/wp-json\/wp\/v2\/product\/7270","targetHints":{"allow":["GET"]}}],"collection":[{"href":"https:\/\/uj.adatbank.ro\/lexikon\/wp-json\/wp\/v2\/product"}],"about":[{"href":"https:\/\/uj.adatbank.ro\/lexikon\/wp-json\/wp\/v2\/types\/product"}],"replies":[{"embeddable":true,"href":"https:\/\/uj.adatbank.ro\/lexikon\/wp-json\/wp\/v2\/comments?post=7270"}],"wp:attachment":[{"href":"https:\/\/uj.adatbank.ro\/lexikon\/wp-json\/wp\/v2\/media?parent=7270"}],"wp:term":[{"taxonomy":"product_brand","embeddable":true,"href":"https:\/\/uj.adatbank.ro\/lexikon\/wp-json\/wp\/v2\/product_brand?post=7270"},{"taxonomy":"product_cat","embeddable":true,"href":"https:\/\/uj.adatbank.ro\/lexikon\/wp-json\/wp\/v2\/product_cat?post=7270"},{"taxonomy":"product_tag","embeddable":true,"href":"https:\/\/uj.adatbank.ro\/lexikon\/wp-json\/wp\/v2\/product_tag?post=7270"}],"curies":[{"name":"wp","href":"https:\/\/api.w.org\/{rel}","templated":true}]}}

ELEKES Sándor, diósadi

<p>Gernyeszeg, 1870., † Brassó, 1942.: rajztanár, író. – E. Kálmán fia. – Tanulmányait a bp.-i mintarajziskolában végezte (1897) és tanítóképzői rajztanári oklevelet szerzett. Tanított Nagykőrösön (1896–1904), Gyergyóalfalúban, Apácán, Sepsiszentgyörgyön és Brassóban. Verseit, tárcáit és cikkeit közölte a: Képes Családi Lapok, Debreceni Ellenőr, Ethnogr., Nagykőrösi Újság. – <strong>F. m.:</strong> Tíz magyar dal (Bp., 1893). <br /><strong>Irod.:</strong> Gulyás</br></p>

<p>Gernyeszeg, 1870., † Brassó, 1942.: rajztanár, író. – E. Kálmán fia. – Tanulmányait a bp.-i mintarajziskolában végezte (1897) és tanítóképzői rajztanári oklevelet szerzett. Tanított Nagykőrösön (1896–1904), Gyergyóalfalúban, Apácán, Sepsiszentgyörgyön és Brassóban. Verseit, tárcáit és cikkeit közölte a: Képes Családi Lapok, Debreceni Ellenőr, Ethnogr., Nagykőrösi Újság. – F. m.: Tíz magyar dal (Bp., 1893). Irod.: Gulyás</p>
