{"id":7275,"date":"2025-06-28T18:21:08","date_gmt":"2025-06-28T16:21:08","guid":{"rendered":"https:\/\/uj.adatbank.ro\/lexikon\/termek\/eliade-mircea\/"},"modified":"2025-06-28T18:21:08","modified_gmt":"2025-06-28T16:21:08","slug":"eliade-mircea","status":"publish","type":"product","link":"https:\/\/uj.adatbank.ro\/lexikon\/termek\/eliade-mircea\/","title":{"rendered":"ELIADE, Mircea"},"content":{"rendered":"<p>Buk., 1907. m\u00e1rc. 9., \u2020\u00a0Chicago, 1986. \u00e1pr. 22.: \u00edr\u00f3, filoz\u00f3fus, vall\u00e1st\u00f6rt\u00e9n\u00e9sz. \u2013 Tisztelet\u00e9re segesv\u00e1ron iskol\u00e1t neveztek el r\u00f3la Liceul \u201eMircea Eliade\u201d. Ma a \u201eB\u201d kateg\u00f3ri\u00e1ba tartoz\u00f3 m\u0171eml\u00e9k (1. Dec. 1918 u.31\u201333). <br \/><strong>Irod.:<\/strong> DGLR; Valori mure\u015fene de patrimoniu<\/br><\/p>\n","protected":false},"excerpt":{"rendered":"<p>Buk., 1907. m\u00e1rc. 9., \u2020\u00a0Chicago, 1986. \u00e1pr. 22.: \u00edr\u00f3, filoz\u00f3fus, vall\u00e1st\u00f6rt\u00e9n\u00e9sz. \u2013 Tisztelet\u00e9re segesv\u00e1ron iskol\u00e1t neveztek el r\u00f3la Liceul \u201eMircea Eliade\u201d. Ma a \u201eB\u201d kateg\u00f3ri\u00e1ba tartoz\u00f3 m\u0171eml\u00e9k (1. Dec. 1918 u.31\u201333). Irod.: DGLR; Valori mure\u015fene de patrimoniu<\/p>\n","protected":false},"featured_media":0,"comment_status":"open","ping_status":"closed","template":"","meta":[],"product_brand":[],"product_cat":[137],"product_tag":[],"class_list":{"0":"post-7275","1":"product","2":"type-product","3":"status-publish","5":"product_cat-maros-megyei-eletrajzi-lexikon","7":"first","8":"instock","9":"shipping-taxable","10":"product-type-simple"},"_links":{"self":[{"href":"https:\/\/uj.adatbank.ro\/lexikon\/wp-json\/wp\/v2\/product\/7275","targetHints":{"allow":["GET"]}}],"collection":[{"href":"https:\/\/uj.adatbank.ro\/lexikon\/wp-json\/wp\/v2\/product"}],"about":[{"href":"https:\/\/uj.adatbank.ro\/lexikon\/wp-json\/wp\/v2\/types\/product"}],"replies":[{"embeddable":true,"href":"https:\/\/uj.adatbank.ro\/lexikon\/wp-json\/wp\/v2\/comments?post=7275"}],"wp:attachment":[{"href":"https:\/\/uj.adatbank.ro\/lexikon\/wp-json\/wp\/v2\/media?parent=7275"}],"wp:term":[{"taxonomy":"product_brand","embeddable":true,"href":"https:\/\/uj.adatbank.ro\/lexikon\/wp-json\/wp\/v2\/product_brand?post=7275"},{"taxonomy":"product_cat","embeddable":true,"href":"https:\/\/uj.adatbank.ro\/lexikon\/wp-json\/wp\/v2\/product_cat?post=7275"},{"taxonomy":"product_tag","embeddable":true,"href":"https:\/\/uj.adatbank.ro\/lexikon\/wp-json\/wp\/v2\/product_tag?post=7275"}],"curies":[{"name":"wp","href":"https:\/\/api.w.org\/{rel}","templated":true}]}}