{"id":7277,"date":"2025-06-28T18:21:13","date_gmt":"2025-06-28T16:21:13","guid":{"rendered":"https:\/\/uj.adatbank.ro\/lexikon\/termek\/elmer-matias-matei-elmer\/"},"modified":"2025-06-28T18:21:13","modified_gmt":"2025-06-28T16:21:13","slug":"elmer-matias-matei-elmer","status":"publish","type":"product","link":"https:\/\/uj.adatbank.ro\/lexikon\/termek\/elmer-matias-matei-elmer\/","title":{"rendered":"ELMER Matias, Matei Elmer"},"content":{"rendered":"<p>Modos, 1887. febr.12. \u2020 ? : \u00fcgyv\u00e9d. \u2013 Csal\u00e1dja Mv.-re telepedett (1921\u2013). \u2013 Jogot v\u00e9gzett, dr. Az 5. Honv\u00e9dezredben alhadnagyk\u00e9nt szolg\u00e1lt (1908\u2013) A marosi Volksbund, 150 n\u00e9met ajk\u00fa polg\u00e1r egyes\u00fclet\u00e9nek eln\u00f6ke (1943. nov.- 1944. szept.10.). Hitler h\u00edvek\u00e9nt fasiszta eszm\u00e9ket hirdetett, \u00e9s a Deutsche Mannschaft, fasiszta \u00e9s nacionalista szervezet tagja volt. Sok fiatalt fert\u0151z\u00f6tt meg n\u00e9zeteivel, \u00e9s \u00e1ll\u00edtotta \u0151ket \u00f6nk\u00e9ntesk\u00e9nt az SS szolg\u00e1lat\u00e1ba. Kapcsolatban \u00e1llt a Gestapoval. 20 zsid\u00f3 nev\u00e9t \u00e9s holl\u00e9t\u00e9t \u00e1rulta el, akiket letart\u00f3ztattak \u00e9s gett\u00f3ba z\u00e1rtak. Seg\u00edtette az \u00e1tvonul\u00f3 n\u00e9met tiszteket. A n\u00e9met csapatokkal egy\u00fctt No.-ba menek\u00fclt (1944. szept.10.), de a h\u00e1bor\u00fa befejezt\u00e9vel visszat\u00e9rt Rom\u00e1ni\u00e1ba (1945. j\u00fan. 20.). Nagyv\u00e1radon letart\u00f3ztatt\u00e1k, visszak\u00fcldt\u00e9k Mv.-re, ahol t\u00f6rv\u00e9nysz\u00e9k el\u00e9 \u00e1ll\u00edtott\u00e1k (1945. j\u00fal. 18.), \u00e9s l\u00e1gerbe utalt\u00e1k (1945. j\u00fal. 22\u2013). Kv.-on h\u00e1bor\u00fas b\u0171n\u0151sk\u00e9nt \u00e1ll\u00edtott\u00e1k t\u00f6rv\u00e9nysz\u00e9k el\u00e9 (1946. febr. 13.). <br \/><strong>Irod.:<\/strong> B\u0103la\u015f-Kocsis<\/br><\/p>\n","protected":false},"excerpt":{"rendered":"<p>Modos, 1887. febr.12. \u2020 ? : \u00fcgyv\u00e9d. \u2013 Csal\u00e1dja Mv.-re telepedett (1921\u2013). \u2013 Jogot v\u00e9gzett, dr. Az 5. Honv\u00e9dezredben alhadnagyk\u00e9nt szolg\u00e1lt (1908\u2013) A marosi Volksbund, 150 n\u00e9met ajk\u00fa polg\u00e1r egyes\u00fclet\u00e9nek eln\u00f6ke (1943. nov.- 1944. szept.10.). Hitler h\u00edvek\u00e9nt fasiszta eszm\u00e9ket hirdetett, \u00e9s a Deutsche Mannschaft, fasiszta \u00e9s nacionalista szervezet tagja volt. Sok fiatalt fert\u0151z\u00f6tt meg n\u00e9zeteivel, [&hellip;]<\/p>\n","protected":false},"featured_media":0,"comment_status":"open","ping_status":"closed","template":"","meta":[],"product_brand":[],"product_cat":[137],"product_tag":[],"class_list":{"0":"post-7277","1":"product","2":"type-product","3":"status-publish","5":"product_cat-maros-megyei-eletrajzi-lexikon","7":"first","8":"instock","9":"shipping-taxable","10":"product-type-simple"},"_links":{"self":[{"href":"https:\/\/uj.adatbank.ro\/lexikon\/wp-json\/wp\/v2\/product\/7277","targetHints":{"allow":["GET"]}}],"collection":[{"href":"https:\/\/uj.adatbank.ro\/lexikon\/wp-json\/wp\/v2\/product"}],"about":[{"href":"https:\/\/uj.adatbank.ro\/lexikon\/wp-json\/wp\/v2\/types\/product"}],"replies":[{"embeddable":true,"href":"https:\/\/uj.adatbank.ro\/lexikon\/wp-json\/wp\/v2\/comments?post=7277"}],"wp:attachment":[{"href":"https:\/\/uj.adatbank.ro\/lexikon\/wp-json\/wp\/v2\/media?parent=7277"}],"wp:term":[{"taxonomy":"product_brand","embeddable":true,"href":"https:\/\/uj.adatbank.ro\/lexikon\/wp-json\/wp\/v2\/product_brand?post=7277"},{"taxonomy":"product_cat","embeddable":true,"href":"https:\/\/uj.adatbank.ro\/lexikon\/wp-json\/wp\/v2\/product_cat?post=7277"},{"taxonomy":"product_tag","embeddable":true,"href":"https:\/\/uj.adatbank.ro\/lexikon\/wp-json\/wp\/v2\/product_tag?post=7277"}],"curies":[{"name":"wp","href":"https:\/\/api.w.org\/{rel}","templated":true}]}}

<p>Modos, 1887. febr.12. † ? : ügyvéd. – Családja Mv.-re telepedett (1921–). – Jogot végzett, dr. Az 5. Honvédezredben alhadnagyként szolgált (1908–) A marosi Volksbund, 150 német ajkú polgár egyesületének elnöke (1943. nov.- 1944. szept.10.). Hitler híveként fasiszta eszméket hirdetett, és a Deutsche Mannschaft, fasiszta és nacionalista szervezet tagja volt. Sok fiatalt fertőzött meg nézeteivel, és állította őket önkéntesként az SS szolgálatába. Kapcsolatban állt a Gestapoval. 20 zsidó nevét és hollétét árulta el, akiket letartóztattak és gettóba zártak. Segítette az átvonuló német tiszteket. A német csapatokkal együtt No.-ba menekült (1944. szept.10.), de a háború befejeztével visszatért Romániába (1945. jún. 20.). Nagyváradon letartóztatták, visszaküldték Mv.-re, ahol törvényszék elé állították (1945. júl. 18.), és lágerbe utalták (1945. júl. 22–). Kv.-on háborús bűnősként állították törvényszék elé (1946. febr. 13.). <br /><strong>Irod.:</strong> Bălaş-Kocsis</br></p>

<p>Modos, 1887. febr.12. † ? : ügyvéd. – Családja Mv.-re telepedett (1921–). – Jogot végzett, dr. Az 5. Honvédezredben alhadnagyként szolgált (1908–) A marosi Volksbund, 150 német ajkú polgár egyesületének elnöke (1943. nov.- 1944. szept.10.). Hitler híveként fasiszta eszméket hirdetett, és a Deutsche Mannschaft, fasiszta és nacionalista szervezet tagja volt. Sok fiatalt fertőzött meg nézeteivel, [&hellip;]</p>
