{"id":7278,"date":"2025-06-28T18:21:15","date_gmt":"2025-06-28T16:21:15","guid":{"rendered":"https:\/\/uj.adatbank.ro\/lexikon\/termek\/elsasser-miklos-%c2%a7\/"},"modified":"2025-06-28T18:21:15","modified_gmt":"2025-06-28T16:21:15","slug":"elsasser-miklos-%c2%a7","status":"publish","type":"product","link":"https:\/\/uj.adatbank.ro\/lexikon\/termek\/elsasser-miklos-%c2%a7\/","title":{"rendered":"ELS\u00c4SSER Mikl\u00f3s, \u00a7"},"content":{"rendered":"<p>Garabos, 1876., \u2020\u00a0Sepsiszentgy\u00f6rgy, 1958.: keny\u00e9rgy\u00e1ros \u00e9s lisztkeresked\u0151. \u2013 Iskol\u00e1i elv\u00e9gz\u00e9se ut\u00e1n a p\u00e9kmesters\u00e9get\u00a0tanulta, N\u00e9memeto.-ban, Ausztri\u00e1ban, Olaszo.-ban fejlesztette szakismereteit. Dics\u0151szentm\u00e1rtonba ker\u00fclt (1895\u2013), \u00f6n\u00e1ll\u00f3s\u00edtotta mag\u00e1t (1905): feh\u00e9rs\u00fctem\u00e9ny- \u00e9s keny\u00e9rgy\u00e1rat, p\u00e9k\u00fczemet \u00e9s lisztkeresked\u00e9st tartott fenn. V\u00e1rosi tan\u00e1cstag, r. k. egyh\u00e1zi tan\u00e1csos, a nagyszebeni \u00c1lt. Hitelbank igazgat\u00f3s\u00e1gi tagja, a helybeli Ipartest\u00fclet eln\u00f6ke. <br \/><strong>Irod.:<\/strong> csal\u00e1di inf.; Ki kicsoda ?<\/br><\/p>\n","protected":false},"excerpt":{"rendered":"<p>Garabos, 1876., \u2020\u00a0Sepsiszentgy\u00f6rgy, 1958.: keny\u00e9rgy\u00e1ros \u00e9s lisztkeresked\u0151. \u2013 Iskol\u00e1i elv\u00e9gz\u00e9se ut\u00e1n a p\u00e9kmesters\u00e9get\u00a0tanulta, N\u00e9memeto.-ban, Ausztri\u00e1ban, Olaszo.-ban fejlesztette szakismereteit. Dics\u0151szentm\u00e1rtonba ker\u00fclt (1895\u2013), \u00f6n\u00e1ll\u00f3s\u00edtotta mag\u00e1t (1905): feh\u00e9rs\u00fctem\u00e9ny- \u00e9s keny\u00e9rgy\u00e1rat, p\u00e9k\u00fczemet \u00e9s lisztkeresked\u00e9st tartott fenn. V\u00e1rosi tan\u00e1cstag, r. k. egyh\u00e1zi tan\u00e1csos, a nagyszebeni \u00c1lt. Hitelbank igazgat\u00f3s\u00e1gi tagja, a helybeli Ipartest\u00fclet eln\u00f6ke. Irod.: csal\u00e1di inf.; Ki kicsoda ?<\/p>\n","protected":false},"featured_media":0,"comment_status":"open","ping_status":"closed","template":"","meta":[],"product_brand":[],"product_cat":[137],"product_tag":[],"class_list":{"0":"post-7278","1":"product","2":"type-product","3":"status-publish","5":"product_cat-maros-megyei-eletrajzi-lexikon","7":"first","8":"instock","9":"shipping-taxable","10":"product-type-simple"},"_links":{"self":[{"href":"https:\/\/uj.adatbank.ro\/lexikon\/wp-json\/wp\/v2\/product\/7278","targetHints":{"allow":["GET"]}}],"collection":[{"href":"https:\/\/uj.adatbank.ro\/lexikon\/wp-json\/wp\/v2\/product"}],"about":[{"href":"https:\/\/uj.adatbank.ro\/lexikon\/wp-json\/wp\/v2\/types\/product"}],"replies":[{"embeddable":true,"href":"https:\/\/uj.adatbank.ro\/lexikon\/wp-json\/wp\/v2\/comments?post=7278"}],"wp:attachment":[{"href":"https:\/\/uj.adatbank.ro\/lexikon\/wp-json\/wp\/v2\/media?parent=7278"}],"wp:term":[{"taxonomy":"product_brand","embeddable":true,"href":"https:\/\/uj.adatbank.ro\/lexikon\/wp-json\/wp\/v2\/product_brand?post=7278"},{"taxonomy":"product_cat","embeddable":true,"href":"https:\/\/uj.adatbank.ro\/lexikon\/wp-json\/wp\/v2\/product_cat?post=7278"},{"taxonomy":"product_tag","embeddable":true,"href":"https:\/\/uj.adatbank.ro\/lexikon\/wp-json\/wp\/v2\/product_tag?post=7278"}],"curies":[{"name":"wp","href":"https:\/\/api.w.org\/{rel}","templated":true}]}}

ELSÄSSER Miklós, §

<p>Garabos, 1876., † Sepsiszentgyörgy, 1958.: kenyérgyáros és lisztkereskedő. – Iskolái elvégzése után a pékmesterséget tanulta, Némemeto.-ban, Ausztriában, Olaszo.-ban fejlesztette szakismereteit. Dicsőszentmártonba került (1895–), önállósította magát (1905): fehérsütemény- és kenyérgyárat, péküzemet és lisztkereskedést tartott fenn. Városi tanácstag, r. k. egyházi tanácsos, a nagyszebeni Ált. Hitelbank igazgatósági tagja, a helybeli Ipartestület elnöke. <br /><strong>Irod.:</strong> családi inf.; Ki kicsoda ?</br></p>

<p>Garabos, 1876., † Sepsiszentgyörgy, 1958.: kenyérgyáros és lisztkereskedő. – Iskolái elvégzése után a pékmesterséget tanulta, Némemeto.-ban, Ausztriában, Olaszo.-ban fejlesztette szakismereteit. Dicsőszentmártonba került (1895–), önállósította magát (1905): fehérsütemény- és kenyérgyárat, péküzemet és lisztkereskedést tartott fenn. Városi tanácstag, r. k. egyházi tanácsos, a nagyszebeni Ált. Hitelbank igazgatósági tagja, a helybeli Ipartestület elnöke. Irod.: családi inf.; Ki kicsoda ?</p>
