{"id":7279,"date":"2025-06-28T18:21:16","date_gmt":"2025-06-28T16:21:16","guid":{"rendered":"https:\/\/uj.adatbank.ro\/lexikon\/termek\/elsasser-miklos-%c2%a7-2\/"},"modified":"2025-06-28T18:21:16","modified_gmt":"2025-06-28T16:21:16","slug":"elsasser-miklos-%c2%a7-2","status":"publish","type":"product","link":"https:\/\/uj.adatbank.ro\/lexikon\/termek\/elsasser-miklos-%c2%a7-2\/","title":{"rendered":"ELS\u00c4SSER Mikl\u00f3s, \u00a7"},"content":{"rendered":"<p>Dics\u0151szentm\u00e1rton, 1903. m\u00e1j. 22., \u2020 Mv., 1977. okt. 15.: malom tulajdonos, k\u00f6zgazd\u00e1sz. \u2013 Apja E. Mikl\u00f3s. Fels\u0151fok\u00fa Kereskedelmi Iskol\u00e1t v\u00e9gzett Mv.-en. Borz\u00e1son m\u0171malmot \u00e9p\u00edtetett \u00e9s m\u0171k\u00f6dtetett az \u00e1llamos\u00edt\u00e1sig (1939\u201348. j\u00fan. 11.), az \u00e1llmos\u00edt\u00e1s ut\u00e1n m\u00e1sok m\u0171k\u00f6dtett\u00e9k a malmot (1948\u201398). Mint kizs\u00e1km\u00e1nyol\u00f3t el\u00fcld\u00f6zt\u00e9k a falub\u00f3l, Ny\u00e1r\u00e1dszered\u00e1ban, majd Mv.-en a V\u00e1g\u00f3h\u00eddon dolgozott nyugd\u00edjaz\u00e1s\u00e1ig (1956\u201363). <br \/><strong>Irod.:<\/strong> csal\u00e1di inf.<\/br><\/p>\n","protected":false},"excerpt":{"rendered":"<p>Dics\u0151szentm\u00e1rton, 1903. m\u00e1j. 22., \u2020 Mv., 1977. okt. 15.: malom tulajdonos, k\u00f6zgazd\u00e1sz. \u2013 Apja E. Mikl\u00f3s. Fels\u0151fok\u00fa Kereskedelmi Iskol\u00e1t v\u00e9gzett Mv.-en. Borz\u00e1son m\u0171malmot \u00e9p\u00edtetett \u00e9s m\u0171k\u00f6dtetett az \u00e1llamos\u00edt\u00e1sig (1939\u201348. j\u00fan. 11.), az \u00e1llmos\u00edt\u00e1s ut\u00e1n m\u00e1sok m\u0171k\u00f6dtett\u00e9k a malmot (1948\u201398). Mint kizs\u00e1km\u00e1nyol\u00f3t el\u00fcld\u00f6zt\u00e9k a falub\u00f3l, Ny\u00e1r\u00e1dszered\u00e1ban, majd Mv.-en a V\u00e1g\u00f3h\u00eddon dolgozott nyugd\u00edjaz\u00e1s\u00e1ig (1956\u201363). Irod.: csal\u00e1di inf.<\/p>\n","protected":false},"featured_media":0,"comment_status":"open","ping_status":"closed","template":"","meta":[],"product_brand":[],"product_cat":[137],"product_tag":[],"class_list":{"0":"post-7279","1":"product","2":"type-product","3":"status-publish","5":"product_cat-maros-megyei-eletrajzi-lexikon","7":"first","8":"instock","9":"shipping-taxable","10":"product-type-simple"},"_links":{"self":[{"href":"https:\/\/uj.adatbank.ro\/lexikon\/wp-json\/wp\/v2\/product\/7279","targetHints":{"allow":["GET"]}}],"collection":[{"href":"https:\/\/uj.adatbank.ro\/lexikon\/wp-json\/wp\/v2\/product"}],"about":[{"href":"https:\/\/uj.adatbank.ro\/lexikon\/wp-json\/wp\/v2\/types\/product"}],"replies":[{"embeddable":true,"href":"https:\/\/uj.adatbank.ro\/lexikon\/wp-json\/wp\/v2\/comments?post=7279"}],"wp:attachment":[{"href":"https:\/\/uj.adatbank.ro\/lexikon\/wp-json\/wp\/v2\/media?parent=7279"}],"wp:term":[{"taxonomy":"product_brand","embeddable":true,"href":"https:\/\/uj.adatbank.ro\/lexikon\/wp-json\/wp\/v2\/product_brand?post=7279"},{"taxonomy":"product_cat","embeddable":true,"href":"https:\/\/uj.adatbank.ro\/lexikon\/wp-json\/wp\/v2\/product_cat?post=7279"},{"taxonomy":"product_tag","embeddable":true,"href":"https:\/\/uj.adatbank.ro\/lexikon\/wp-json\/wp\/v2\/product_tag?post=7279"}],"curies":[{"name":"wp","href":"https:\/\/api.w.org\/{rel}","templated":true}]}}

ELSÄSSER Miklós, §

<p>Dicsőszentmárton, 1903. máj. 22., † Mv., 1977. okt. 15.: malom tulajdonos, közgazdász. – Apja E. Miklós. Felsőfokú Kereskedelmi Iskolát végzett Mv.-en. Borzáson műmalmot építetett és működtetett az államosításig (1939–48. jún. 11.), az állmosítás után mások működtették a malmot (1948–98). Mint kizsákmányolót elüldözték a faluból, Nyárádszeredában, majd Mv.-en a Vágóhídon dolgozott nyugdíjazásáig (1956–63). <br /><strong>Irod.:</strong> családi inf.</br></p>

<p>Dicsőszentmárton, 1903. máj. 22., † Mv., 1977. okt. 15.: malom tulajdonos, közgazdász. – Apja E. Miklós. Felsőfokú Kereskedelmi Iskolát végzett Mv.-en. Borzáson műmalmot építetett és működtetett az államosításig (1939–48. jún. 11.), az állmosítás után mások működtették a malmot (1948–98). Mint kizsákmányolót elüldözték a faluból, Nyárádszeredában, majd Mv.-en a Vágóhídon dolgozott nyugdíjazásáig (1956–63). Irod.: családi inf.</p>
