{"id":7281,"date":"2025-06-28T18:21:19","date_gmt":"2025-06-28T16:21:19","guid":{"rendered":"https:\/\/uj.adatbank.ro\/lexikon\/termek\/elsen-samuel\/"},"modified":"2025-06-28T18:21:19","modified_gmt":"2025-06-28T16:21:19","slug":"elsen-samuel","status":"publish","type":"product","link":"https:\/\/uj.adatbank.ro\/lexikon\/termek\/elsen-samuel\/","title":{"rendered":"ELSEN S\u00e1muel"},"content":{"rendered":"<p>Sz\u00e1szr\u00e9gen, ? \u2020 ? : katonatiszt. \u2013 Az osztr\u00e1k hadsereg felder\u00edt\u0151 oszlop\u00e1nak parancsnoka, majd \u00e1t\u00e1llt az orosz hadseregbe (1848 \u2013 49). Hadnagyi rangban, a r\u00e9geni V\u00e1rosi G\u00e1rda parancsnokak\u00e9nt, Urb\u00e1n ezredest t\u00e1mogatta a sz\u00e9kelyek t\u00e1mad\u00e1sa ellen, de mivel a rosszul felszerelt rom\u00e1n katon\u00e1k megfutamodtak, egyed\u00fcl maradt. Nov.-ben Urb\u00e1n megb\u00edzta, h. a Luz patak mellett egy dombon v\u00e1rja a m. forradalm\u00e1rok t\u00e1mad\u00e1s\u00e1t, \u0151 azonban megsz\u00f6k\u00f6tt, csal\u00e1dj\u00e1t akarta megmenteni, Fels\u0151bud\u00e1kra vinni. Ezut\u00e1n k\u00e9mtev\u00e9kenys\u00e9get folytatott, majd Urbannal egy\u00fctt elmenek\u00fclt a hat\u00e1rvonalhoz. Visszat\u00e9rt Sz\u00e1szr\u00e9genben egy dragonyos csoporttal, \u00e9s ott maradt (1849. febr.-ig)., amikor az osztr\u00e1k hadseregbe vonult \u00e1t, \u00e9s Beszterc\u00e9re h\u00faz\u00f3dott vissza. K\u00e9s\u0151bb \u00fajabb k\u00e9mtev\u00e9kenys\u00e9get folytatott. Urbannal Borgoprundra ment, r\u00e9szt vett a moroseni csat\u00e1ban Bem t\u00e1bornok ellen, majd a veres\u00e9g ut\u00e1n Borgotih\u00e1ra menek\u00fcl, onnan Bukovin\u00e1ba ment, ahol tolm\u00e1csk\u00e9nt m\u0171k\u0151d\u00f6tt, \u00e9s Malinovsky marsallal l\u00e9p kapcsolatba. Buk.-be k\u00fcldt\u00e9k, ahol Gedeon gener\u00e1lissal tal\u00e1lkozott. Visszat\u00e9r\u00e9se ut\u00e1n osztr\u00e1k szolg\u00e1latba \u00e1llt a rom\u00e1n ezreden bel\u00fcl. V\u00e1ratlanul elfoglalta Borgoprundot, majd gy\u0151zedelmesen bevonult Sz\u00e1szr\u00e9genbe (1849. j\u00fal. 6.). Ezut\u00e1ni \u00e9let\u00fatja ismeretlen. <br \/><strong>Irod.:<\/strong> Reghin, militari<\/br><\/p>\n","protected":false},"excerpt":{"rendered":"<p>Sz\u00e1szr\u00e9gen, ? \u2020 ? : katonatiszt. \u2013 Az osztr\u00e1k hadsereg felder\u00edt\u0151 oszlop\u00e1nak parancsnoka, majd \u00e1t\u00e1llt az orosz hadseregbe (1848 \u2013 49). Hadnagyi rangban, a r\u00e9geni V\u00e1rosi G\u00e1rda parancsnokak\u00e9nt, Urb\u00e1n ezredest t\u00e1mogatta a sz\u00e9kelyek t\u00e1mad\u00e1sa ellen, de mivel a rosszul felszerelt rom\u00e1n katon\u00e1k megfutamodtak, egyed\u00fcl maradt. Nov.-ben Urb\u00e1n megb\u00edzta, h. a Luz patak mellett egy dombon [&hellip;]<\/p>\n","protected":false},"featured_media":0,"comment_status":"open","ping_status":"closed","template":"","meta":[],"product_brand":[],"product_cat":[137],"product_tag":[],"class_list":{"0":"post-7281","1":"product","2":"type-product","3":"status-publish","5":"product_cat-maros-megyei-eletrajzi-lexikon","7":"first","8":"instock","9":"shipping-taxable","10":"product-type-simple"},"_links":{"self":[{"href":"https:\/\/uj.adatbank.ro\/lexikon\/wp-json\/wp\/v2\/product\/7281","targetHints":{"allow":["GET"]}}],"collection":[{"href":"https:\/\/uj.adatbank.ro\/lexikon\/wp-json\/wp\/v2\/product"}],"about":[{"href":"https:\/\/uj.adatbank.ro\/lexikon\/wp-json\/wp\/v2\/types\/product"}],"replies":[{"embeddable":true,"href":"https:\/\/uj.adatbank.ro\/lexikon\/wp-json\/wp\/v2\/comments?post=7281"}],"wp:attachment":[{"href":"https:\/\/uj.adatbank.ro\/lexikon\/wp-json\/wp\/v2\/media?parent=7281"}],"wp:term":[{"taxonomy":"product_brand","embeddable":true,"href":"https:\/\/uj.adatbank.ro\/lexikon\/wp-json\/wp\/v2\/product_brand?post=7281"},{"taxonomy":"product_cat","embeddable":true,"href":"https:\/\/uj.adatbank.ro\/lexikon\/wp-json\/wp\/v2\/product_cat?post=7281"},{"taxonomy":"product_tag","embeddable":true,"href":"https:\/\/uj.adatbank.ro\/lexikon\/wp-json\/wp\/v2\/product_tag?post=7281"}],"curies":[{"name":"wp","href":"https:\/\/api.w.org\/{rel}","templated":true}]}}

ELSEN Sámuel

<p>Szászrégen, ? † ? : katonatiszt. – Az osztrák hadsereg felderítő oszlopának parancsnoka, majd átállt az orosz hadseregbe (1848 – 49). Hadnagyi rangban, a régeni Városi Gárda parancsnokaként, Urbán ezredest támogatta a székelyek támadása ellen, de mivel a rosszul felszerelt román katonák megfutamodtak, egyedül maradt. Nov.-ben Urbán megbízta, h. a Luz patak mellett egy dombon várja a m. forradalmárok támadását, ő azonban megszökött, családját akarta megmenteni, Felsőbudákra vinni. Ezután kémtevékenységet folytatott, majd Urbannal együtt elmenekült a határvonalhoz. Visszatért Szászrégenben egy dragonyos csoporttal, és ott maradt (1849. febr.-ig)., amikor az osztrák hadseregbe vonult át, és Besztercére húzódott vissza. Később újabb kémtevékenységet folytatott. Urbannal Borgoprundra ment, részt vett a moroseni csatában Bem tábornok ellen, majd a vereség után Borgotihára menekül, onnan Bukovinába ment, ahol tolmácsként műkődött, és Malinovsky marsallal lép kapcsolatba. Buk.-be küldték, ahol Gedeon generálissal találkozott. Visszatérése után osztrák szolgálatba állt a román ezreden belül. Váratlanul elfoglalta Borgoprundot, majd győzedelmesen bevonult Szászrégenbe (1849. júl. 6.). Ezutáni életútja ismeretlen. <br /><strong>Irod.:</strong> Reghin, militari</br></p>

<p>Szászrégen, ? † ? : katonatiszt. – Az osztrák hadsereg felderítő oszlopának parancsnoka, majd átállt az orosz hadseregbe (1848 – 49). Hadnagyi rangban, a régeni Városi Gárda parancsnokaként, Urbán ezredest támogatta a székelyek támadása ellen, de mivel a rosszul felszerelt román katonák megfutamodtak, egyedül maradt. Nov.-ben Urbán megbízta, h. a Luz patak mellett egy dombon [&hellip;]</p>
