{"id":7283,"date":"2025-06-28T18:21:24","date_gmt":"2025-06-28T16:21:24","guid":{"rendered":"https:\/\/uj.adatbank.ro\/lexikon\/termek\/elteto-albert-id-%c2%a7\/"},"modified":"2025-06-28T18:21:24","modified_gmt":"2025-06-28T16:21:24","slug":"elteto-albert-id-%c2%a7","status":"publish","type":"product","link":"https:\/\/uj.adatbank.ro\/lexikon\/termek\/elteto-albert-id-%c2%a7\/","title":{"rendered":"\u00c9LTET\u0150 Albert, id.\u00a7"},"content":{"rendered":"<p>? \u2020\u00a0? : f\u00f6ldbirtokos. \u2013 Nagyapja \u00c9. D\u00e1niel, apja \u00c9. J\u00f3zsef.- Magyarr\u00e9geni nagybirtokos \u00e9s tutajos v\u00e1llalkoz\u00f3. Megyei virilista (1887, 1910, 1914). A Sz\u00e1szr\u00e9geni Kasz\u00edn\u00f3 (alakult 1894.) els\u0151 eln\u00f6ke. Egy t\u00e1rssal l\u00e9tes\u00edtett f\u0171r\u00e9sztelepet Szov\u00e1t\u00e1n (1900). F\u0171r\u00e9szgy\u00e1r\u00e1t a Neuschlais c\u00e9g v\u00e1s\u00e1rolta meg. A G\u00f6rg\u00e9nyi egyh\u00e1zmegye algondnokak\u00e9nt r\u00e9szt vett az Erd\u00e9lyi Ref. Egyh\u00e1zker\u00fclet k\u00f6zgy\u0171l\u00e9s\u00e9n (Kv, 1888). <br \/><strong>Irod.:<\/strong> B\u00edr\u00f3 Don\u00e1t; Az Erd\u00e9lyi Ref. Egyh\u00e1zker\u00fclet k\u00f6zgy\u0171l\u00e9s\u00e9nek jegyz\u0151k\u00f6nyve (Kv, 1888); Id\u0151t\u00e1r 2\u00a0; Szov\u00e1ta<\/br><\/p>\n","protected":false},"excerpt":{"rendered":"<p>? \u2020\u00a0? : f\u00f6ldbirtokos. \u2013 Nagyapja \u00c9. D\u00e1niel, apja \u00c9. J\u00f3zsef.- Magyarr\u00e9geni nagybirtokos \u00e9s tutajos v\u00e1llalkoz\u00f3. Megyei virilista (1887, 1910, 1914). A Sz\u00e1szr\u00e9geni Kasz\u00edn\u00f3 (alakult 1894.) els\u0151 eln\u00f6ke. Egy t\u00e1rssal l\u00e9tes\u00edtett f\u0171r\u00e9sztelepet Szov\u00e1t\u00e1n (1900). F\u0171r\u00e9szgy\u00e1r\u00e1t a Neuschlais c\u00e9g v\u00e1s\u00e1rolta meg. A G\u00f6rg\u00e9nyi egyh\u00e1zmegye algondnokak\u00e9nt r\u00e9szt vett az Erd\u00e9lyi Ref. Egyh\u00e1zker\u00fclet k\u00f6zgy\u0171l\u00e9s\u00e9n (Kv, 1888). Irod.: B\u00edr\u00f3 [&hellip;]<\/p>\n","protected":false},"featured_media":0,"comment_status":"open","ping_status":"closed","template":"","meta":[],"product_brand":[],"product_cat":[137],"product_tag":[],"class_list":{"0":"post-7283","1":"product","2":"type-product","3":"status-publish","5":"product_cat-maros-megyei-eletrajzi-lexikon","7":"first","8":"instock","9":"shipping-taxable","10":"product-type-simple"},"_links":{"self":[{"href":"https:\/\/uj.adatbank.ro\/lexikon\/wp-json\/wp\/v2\/product\/7283","targetHints":{"allow":["GET"]}}],"collection":[{"href":"https:\/\/uj.adatbank.ro\/lexikon\/wp-json\/wp\/v2\/product"}],"about":[{"href":"https:\/\/uj.adatbank.ro\/lexikon\/wp-json\/wp\/v2\/types\/product"}],"replies":[{"embeddable":true,"href":"https:\/\/uj.adatbank.ro\/lexikon\/wp-json\/wp\/v2\/comments?post=7283"}],"wp:attachment":[{"href":"https:\/\/uj.adatbank.ro\/lexikon\/wp-json\/wp\/v2\/media?parent=7283"}],"wp:term":[{"taxonomy":"product_brand","embeddable":true,"href":"https:\/\/uj.adatbank.ro\/lexikon\/wp-json\/wp\/v2\/product_brand?post=7283"},{"taxonomy":"product_cat","embeddable":true,"href":"https:\/\/uj.adatbank.ro\/lexikon\/wp-json\/wp\/v2\/product_cat?post=7283"},{"taxonomy":"product_tag","embeddable":true,"href":"https:\/\/uj.adatbank.ro\/lexikon\/wp-json\/wp\/v2\/product_tag?post=7283"}],"curies":[{"name":"wp","href":"https:\/\/api.w.org\/{rel}","templated":true}]}}

ÉLTETŐ Albert, id.§

<p>? † ? : földbirtokos. – Nagyapja É. Dániel, apja É. József.- Magyarrégeni nagybirtokos és tutajos vállalkozó. Megyei virilista (1887, 1910, 1914). A Szászrégeni Kaszínó (alakult 1894.) első elnöke. Egy társsal létesített fűrésztelepet Szovátán (1900). Fűrészgyárát a Neuschlais cég vásárolta meg. A Görgényi egyházmegye algondnokaként részt vett az Erdélyi Ref. Egyházkerület közgyűlésén (Kv, 1888). <br /><strong>Irod.:</strong> Bíró Donát; Az Erdélyi Ref. Egyházkerület közgyűlésének jegyzőkönyve (Kv, 1888); Időtár 2 ; Szováta</br></p>

<p>? † ? : földbirtokos. – Nagyapja É. Dániel, apja É. József.- Magyarrégeni nagybirtokos és tutajos vállalkozó. Megyei virilista (1887, 1910, 1914). A Szászrégeni Kaszínó (alakult 1894.) első elnöke. Egy társsal létesített fűrésztelepet Szovátán (1900). Fűrészgyárát a Neuschlais cég vásárolta meg. A Görgényi egyházmegye algondnokaként részt vett az Erdélyi Ref. Egyházkerület közgyűlésén (Kv, 1888). Irod.: Bíró [&hellip;]</p>
