{"id":7285,"date":"2025-06-28T18:21:29","date_gmt":"2025-06-28T16:21:29","guid":{"rendered":"https:\/\/uj.adatbank.ro\/lexikon\/termek\/elteto-daniel-%c2%a7-zilahi\/"},"modified":"2025-06-28T18:21:29","modified_gmt":"2025-06-28T16:21:29","slug":"elteto-daniel-%c2%a7-zilahi","status":"publish","type":"product","link":"https:\/\/uj.adatbank.ro\/lexikon\/termek\/elteto-daniel-%c2%a7-zilahi\/","title":{"rendered":"\u00c9LTET\u0150 D\u00e1niel, \u00a7 zilahi"},"content":{"rendered":"<p>Sz\u00e1szr\u00e9gen, 1871., \u2020\u00a0? : f\u00f6ldbirtokos. Feles\u00e9ge: V\u00e1radi Csuk\u00e1t Karolina. Fiaik: J\u00f3zsef \u00e9s Albert. \u2013 Kereskedelmi \u00e9s gazdas\u00e1gi akad.-\u00e1t Kv.-on v\u00e9gzett, a tiszti vizsg\u00e1t az 51. gy. ezred k\u00f6tel\u00e9k\u00e9ben tette le. Kb. 1260 holdat kitev\u0151 birtok\u00e1n \u00f6n\u00e1ll\u00f3an gazd\u00e1lkodott. A megyebizotts\u00e1g tagja, a ref. egyh\u00e1z tan\u00e1csosa volt. Palotailv\u00e1n is voltak birtokai. A Szal\u00e1rd foly\u00f3n f\u0171r\u00e9sz\u00fczemet l\u00e9tes\u00edtett Smilovitz \u00a7 T\u00e1rsa n\u00e9ven, amelyben 6 gater m\u0171k\u0151d\u00f6tt, egy l\u00e1dagy\u00e1rt\u00f3 r\u00e9szleggel is rendelkezett. A gy\u00e1r a legkorszer\u0171bb g\u00e9pekkel, 1 km hossz\u00fas\u00e1g\u00fa saj\u00e1t vas\u00fattal volt felszerlve (1909). K\u00e9s\u0151bb a gy\u00e1r a Sz\u00e1szr\u00e9gen R.T. birtoka lett, amely a Foresta Konszernhez tartozott \u00e9s 724 munk\u00e1st foglalkoztatott (1926\u2013). A II. vh. bomb\u00e1z\u00e1saikor a gy\u00e1r teljesen megsemmis\u00fclt, nem is \u00e9p\u00edtett\u00e9k \u00fajra (1944). Nagy szerepe volt a marosi tutajoz\u00e1s \u00e9s fakeresked\u00e9s, r\u00f6nksz\u00e1ll\u00edt\u00e1s meghonos\u00edt\u00e1s\u00e1ban. Fiait belenevelte a tutajkereskedelembe. Hal\u00e1la ut\u00e1n feles\u00e9ge folytatta a csal\u00e1di v\u00e1llalkoz\u00e1st, valamint a Sz\u00e1szr\u00e9geni M. Polg\u00e1ri Dalk\u00f6r tagjaib\u00f3l m\u0171kedvel\u0151 sz\u00ednj\u00e1tsz\u00f3t\u00e1rsulat alakult, ennek eln\u00f6kek\u00e9nt sokat f\u00e1radozott sz\u00ednj\u00e1tsz\u00f3 t\u00e1rsulat sikerei\u00e9rt. A tutajoz\u00e1s finansz\u00edroz\u00e1s\u00e1t fokozatosan \u00e1tvett\u00e9k a magyarr\u00e9geni nemesekt\u0151l a sz\u00e1szr\u00e9geni keresked\u0151k, a vas\u00fat meg\u00e9p\u00edt\u00e9s\u00e9vel fokozatosan elvesztette jelent\u0151s\u00e9g\u00e9t (1900-as \u00e9vek elej\u00e9t\u0151l). <br \/><strong>Irod.:<\/strong> B\u00edr\u00f3 Don\u00e1t; Lunca Bradului; Sz\u00e1szr\u00e9gen \u00e9s vid\u00e9ke; Pan\u0103; Sz\u00e9kelyf\u00f6ld \u00ed.k.<\/br><\/p>\n","protected":false},"excerpt":{"rendered":"<p>Sz\u00e1szr\u00e9gen, 1871., \u2020\u00a0? : f\u00f6ldbirtokos. Feles\u00e9ge: V\u00e1radi Csuk\u00e1t Karolina. Fiaik: J\u00f3zsef \u00e9s Albert. \u2013 Kereskedelmi \u00e9s gazdas\u00e1gi akad.-\u00e1t Kv.-on v\u00e9gzett, a tiszti vizsg\u00e1t az 51. gy. ezred k\u00f6tel\u00e9k\u00e9ben tette le. Kb. 1260 holdat kitev\u0151 birtok\u00e1n \u00f6n\u00e1ll\u00f3an gazd\u00e1lkodott. A megyebizotts\u00e1g tagja, a ref. egyh\u00e1z tan\u00e1csosa volt. Palotailv\u00e1n is voltak birtokai. A Szal\u00e1rd foly\u00f3n f\u0171r\u00e9sz\u00fczemet l\u00e9tes\u00edtett Smilovitz [&hellip;]<\/p>\n","protected":false},"featured_media":0,"comment_status":"open","ping_status":"closed","template":"","meta":[],"product_brand":[],"product_cat":[137],"product_tag":[],"class_list":{"0":"post-7285","1":"product","2":"type-product","3":"status-publish","5":"product_cat-maros-megyei-eletrajzi-lexikon","7":"first","8":"instock","9":"shipping-taxable","10":"product-type-simple"},"_links":{"self":[{"href":"https:\/\/uj.adatbank.ro\/lexikon\/wp-json\/wp\/v2\/product\/7285","targetHints":{"allow":["GET"]}}],"collection":[{"href":"https:\/\/uj.adatbank.ro\/lexikon\/wp-json\/wp\/v2\/product"}],"about":[{"href":"https:\/\/uj.adatbank.ro\/lexikon\/wp-json\/wp\/v2\/types\/product"}],"replies":[{"embeddable":true,"href":"https:\/\/uj.adatbank.ro\/lexikon\/wp-json\/wp\/v2\/comments?post=7285"}],"wp:attachment":[{"href":"https:\/\/uj.adatbank.ro\/lexikon\/wp-json\/wp\/v2\/media?parent=7285"}],"wp:term":[{"taxonomy":"product_brand","embeddable":true,"href":"https:\/\/uj.adatbank.ro\/lexikon\/wp-json\/wp\/v2\/product_brand?post=7285"},{"taxonomy":"product_cat","embeddable":true,"href":"https:\/\/uj.adatbank.ro\/lexikon\/wp-json\/wp\/v2\/product_cat?post=7285"},{"taxonomy":"product_tag","embeddable":true,"href":"https:\/\/uj.adatbank.ro\/lexikon\/wp-json\/wp\/v2\/product_tag?post=7285"}],"curies":[{"name":"wp","href":"https:\/\/api.w.org\/{rel}","templated":true}]}}

ÉLTETŐ Dániel, § zilahi

<p>Szászrégen, 1871., † ? : földbirtokos. Felesége: Váradi Csukát Karolina. Fiaik: József és Albert. – Kereskedelmi és gazdasági akad.-át Kv.-on végzett, a tiszti vizsgát az 51. gy. ezred kötelékében tette le. Kb. 1260 holdat kitevő birtokán önállóan gazdálkodott. A megyebizottság tagja, a ref. egyház tanácsosa volt. Palotailván is voltak birtokai. A Szalárd folyón fűrészüzemet létesített Smilovitz § Társa néven, amelyben 6 gater műkődött, egy ládagyártó részleggel is rendelkezett. A gyár a legkorszerűbb gépekkel, 1 km hosszúságú saját vasúttal volt felszerlve (1909). Később a gyár a Szászrégen R.T. birtoka lett, amely a Foresta Konszernhez tartozott és 724 munkást foglalkoztatott (1926–). A II. vh. bombázásaikor a gyár teljesen megsemmisült, nem is építették újra (1944). Nagy szerepe volt a marosi tutajozás és fakereskedés, rönkszállítás meghonosításában. Fiait belenevelte a tutajkereskedelembe. Halála után felesége folytatta a családi vállalkozást, valamint a Szászrégeni M. Polgári Dalkör tagjaiból műkedvelő színjátszótársulat alakult, ennek elnökeként sokat fáradozott színjátszó társulat sikereiért. A tutajozás finanszírozását fokozatosan átvették a magyarrégeni nemesektől a szászrégeni kereskedők, a vasút megépítésével fokozatosan elvesztette jelentőségét (1900-as évek elejétől). <br /><strong>Irod.:</strong> Bíró Donát; Lunca Bradului; Szászrégen és vidéke; Pană; Székelyföld í.k.</br></p>

<p>Szászrégen, 1871., † ? : földbirtokos. Felesége: Váradi Csukát Karolina. Fiaik: József és Albert. – Kereskedelmi és gazdasági akad.-át Kv.-on végzett, a tiszti vizsgát az 51. gy. ezred kötelékében tette le. Kb. 1260 holdat kitevő birtokán önállóan gazdálkodott. A megyebizottság tagja, a ref. egyház tanácsosa volt. Palotailván is voltak birtokai. A Szalárd folyón fűrészüzemet létesített Smilovitz [&hellip;]</p>
