{"id":7286,"date":"2025-06-28T18:21:31","date_gmt":"2025-06-28T16:21:31","guid":{"rendered":"https:\/\/uj.adatbank.ro\/lexikon\/termek\/elteto-jozsef\/"},"modified":"2025-06-28T18:21:31","modified_gmt":"2025-06-28T16:21:31","slug":"elteto-jozsef","status":"publish","type":"product","link":"https:\/\/uj.adatbank.ro\/lexikon\/termek\/elteto-jozsef\/","title":{"rendered":"\u00c9LTET\u0150 J\u00f3zsef"},"content":{"rendered":"<p>1865. j\u00fan. 30., \u2020 Nagyk\u00e1roly, 1944. okt. 12.: f\u00f6ldbirtokos. \u2013 Apja \u00c9. D\u00e1niel. Feles\u00e9ge: nagyenyedi Jeney Lenke (1877. j\u00fan. 5.- Holtmaros, 1927. nov. 28.). Gyermekeik: \u00c9. Katalin (1892. dec. 15.- 1953. m\u00e1rc. 9.), s\u00f3falvi Illy\u00e9s Istv\u00e1nn\u00e9; J\u00f3zsef (1894. \u00e1pr. 15.\u20131945. okt. 20.), feles\u00e9ge: Csed\u0151 Erzsike. \u2013 Holtmarosi nagybirtokos, a disznaj\u00f3i udvarh\u00e1zat \u00e9s a birtokok nagyr\u00e9sz\u00e9t a Rh\u00e9deyekt\u0151l vette meg a fi\u00e1nak. Holtmaroson birtokolt egy szeszgy\u00e1rat (1926). Az 1921-es f\u00f6ldreformot k\u00f6vet\u0151en kisaj\u00e1t\u00edtott\u00e1k birtokai nagyr\u00e9sz\u00e9t (60, 7 %). A 2. vh. ut\u00e1n 180 hold sz\u00e1nt\u00f3f\u00f6ldj\u00e9t, amely a magyar\u00f3i, holtmarosi \u00e9s disznaj\u00f3i hat\u00e1rban volt kiosztott\u00e1k az ig\u00e9nyl\u0151knek (1946). Menek\u00fcl\u00e9skor halt meg. Az \u00c9. csal\u00e1d visszakapta a disznaj\u00f3i \u00e9p\u00fcletet (1998). <br \/><strong>Irod.:<\/strong> B\u00edr\u00f3 Don\u00e1t; Gy\u00e1szjelent\u0151; Jeney csal\u00e1di inf.; Magyar\u00f3 h\u00e9tk\u00f6znapjai; Pan\u0103; Rh\u00e9deyek \u00e9s Fr\u00e1terek<\/br><\/p>\n","protected":false},"excerpt":{"rendered":"<p>1865. j\u00fan. 30., \u2020 Nagyk\u00e1roly, 1944. okt. 12.: f\u00f6ldbirtokos. \u2013 Apja \u00c9. D\u00e1niel. Feles\u00e9ge: nagyenyedi Jeney Lenke (1877. j\u00fan. 5.- Holtmaros, 1927. nov. 28.). Gyermekeik: \u00c9. Katalin (1892. dec. 15.- 1953. m\u00e1rc. 9.), s\u00f3falvi Illy\u00e9s Istv\u00e1nn\u00e9; J\u00f3zsef (1894. \u00e1pr. 15.\u20131945. okt. 20.), feles\u00e9ge: Csed\u0151 Erzsike. \u2013 Holtmarosi nagybirtokos, a disznaj\u00f3i udvarh\u00e1zat \u00e9s a birtokok nagyr\u00e9sz\u00e9t [&hellip;]<\/p>\n","protected":false},"featured_media":0,"comment_status":"open","ping_status":"closed","template":"","meta":[],"product_brand":[],"product_cat":[137],"product_tag":[],"class_list":{"0":"post-7286","1":"product","2":"type-product","3":"status-publish","5":"product_cat-maros-megyei-eletrajzi-lexikon","7":"first","8":"instock","9":"shipping-taxable","10":"product-type-simple"},"_links":{"self":[{"href":"https:\/\/uj.adatbank.ro\/lexikon\/wp-json\/wp\/v2\/product\/7286","targetHints":{"allow":["GET"]}}],"collection":[{"href":"https:\/\/uj.adatbank.ro\/lexikon\/wp-json\/wp\/v2\/product"}],"about":[{"href":"https:\/\/uj.adatbank.ro\/lexikon\/wp-json\/wp\/v2\/types\/product"}],"replies":[{"embeddable":true,"href":"https:\/\/uj.adatbank.ro\/lexikon\/wp-json\/wp\/v2\/comments?post=7286"}],"wp:attachment":[{"href":"https:\/\/uj.adatbank.ro\/lexikon\/wp-json\/wp\/v2\/media?parent=7286"}],"wp:term":[{"taxonomy":"product_brand","embeddable":true,"href":"https:\/\/uj.adatbank.ro\/lexikon\/wp-json\/wp\/v2\/product_brand?post=7286"},{"taxonomy":"product_cat","embeddable":true,"href":"https:\/\/uj.adatbank.ro\/lexikon\/wp-json\/wp\/v2\/product_cat?post=7286"},{"taxonomy":"product_tag","embeddable":true,"href":"https:\/\/uj.adatbank.ro\/lexikon\/wp-json\/wp\/v2\/product_tag?post=7286"}],"curies":[{"name":"wp","href":"https:\/\/api.w.org\/{rel}","templated":true}]}}