{"id":7287,"date":"2025-06-28T18:21:32","date_gmt":"2025-06-28T16:21:32","guid":{"rendered":"https:\/\/uj.adatbank.ro\/lexikon\/termek\/elteto-jozsef-zilahi\/"},"modified":"2025-06-28T18:21:32","modified_gmt":"2025-06-28T16:21:32","slug":"elteto-jozsef-zilahi","status":"publish","type":"product","link":"https:\/\/uj.adatbank.ro\/lexikon\/termek\/elteto-jozsef-zilahi\/","title":{"rendered":"\u00c9LTET\u0150 J\u00f3zsef, zilahi"},"content":{"rendered":"<p>Mv., 1885., \u2020 Bp., 1932. \u00e1pr. 30., : mez\u0151gazdas\u00e1gi szakisk. tan\u00e1r, igazgat\u00f3. \u2013 A k\u00f6z\u00e9piskol\u00e1t sz\u00fcl\u0151v\u00e1ros\u00e1ban, a gazd. Akad.-\u00e1t Kv.-on v\u00e9gezte. Mez\u0151gazdas\u00e1gi szakiskol\u00e1kban tev\u00e9kenykedett: gyakornok Nagyszentmikl\u00f3son, tan\u00e1r \u00e9s ig. S\u00e1rv\u00e1ron, tan\u00e1r Nagyk\u00e1ll\u00f3, Kecskem\u00e9t, Palics, Kisb\u00e9r, S\u00e1rv\u00e1r-on, igazgat\u00f3 Kehid\u00e1n. Cikkei\u00a0: K\u00f6ztetek, \u00c1llatteny\u00e9szt\u00e9si \u00e9s Tejgazdas\u00e1gi Lapok, Tejgazdas\u00e1gi Szemle. \u2013 <strong>F. m.:<\/strong> Sajt \u00e9s vajgy\u00e1rt\u00e1s (Bp., 1925). <br \/><strong>Irod.:<\/strong> Guly\u00e1s<\/br><\/p>\n","protected":false},"excerpt":{"rendered":"<p>Mv., 1885., \u2020 Bp., 1932. \u00e1pr. 30., : mez\u0151gazdas\u00e1gi szakisk. tan\u00e1r, igazgat\u00f3. \u2013 A k\u00f6z\u00e9piskol\u00e1t sz\u00fcl\u0151v\u00e1ros\u00e1ban, a gazd. Akad.-\u00e1t Kv.-on v\u00e9gezte. Mez\u0151gazdas\u00e1gi szakiskol\u00e1kban tev\u00e9kenykedett: gyakornok Nagyszentmikl\u00f3son, tan\u00e1r \u00e9s ig. S\u00e1rv\u00e1ron, tan\u00e1r Nagyk\u00e1ll\u00f3, Kecskem\u00e9t, Palics, Kisb\u00e9r, S\u00e1rv\u00e1r-on, igazgat\u00f3 Kehid\u00e1n. Cikkei\u00a0: K\u00f6ztetek, \u00c1llatteny\u00e9szt\u00e9si \u00e9s Tejgazdas\u00e1gi Lapok, Tejgazdas\u00e1gi Szemle. \u2013 F. m.: Sajt \u00e9s vajgy\u00e1rt\u00e1s (Bp., 1925). Irod.: [&hellip;]<\/p>\n","protected":false},"featured_media":0,"comment_status":"open","ping_status":"closed","template":"","meta":[],"product_brand":[],"product_cat":[137],"product_tag":[],"class_list":{"0":"post-7287","1":"product","2":"type-product","3":"status-publish","5":"product_cat-maros-megyei-eletrajzi-lexikon","7":"first","8":"instock","9":"shipping-taxable","10":"product-type-simple"},"_links":{"self":[{"href":"https:\/\/uj.adatbank.ro\/lexikon\/wp-json\/wp\/v2\/product\/7287","targetHints":{"allow":["GET"]}}],"collection":[{"href":"https:\/\/uj.adatbank.ro\/lexikon\/wp-json\/wp\/v2\/product"}],"about":[{"href":"https:\/\/uj.adatbank.ro\/lexikon\/wp-json\/wp\/v2\/types\/product"}],"replies":[{"embeddable":true,"href":"https:\/\/uj.adatbank.ro\/lexikon\/wp-json\/wp\/v2\/comments?post=7287"}],"wp:attachment":[{"href":"https:\/\/uj.adatbank.ro\/lexikon\/wp-json\/wp\/v2\/media?parent=7287"}],"wp:term":[{"taxonomy":"product_brand","embeddable":true,"href":"https:\/\/uj.adatbank.ro\/lexikon\/wp-json\/wp\/v2\/product_brand?post=7287"},{"taxonomy":"product_cat","embeddable":true,"href":"https:\/\/uj.adatbank.ro\/lexikon\/wp-json\/wp\/v2\/product_cat?post=7287"},{"taxonomy":"product_tag","embeddable":true,"href":"https:\/\/uj.adatbank.ro\/lexikon\/wp-json\/wp\/v2\/product_tag?post=7287"}],"curies":[{"name":"wp","href":"https:\/\/api.w.org\/{rel}","templated":true}]}}

ÉLTETŐ József, zilahi

<p>Mv., 1885., † Bp., 1932. ápr. 30., : mezőgazdasági szakisk. tanár, igazgató. – A középiskolát szülővárosában, a gazd. Akad.-át Kv.-on végezte. Mezőgazdasági szakiskolákban tevékenykedett: gyakornok Nagyszentmiklóson, tanár és ig. Sárváron, tanár Nagykálló, Kecskemét, Palics, Kisbér, Sárvár-on, igazgató Kehidán. Cikkei : Köztetek, Állattenyésztési és Tejgazdasági Lapok, Tejgazdasági Szemle. – <strong>F. m.:</strong> Sajt és vajgyártás (Bp., 1925). <br /><strong>Irod.:</strong> Gulyás</br></p>

<p>Mv., 1885., † Bp., 1932. ápr. 30., : mezőgazdasági szakisk. tanár, igazgató. – A középiskolát szülővárosában, a gazd. Akad.-át Kv.-on végezte. Mezőgazdasági szakiskolákban tevékenykedett: gyakornok Nagyszentmiklóson, tanár és ig. Sárváron, tanár Nagykálló, Kecskemét, Palics, Kisbér, Sárvár-on, igazgató Kehidán. Cikkei : Köztetek, Állattenyésztési és Tejgazdasági Lapok, Tejgazdasági Szemle. – F. m.: Sajt és vajgyártás (Bp., 1925). Irod.: [&hellip;]</p>
