{"id":7288,"date":"2025-06-28T18:21:33","date_gmt":"2025-06-28T16:21:33","guid":{"rendered":"https:\/\/uj.adatbank.ro\/lexikon\/termek\/elteto-lajos-zilahi-bujdoso-lajos\/"},"modified":"2025-06-28T18:21:33","modified_gmt":"2025-06-28T16:21:33","slug":"elteto-lajos-zilahi-bujdoso-lajos","status":"publish","type":"product","link":"https:\/\/uj.adatbank.ro\/lexikon\/termek\/elteto-lajos-zilahi-bujdoso-lajos\/","title":{"rendered":"\u00c9LTET\u0150 Lajos, zilahi; Bujdos\u00f3 Lajos"},"content":{"rendered":"<p>Csittszentiv\u00e1ny, 1898. okt. 23., \u2020\u00a0?: tisztvisel\u0151, k\u00f6lt\u0151. \u2013 Tanulm\u00e1nyait a debreceni Koll.-ban v\u00e9gezte (1922), ahol tan\u00edt\u00f3i oklevelet szerzett; beiratkozott a bp.-i tan\u00e1rk\u00e9pz\u0151be de tanulm\u00e1nyait abbahagyta, el\u0151bb a Gerbeaud-c\u00e9gn\u00e9l, majd mint forgalmi ad\u00f3hivatali tisztvisel\u0151k\u00e9nt (1924\u2013) Bp.-en tev\u00e9kenykedett. Dolgozott m\u00e9g Nagyk\u00e1t\u00e1n, Asz\u00f3don, Esztergomban, Szombathelyen, Ny\u00edregyh\u00e1z\u00e1n, Mv.-en. Verseit k\u00f6z\u00f6lte: A N\u00e9p, Erd\u00e9lyi Bar\u00e1zda, Erd\u00e9lyi H\u00edrek, M. irredenta, M. Vid\u00e9k, Ref. Lapja, mv.-i Reggeli \u00dajs\u00e1g, Sz\u00e9kely Sz\u00f3, Sz\u00e9kelys\u00e9g, Sz\u00f3zat, \u00daj Id\u0151k, Vas\u00e1rnapi \u00dajs\u00e1g. \u2013 <strong>F. m.:<\/strong> \u00c9n egy meg nem k\u00e9rdett akarat vagyok (Nagyk\u00e1ta, 1924); Magyar. orsz\u00e1g\u00faton (J\u00e1szber\u00e9ny, 1929). <br \/><strong>Irod.:<\/strong> Guly\u00e1s<\/br><\/p>\n","protected":false},"excerpt":{"rendered":"<p>Csittszentiv\u00e1ny, 1898. okt. 23., \u2020\u00a0?: tisztvisel\u0151, k\u00f6lt\u0151. \u2013 Tanulm\u00e1nyait a debreceni Koll.-ban v\u00e9gezte (1922), ahol tan\u00edt\u00f3i oklevelet szerzett; beiratkozott a bp.-i tan\u00e1rk\u00e9pz\u0151be de tanulm\u00e1nyait abbahagyta, el\u0151bb a Gerbeaud-c\u00e9gn\u00e9l, majd mint forgalmi ad\u00f3hivatali tisztvisel\u0151k\u00e9nt (1924\u2013) Bp.-en tev\u00e9kenykedett. Dolgozott m\u00e9g Nagyk\u00e1t\u00e1n, Asz\u00f3don, Esztergomban, Szombathelyen, Ny\u00edregyh\u00e1z\u00e1n, Mv.-en. Verseit k\u00f6z\u00f6lte: A N\u00e9p, Erd\u00e9lyi Bar\u00e1zda, Erd\u00e9lyi H\u00edrek, M. irredenta, M. [&hellip;]<\/p>\n","protected":false},"featured_media":0,"comment_status":"open","ping_status":"closed","template":"","meta":[],"product_brand":[],"product_cat":[137],"product_tag":[],"class_list":{"0":"post-7288","1":"product","2":"type-product","3":"status-publish","5":"product_cat-maros-megyei-eletrajzi-lexikon","7":"first","8":"instock","9":"shipping-taxable","10":"product-type-simple"},"_links":{"self":[{"href":"https:\/\/uj.adatbank.ro\/lexikon\/wp-json\/wp\/v2\/product\/7288","targetHints":{"allow":["GET"]}}],"collection":[{"href":"https:\/\/uj.adatbank.ro\/lexikon\/wp-json\/wp\/v2\/product"}],"about":[{"href":"https:\/\/uj.adatbank.ro\/lexikon\/wp-json\/wp\/v2\/types\/product"}],"replies":[{"embeddable":true,"href":"https:\/\/uj.adatbank.ro\/lexikon\/wp-json\/wp\/v2\/comments?post=7288"}],"wp:attachment":[{"href":"https:\/\/uj.adatbank.ro\/lexikon\/wp-json\/wp\/v2\/media?parent=7288"}],"wp:term":[{"taxonomy":"product_brand","embeddable":true,"href":"https:\/\/uj.adatbank.ro\/lexikon\/wp-json\/wp\/v2\/product_brand?post=7288"},{"taxonomy":"product_cat","embeddable":true,"href":"https:\/\/uj.adatbank.ro\/lexikon\/wp-json\/wp\/v2\/product_cat?post=7288"},{"taxonomy":"product_tag","embeddable":true,"href":"https:\/\/uj.adatbank.ro\/lexikon\/wp-json\/wp\/v2\/product_tag?post=7288"}],"curies":[{"name":"wp","href":"https:\/\/api.w.org\/{rel}","templated":true}]}}

ÉLTETŐ Lajos, zilahi; Bujdosó Lajos

<p>Csittszentivány, 1898. okt. 23., † ?: tisztviselő, költő. – Tanulmányait a debreceni Koll.-ban végezte (1922), ahol tanítói oklevelet szerzett; beiratkozott a bp.-i tanárképzőbe de tanulmányait abbahagyta, előbb a Gerbeaud-cégnél, majd mint forgalmi adóhivatali tisztviselőként (1924–) Bp.-en tevékenykedett. Dolgozott még Nagykátán, Aszódon, Esztergomban, Szombathelyen, Nyíregyházán, Mv.-en. Verseit közölte: A Nép, Erdélyi Barázda, Erdélyi Hírek, M. irredenta, M. Vidék, Ref. Lapja, mv.-i Reggeli Újság, Székely Szó, Székelység, Szózat, Új Idők, Vasárnapi Újság. – <strong>F. m.:</strong> Én egy meg nem kérdett akarat vagyok (Nagykáta, 1924); Magyar. országúton (Jászberény, 1929). <br /><strong>Irod.:</strong> Gulyás</br></p>

<p>Csittszentivány, 1898. okt. 23., † ?: tisztviselő, költő. – Tanulmányait a debreceni Koll.-ban végezte (1922), ahol tanítói oklevelet szerzett; beiratkozott a bp.-i tanárképzőbe de tanulmányait abbahagyta, előbb a Gerbeaud-cégnél, majd mint forgalmi adóhivatali tisztviselőként (1924–) Bp.-en tevékenykedett. Dolgozott még Nagykátán, Aszódon, Esztergomban, Szombathelyen, Nyíregyházán, Mv.-en. Verseit közölte: A Nép, Erdélyi Barázda, Erdélyi Hírek, M. irredenta, M. [&hellip;]</p>
