{"id":7289,"date":"2025-06-28T18:21:35","date_gmt":"2025-06-28T16:21:35","guid":{"rendered":"https:\/\/uj.adatbank.ro\/lexikon\/termek\/elteto-sandor\/"},"modified":"2025-06-28T18:21:35","modified_gmt":"2025-06-28T16:21:35","slug":"elteto-sandor","status":"publish","type":"product","link":"https:\/\/uj.adatbank.ro\/lexikon\/termek\/elteto-sandor\/","title":{"rendered":"\u00c9LTET\u0150 S\u00e1ndor"},"content":{"rendered":"<p>1913., \u2020\u00a0Mv, 1994. m\u00e1rc. 8.: tan\u00e1r. \u2013 A mv.-i \u00c1ll. M. Tan\u00edt\u00f3k\u00e9pz\u0151 Int\u00e9zet t\u00f6rt\u00e9nelemtan\u00e1ra (1944\u201348) \u00e9s igazgat\u00f3ja (1947\u201348) volt. A Ref. Koll.\/ Bolyai Farkas L\u00edc. tan\u00e1ra. <br \/><strong>Irod.:<\/strong> Derzsi; [Nekrol\u00f3g](N\u00fa., 1994. m\u00e1rc. 9.); Szab\u00f3 K. Attila<\/br><\/p>\n","protected":false},"excerpt":{"rendered":"<p>1913., \u2020\u00a0Mv, 1994. m\u00e1rc. 8.: tan\u00e1r. \u2013 A mv.-i \u00c1ll. M. Tan\u00edt\u00f3k\u00e9pz\u0151 Int\u00e9zet t\u00f6rt\u00e9nelemtan\u00e1ra (1944\u201348) \u00e9s igazgat\u00f3ja (1947\u201348) volt. A Ref. Koll.\/ Bolyai Farkas L\u00edc. tan\u00e1ra. Irod.: Derzsi; [Nekrol\u00f3g](N\u00fa., 1994. m\u00e1rc. 9.); Szab\u00f3 K. Attila<\/p>\n","protected":false},"featured_media":0,"comment_status":"open","ping_status":"closed","template":"","meta":[],"product_brand":[],"product_cat":[137],"product_tag":[],"class_list":{"0":"post-7289","1":"product","2":"type-product","3":"status-publish","5":"product_cat-maros-megyei-eletrajzi-lexikon","7":"first","8":"instock","9":"shipping-taxable","10":"product-type-simple"},"_links":{"self":[{"href":"https:\/\/uj.adatbank.ro\/lexikon\/wp-json\/wp\/v2\/product\/7289","targetHints":{"allow":["GET"]}}],"collection":[{"href":"https:\/\/uj.adatbank.ro\/lexikon\/wp-json\/wp\/v2\/product"}],"about":[{"href":"https:\/\/uj.adatbank.ro\/lexikon\/wp-json\/wp\/v2\/types\/product"}],"replies":[{"embeddable":true,"href":"https:\/\/uj.adatbank.ro\/lexikon\/wp-json\/wp\/v2\/comments?post=7289"}],"wp:attachment":[{"href":"https:\/\/uj.adatbank.ro\/lexikon\/wp-json\/wp\/v2\/media?parent=7289"}],"wp:term":[{"taxonomy":"product_brand","embeddable":true,"href":"https:\/\/uj.adatbank.ro\/lexikon\/wp-json\/wp\/v2\/product_brand?post=7289"},{"taxonomy":"product_cat","embeddable":true,"href":"https:\/\/uj.adatbank.ro\/lexikon\/wp-json\/wp\/v2\/product_cat?post=7289"},{"taxonomy":"product_tag","embeddable":true,"href":"https:\/\/uj.adatbank.ro\/lexikon\/wp-json\/wp\/v2\/product_tag?post=7289"}],"curies":[{"name":"wp","href":"https:\/\/api.w.org\/{rel}","templated":true}]}}