{"id":7295,"date":"2025-06-28T18:21:46","date_gmt":"2025-06-28T16:21:46","guid":{"rendered":"https:\/\/uj.adatbank.ro\/lexikon\/termek\/eminescu-mihai\/"},"modified":"2025-06-28T18:21:46","modified_gmt":"2025-06-28T16:21:46","slug":"eminescu-mihai","status":"publish","type":"product","link":"https:\/\/uj.adatbank.ro\/lexikon\/termek\/eminescu-mihai\/","title":{"rendered":"EMINESCU Mihai"},"content":{"rendered":"<p>Boto\u015fani, 1850. jan. 15., \u2020 Buk., 1889. j\u00fan. 15.: k\u00f6lt\u0151. \u2013 A rom\u00e1n nemzet nagy k\u00f6lt\u0151je Bal\u00e1zsfalv\u00e1ra igyekezett (1866 nyar\u00e1n), ekkor \u00e9rintette Mv.-t. A mv.-i egykori Bucur csal\u00e1d Feh\u00e9r L\u00f3 fogad\u00f3 \u00e9p\u00fclet\u00e9n (Kossuth Lajos u. 14. sz.) eml\u00e9kt\u00e1bla hirdeti: Itt sz\u00e1llt meg M. Eminescu (1866). \u00dajabb forr\u00e1sok szerint tudhat\u00f3, hogy a fogad\u00f3ban m\u00e1r nem tal\u00e1lt sz\u00e1ll\u00e1shelyett. Partenie Trombitas g\u00f6r. kat. esperes, felaj\u00e1nlotta, hogy a fatemplom pitvar\u00e1ban aludhat, amit el is fogadott. Mv.-en utca viseli a nev\u00e9t (1930-, majd 1949\u2013). A k\u00f6lt\u0151 eml\u00e9k\u00e9re, Izs\u00e1k M\u00e1rton szobr\u00e1szm\u0171v\u00e9sz alkot\u00e1s\u00e1t Mv.-en \u00e1ll\u00edtott\u00e1k fel (1989; N. Grigorescu u.). <br \/><strong>Irod.:<\/strong> 24 ore Mure\u015fene (2006. m\u00e1j. 10); C.L. (2005. jan. 5, 11\u00a0; 2005. szept. 16.; 2005. okt. 21.; 2006. jan. 13, 17.; 2006. m\u00e1j. 30.); Bota, Sorina; DGLR; Jurnalul de Mure\u015f (1995. 32. sz.); Maros megye; Al. Munteanu: \u00cen memoria lui M. E., la Tg. M. (15. ian. 1989); Mure\u015f, jude\u0163; Nagy Bod\u00f3 Tibor: A v\u00e1s\u00e1rhelyi fatemplom (K\u00f6zpont, 2015. j\u00fan. 25.-j\u00fal. 1); Nistor: Scrisori din Transilvania (Tg.M., 1991); Orb\u00e1n-Oniga; St.R. (1966. j\u00fan. 4.); T\u00e2rnava (1994. nr.1.); Tg.M.\u2013 Mv.<\/br><\/p>\n","protected":false},"excerpt":{"rendered":"<p>Boto\u015fani, 1850. jan. 15., \u2020 Buk., 1889. j\u00fan. 15.: k\u00f6lt\u0151. \u2013 A rom\u00e1n nemzet nagy k\u00f6lt\u0151je Bal\u00e1zsfalv\u00e1ra igyekezett (1866 nyar\u00e1n), ekkor \u00e9rintette Mv.-t. A mv.-i egykori Bucur csal\u00e1d Feh\u00e9r L\u00f3 fogad\u00f3 \u00e9p\u00fclet\u00e9n (Kossuth Lajos u. 14. sz.) eml\u00e9kt\u00e1bla hirdeti: Itt sz\u00e1llt meg M. Eminescu (1866). \u00dajabb forr\u00e1sok szerint tudhat\u00f3, hogy a fogad\u00f3ban m\u00e1r nem tal\u00e1lt [&hellip;]<\/p>\n","protected":false},"featured_media":0,"comment_status":"open","ping_status":"closed","template":"","meta":[],"product_brand":[],"product_cat":[137],"product_tag":[],"class_list":{"0":"post-7295","1":"product","2":"type-product","3":"status-publish","5":"product_cat-maros-megyei-eletrajzi-lexikon","7":"first","8":"instock","9":"shipping-taxable","10":"product-type-simple"},"_links":{"self":[{"href":"https:\/\/uj.adatbank.ro\/lexikon\/wp-json\/wp\/v2\/product\/7295","targetHints":{"allow":["GET"]}}],"collection":[{"href":"https:\/\/uj.adatbank.ro\/lexikon\/wp-json\/wp\/v2\/product"}],"about":[{"href":"https:\/\/uj.adatbank.ro\/lexikon\/wp-json\/wp\/v2\/types\/product"}],"replies":[{"embeddable":true,"href":"https:\/\/uj.adatbank.ro\/lexikon\/wp-json\/wp\/v2\/comments?post=7295"}],"wp:attachment":[{"href":"https:\/\/uj.adatbank.ro\/lexikon\/wp-json\/wp\/v2\/media?parent=7295"}],"wp:term":[{"taxonomy":"product_brand","embeddable":true,"href":"https:\/\/uj.adatbank.ro\/lexikon\/wp-json\/wp\/v2\/product_brand?post=7295"},{"taxonomy":"product_cat","embeddable":true,"href":"https:\/\/uj.adatbank.ro\/lexikon\/wp-json\/wp\/v2\/product_cat?post=7295"},{"taxonomy":"product_tag","embeddable":true,"href":"https:\/\/uj.adatbank.ro\/lexikon\/wp-json\/wp\/v2\/product_tag?post=7295"}],"curies":[{"name":"wp","href":"https:\/\/api.w.org\/{rel}","templated":true}]}}

<p>Botoşani, 1850. jan. 15., † Buk., 1889. jún. 15.: költő. – A román nemzet nagy költője Balázsfalvára igyekezett (1866 nyarán), ekkor érintette Mv.-t. A mv.-i egykori Bucur család Fehér Ló fogadó épületén (Kossuth Lajos u. 14. sz.) emléktábla hirdeti: Itt szállt meg M. Eminescu (1866). Újabb források szerint tudható, hogy a fogadóban már nem talált szálláshelyett. Partenie Trombitas gör. kat. esperes, felajánlotta, hogy a fatemplom pitvarában aludhat, amit el is fogadott. Mv.-en utca viseli a nevét (1930-, majd 1949–). A költő emlékére, Izsák Márton szobrászművész alkotását Mv.-en állították fel (1989; N. Grigorescu u.). <br /><strong>Irod.:</strong> 24 ore Mureşene (2006. máj. 10); C.L. (2005. jan. 5, 11 ; 2005. szept. 16.; 2005. okt. 21.; 2006. jan. 13, 17.; 2006. máj. 30.); Bota, Sorina; DGLR; Jurnalul de Mureş (1995. 32. sz.); Maros megye; Al. Munteanu: În memoria lui M. E., la Tg. M. (15. ian. 1989); Mureş, judeţ; Nagy Bodó Tibor: A vásárhelyi fatemplom (Központ, 2015. jún. 25.-júl. 1); Nistor: Scrisori din Transilvania (Tg.M., 1991); Orbán-Oniga; St.R. (1966. jún. 4.); Târnava (1994. nr.1.); Tg.M.– Mv.</br></p>

<p>Botoşani, 1850. jan. 15., † Buk., 1889. jún. 15.: költő. – A román nemzet nagy költője Balázsfalvára igyekezett (1866 nyarán), ekkor érintette Mv.-t. A mv.-i egykori Bucur család Fehér Ló fogadó épületén (Kossuth Lajos u. 14. sz.) emléktábla hirdeti: Itt szállt meg M. Eminescu (1866). Újabb források szerint tudható, hogy a fogadóban már nem talált [&hellip;]</p>
