{"id":7296,"date":"2025-06-28T18:21:50","date_gmt":"2025-06-28T16:21:50","guid":{"rendered":"https:\/\/uj.adatbank.ro\/lexikon\/termek\/emmrich-martin-emrich-marton\/"},"modified":"2025-06-28T18:21:50","modified_gmt":"2025-06-28T16:21:50","slug":"emmrich-martin-emrich-marton","status":"publish","type":"product","link":"https:\/\/uj.adatbank.ro\/lexikon\/termek\/emmrich-martin-emrich-marton\/","title":{"rendered":"EMMRICH Martin, Emrich M\u00e1rton"},"content":{"rendered":"<p>Beszterce, 1812. \u00e1pr. 12., \u2020 Sz\u00e1szr\u00e9gen, 1892. j\u00fan. 2.: gy\u00f3gyszer\u00e9sz, v\u00e1llalkoz\u00f3, eml\u00e9k\u00edr\u00f3. \u2013 Tanulm\u00e1nyai v\u00e9gezt\u00e9vel Sz\u00e1szr\u00e9geneben a Czoppelt patik\u00e1j\u00e1ban alkalmazt\u00e1k gy\u00f3gyszer\u00e9szk\u00e9nt. A r\u00e9geni forradalmi esem\u00e9nyek \u00e9s harcok r\u00e9sztvev\u0151je, szemtan\u00faja \u00e9s meg\u00f6r\u00f6k\u00edt\u0151je (1848\u201349). Jelent\u0151s szerepe volt R\u00e9gen puszt\u00edt\u00e1s (1848. nov. 2.) ut\u00e1ni gazdas\u00e1gi helyre\u00e1ll\u00edt\u00e1s\u00e1ban.Tagja volt a v\u00e1ros vezet\u00e9s\u00e9nek. T\u00e1mogatta a helyi ev. gimn.-ot mint tagja annak a bizotts\u00e1gnak, amelyik feladatul t\u0171zte ki a gimn. anyagi t\u00e1mogat\u00e1s\u00e1t. K\u00fcl\u00f6n\u00f6s \u00e9rdemei voltak az iskola term\u00e9szettudom\u00e1nyi laborat\u00farium\u00e1nak l\u00e9tes\u00edt\u00e9s\u00e9ben. Meg\u00edrta visszaeml\u00e9kez\u00e9seit az 1848-as forradalomr\u00f3l, az \u00e9rtelmis\u00e9gi ki\u00e1br\u00e1ndults\u00e1g\u00e1val ecsetelte a forradalom eszm\u00e9inek elfajul\u00e1s\u00e1t. Hosszabb ideig t\u00e1rsb\u00e9rl\u0151je \u00e9s vezet\u0151je a g\u00f6rg\u00e9ny\u00fcvegcs\u0171ri \u00fcveghut\u00e1nak, meg\u00edrta az erd\u00e9lyi \u00fcveghut\u00e1k t\u00f6rt\u00e9net\u00e9t. N\u00f6v\u00e9nytannal is foglalkozott, kutat\u00f3ja volt a r\u00e9geni n\u00f6v\u00e9nyvil\u00e1gnak, levelezett Fuss Mih\u00e1ly term\u00e9szettud\u00f3ssal, kb. 400 n\u00f6v\u00e9nyfaj le\u00edr\u00e1s\u00e1val j\u00e1rult hozz\u00e1 Fuss Flora Transsilvaniae Excursoria (1866) c. m\u0171v\u00e9hez. \u2013 <strong>F. m.:<\/strong> Geschichte S\u00e4chsisch-Regens in den Jahren 1848 und 1849 (1862); Ein Beitrag zur Kentni das siebenb\u00fcrg. Glassh\u00fctenwesens (\u00a0??). <br \/><strong>Irod.:<\/strong> Guly\u00e1s; Regh. cult. 2.; Regh. cult. 9.; Todea 2013<\/br><\/p>\n","protected":false},"excerpt":{"rendered":"<p>Beszterce, 1812. \u00e1pr. 12., \u2020 Sz\u00e1szr\u00e9gen, 1892. j\u00fan. 2.: gy\u00f3gyszer\u00e9sz, v\u00e1llalkoz\u00f3, eml\u00e9k\u00edr\u00f3. \u2013 Tanulm\u00e1nyai v\u00e9gezt\u00e9vel Sz\u00e1szr\u00e9geneben a Czoppelt patik\u00e1j\u00e1ban alkalmazt\u00e1k gy\u00f3gyszer\u00e9szk\u00e9nt. A r\u00e9geni forradalmi esem\u00e9nyek \u00e9s harcok r\u00e9sztvev\u0151je, szemtan\u00faja \u00e9s meg\u00f6r\u00f6k\u00edt\u0151je (1848\u201349). Jelent\u0151s szerepe volt R\u00e9gen puszt\u00edt\u00e1s (1848. nov. 2.) ut\u00e1ni gazdas\u00e1gi helyre\u00e1ll\u00edt\u00e1s\u00e1ban.Tagja volt a v\u00e1ros vezet\u00e9s\u00e9nek. T\u00e1mogatta a helyi ev. gimn.-ot mint tagja annak [&hellip;]<\/p>\n","protected":false},"featured_media":0,"comment_status":"open","ping_status":"closed","template":"","meta":[],"product_brand":[],"product_cat":[137],"product_tag":[],"class_list":{"0":"post-7296","1":"product","2":"type-product","3":"status-publish","5":"product_cat-maros-megyei-eletrajzi-lexikon","7":"first","8":"instock","9":"shipping-taxable","10":"product-type-simple"},"_links":{"self":[{"href":"https:\/\/uj.adatbank.ro\/lexikon\/wp-json\/wp\/v2\/product\/7296","targetHints":{"allow":["GET"]}}],"collection":[{"href":"https:\/\/uj.adatbank.ro\/lexikon\/wp-json\/wp\/v2\/product"}],"about":[{"href":"https:\/\/uj.adatbank.ro\/lexikon\/wp-json\/wp\/v2\/types\/product"}],"replies":[{"embeddable":true,"href":"https:\/\/uj.adatbank.ro\/lexikon\/wp-json\/wp\/v2\/comments?post=7296"}],"wp:attachment":[{"href":"https:\/\/uj.adatbank.ro\/lexikon\/wp-json\/wp\/v2\/media?parent=7296"}],"wp:term":[{"taxonomy":"product_brand","embeddable":true,"href":"https:\/\/uj.adatbank.ro\/lexikon\/wp-json\/wp\/v2\/product_brand?post=7296"},{"taxonomy":"product_cat","embeddable":true,"href":"https:\/\/uj.adatbank.ro\/lexikon\/wp-json\/wp\/v2\/product_cat?post=7296"},{"taxonomy":"product_tag","embeddable":true,"href":"https:\/\/uj.adatbank.ro\/lexikon\/wp-json\/wp\/v2\/product_tag?post=7296"}],"curies":[{"name":"wp","href":"https:\/\/api.w.org\/{rel}","templated":true}]}}

EMMRICH Martin, Emrich Márton

<p>Beszterce, 1812. ápr. 12., † Szászrégen, 1892. jún. 2.: gyógyszerész, vállalkozó, emlékíró. – Tanulmányai végeztével Szászrégeneben a Czoppelt patikájában alkalmazták gyógyszerészként. A régeni forradalmi események és harcok résztvevője, szemtanúja és megörökítője (1848–49). Jelentős szerepe volt Régen pusztítás (1848. nov. 2.) utáni gazdasági helyreállításában.Tagja volt a város vezetésének. Támogatta a helyi ev. gimn.-ot mint tagja annak a bizottságnak, amelyik feladatul tűzte ki a gimn. anyagi támogatását. Különös érdemei voltak az iskola természettudományi laboratúriumának létesítésében. Megírta visszaemlékezéseit az 1848-as forradalomról, az értelmiségi kiábrándultságával ecsetelte a forradalom eszméinek elfajulását. Hosszabb ideig társbérlője és vezetője a görgényüvegcsűri üveghutának, megírta az erdélyi üveghuták történetét. Növénytannal is foglalkozott, kutatója volt a régeni növényvilágnak, levelezett Fuss Mihály természettudóssal, kb. 400 növényfaj leírásával járult hozzá Fuss Flora Transsilvaniae Excursoria (1866) c. művéhez. – <strong>F. m.:</strong> Geschichte Sächsisch-Regens in den Jahren 1848 und 1849 (1862); Ein Beitrag zur Kentni das siebenbürg. Glasshütenwesens ( ??). <br /><strong>Irod.:</strong> Gulyás; Regh. cult. 2.; Regh. cult. 9.; Todea 2013</br></p>

<p>Beszterce, 1812. ápr. 12., † Szászrégen, 1892. jún. 2.: gyógyszerész, vállalkozó, emlékíró. – Tanulmányai végeztével Szászrégeneben a Czoppelt patikájában alkalmazták gyógyszerészként. A régeni forradalmi események és harcok résztvevője, szemtanúja és megörökítője (1848–49). Jelentős szerepe volt Régen pusztítás (1848. nov. 2.) utáni gazdasági helyreállításában.Tagja volt a város vezetésének. Támogatta a helyi ev. gimn.-ot mint tagja annak [&hellip;]</p>
