{"id":7299,"date":"2025-06-28T18:21:55","date_gmt":"2025-06-28T16:21:55","guid":{"rendered":"https:\/\/uj.adatbank.ro\/lexikon\/termek\/enachescu-iulia-iliescu-iulia\/"},"modified":"2025-06-28T18:21:55","modified_gmt":"2025-06-28T16:21:55","slug":"enachescu-iulia-iliescu-iulia","status":"publish","type":"product","link":"https:\/\/uj.adatbank.ro\/lexikon\/termek\/enachescu-iulia-iliescu-iulia\/","title":{"rendered":"EN\u0102CHESCU Iulia, Iliescu Iulia"},"content":{"rendered":"<p>S\u0103c\u0103en\u015fe\u015fti, 1927. j\u00fan. 24., \u2020 1994., ??: tan\u00e1r. \u2013 F\u00e9rje: Timotei A. En\u0103chescu, tan\u00e1r. \u2013 A Piatra Neam\u0163-i le\u00e1ny l\u00edc.-ban tanult (1938\u201346). Kv-on az egyetemen k\u00e9mi\u00e1t tanult egy \u00e9vig, majd beiratkozott a filol\u00f3gi\u00e1ra \u00e9s v\u00e9gzett (1951). Mez\u0151s\u00e1msondon (1951\u201352), majd Sz\u00e1szr\u00e9genben (1952\u201360) tan\u00edtott. A rom\u00e1n nyelv \u00e9s irodalom tan\u00e1ra a mv.-i OGYI m. nyelv\u0171 hallgat\u00f3inak tan\u00e1rseg\u00e9di min\u0151s\u00e9gben, lektor a Pedag\u00f3giai F\u0151iskol\u00e1n nyugd\u00edjaz\u00e1s\u00e1ig (1981-ig). \u2013 <strong>F. m.:<\/strong> Curs de istorie a literaturii rom\u00e2ne. 1\u20133. (Tg.M., 1970\u20131971). <br \/><strong>Irod.:<\/strong> Dasc\u0103li mure\u015feni, 4.; Pop Tofolean-F\u00fcl\u00f6p<\/br><\/p>\n","protected":false},"excerpt":{"rendered":"<p>S\u0103c\u0103en\u015fe\u015fti, 1927. j\u00fan. 24., \u2020 1994., ??: tan\u00e1r. \u2013 F\u00e9rje: Timotei A. En\u0103chescu, tan\u00e1r. \u2013 A Piatra Neam\u0163-i le\u00e1ny l\u00edc.-ban tanult (1938\u201346). Kv-on az egyetemen k\u00e9mi\u00e1t tanult egy \u00e9vig, majd beiratkozott a filol\u00f3gi\u00e1ra \u00e9s v\u00e9gzett (1951). Mez\u0151s\u00e1msondon (1951\u201352), majd Sz\u00e1szr\u00e9genben (1952\u201360) tan\u00edtott. A rom\u00e1n nyelv \u00e9s irodalom tan\u00e1ra a mv.-i OGYI m. nyelv\u0171 hallgat\u00f3inak tan\u00e1rseg\u00e9di [&hellip;]<\/p>\n","protected":false},"featured_media":0,"comment_status":"open","ping_status":"closed","template":"","meta":[],"product_brand":[],"product_cat":[137],"product_tag":[],"class_list":{"0":"post-7299","1":"product","2":"type-product","3":"status-publish","5":"product_cat-maros-megyei-eletrajzi-lexikon","7":"first","8":"instock","9":"shipping-taxable","10":"product-type-simple"},"_links":{"self":[{"href":"https:\/\/uj.adatbank.ro\/lexikon\/wp-json\/wp\/v2\/product\/7299","targetHints":{"allow":["GET"]}}],"collection":[{"href":"https:\/\/uj.adatbank.ro\/lexikon\/wp-json\/wp\/v2\/product"}],"about":[{"href":"https:\/\/uj.adatbank.ro\/lexikon\/wp-json\/wp\/v2\/types\/product"}],"replies":[{"embeddable":true,"href":"https:\/\/uj.adatbank.ro\/lexikon\/wp-json\/wp\/v2\/comments?post=7299"}],"wp:attachment":[{"href":"https:\/\/uj.adatbank.ro\/lexikon\/wp-json\/wp\/v2\/media?parent=7299"}],"wp:term":[{"taxonomy":"product_brand","embeddable":true,"href":"https:\/\/uj.adatbank.ro\/lexikon\/wp-json\/wp\/v2\/product_brand?post=7299"},{"taxonomy":"product_cat","embeddable":true,"href":"https:\/\/uj.adatbank.ro\/lexikon\/wp-json\/wp\/v2\/product_cat?post=7299"},{"taxonomy":"product_tag","embeddable":true,"href":"https:\/\/uj.adatbank.ro\/lexikon\/wp-json\/wp\/v2\/product_tag?post=7299"}],"curies":[{"name":"wp","href":"https:\/\/api.w.org\/{rel}","templated":true}]}}

ENĂCHESCU Iulia, Iliescu Iulia

<p>Săcăenşeşti, 1927. jún. 24., † 1994., ??: tanár. – Férje: Timotei A. Enăchescu, tanár. – A Piatra Neamţ-i leány líc.-ban tanult (1938–46). Kv-on az egyetemen kémiát tanult egy évig, majd beiratkozott a filológiára és végzett (1951). Mezősámsondon (1951–52), majd Szászrégenben (1952–60) tanított. A román nyelv és irodalom tanára a mv.-i OGYI m. nyelvű hallgatóinak tanársegédi minőségben, lektor a Pedagógiai Főiskolán nyugdíjazásáig (1981-ig). – <strong>F. m.:</strong> Curs de istorie a literaturii române. 1–3. (Tg.M., 1970–1971). <br /><strong>Irod.:</strong> Dascăli mureşeni, 4.; Pop Tofolean-Fülöp</br></p>

<p>Săcăenşeşti, 1927. jún. 24., † 1994., ??: tanár. – Férje: Timotei A. Enăchescu, tanár. – A Piatra Neamţ-i leány líc.-ban tanult (1938–46). Kv-on az egyetemen kémiát tanult egy évig, majd beiratkozott a filológiára és végzett (1951). Mezősámsondon (1951–52), majd Szászrégenben (1952–60) tanított. A román nyelv és irodalom tanára a mv.-i OGYI m. nyelvű hallgatóinak tanársegédi [&hellip;]</p>
