{"id":7303,"date":"2025-06-28T18:22:03","date_gmt":"2025-06-28T16:22:03","guid":{"rendered":"https:\/\/uj.adatbank.ro\/lexikon\/termek\/endes-istvan\/"},"modified":"2025-06-28T18:22:03","modified_gmt":"2025-06-28T16:22:03","slug":"endes-istvan","status":"publish","type":"product","link":"https:\/\/uj.adatbank.ro\/lexikon\/termek\/endes-istvan\/","title":{"rendered":"ENDES Istv\u00e1n"},"content":{"rendered":"<p>Cs\u00edk ?, 1668. \u00e1pr. 8., \u2020\u00a0? : jezsuita szerzetes, misszion\u00e1rius, tan\u00e1r. \u2013 A trencs\u00e9nyi jezsuita gimn.-ban volt nov\u00edcius (1685\u20136-os tan\u00e9vt\u0151l, 1685. jan. 13.\u2013). \u0150 az els\u0151 jezsuita, aki a reform\u00e1ci\u00f3 ut\u00e1n a katolikus hit terjeszt\u00e9s\u00e9re Mv.-re \u00e9rkezett, a Kapi G\u00e1bor rendf\u0151n\u00f6k vezet\u00e9se alatti kv.-i Missio Dacica jezsuita rendh\u00e1z kik\u00fcld\u00f6ttek\u00e9nt (1702. szept. 23). Mv.-en rendf\u0151n\u00f6ks\u00e9ge idej\u00e9n telepedtek meg a jezsuita szerzetesek. \u00c1tvette a mv.-i katolikusok 5 f\u00e9rfib\u0151l 3 n\u0151b\u0151l \u00e1ll\u00f3 k\u00f6z\u00f6ss\u00e9g\u00e9t (1702. szept. 23.), a jezsuita aty\u00e1kkal megind\u00edtotta a kat. egyh\u00e1zk\u00f6zs\u00e9g renesz\u00e1nsz\u00e1t Mv.-en (146 \u00e9v \u00fcld\u00f6ztet\u00e9s ut\u00e1n). Eleinte a Bo\u00e9r Simon, fogarasi f\u00f6kapit\u00e1ny, marossz\u00e9ki birtokos nemes h\u00e1z\u00e1t b\u00e9relt\u00e9k, azut\u00e1n a Makari\u00e1s h\u00e1zban laktak, majd megv\u00e1s\u00e1rolt\u00e1k Bo\u00e9r Simon, Kereszt\u00fari Mikl\u00f3s \u00e9s a Lugosi csal\u00e1d telkeit (1704), majd Bo\u00e9r Simon odaaj\u00e1nd\u00e9kozta a h\u00e1z\u00e1t is. Ezzel elindult a mv.-i r. k. egyh\u00e1zk\u00f6zs\u00e9g \u00fajraszervez\u0151d\u00e9se. A h\u00e1z \u00e1tv\u00e9tele ut\u00e1n az egyik nagyobb szob\u00e1b\u00f3l Sacellumot alak\u00edtott \u00e9s megkezdte a mis\u00e9z\u00e9st. Ezut\u00e1n megv\u00e1s\u00e1rolt\u00e1k Szab\u00f3 Ferenc \u00f6r\u00f6k\u00f6seit\u0151l annak 1623-ban \u00e9p\u00fclt h\u00e1z\u00e1t, melyet kolostorr\u00e1 alak\u00edtottak (1709). Fel\u00e9p\u00edtettek egy fak\u00e1poln\u00e1t (1704), amelyben a fejedelem II. R\u00e1k\u00f3czi Ferenc is r\u00e9szt vett egy mis\u00e9n l\u00e1togat\u00e1sa \u00e9s fejedelemm\u00e9 v\u00e1laszt\u00e1sa alkalm\u00e1b\u00f3l (1707). Mv.-i tart\u00f3zkod\u00e1sa alatt (1702. szept. 23.\u20131714), logik\u00e1t tan\u00edtott a kat. iskol\u00e1ban (1705\u2013), majd pl\u00e9b\u00e1nos volt (1716\u2013). A par\u00f3kia Domus Historia k\u00f6tet\u00e9ben bevezette a reform\u00e1ci\u00f3 ut\u00e1ni kat. egyh\u00e1z esem\u00e9nyeit meg\u00f6r\u00f6k\u00edt\u0151 t\u00f6rt\u00e9nelmi feljegyz\u00e9seket. Igy a h\u00e1zi napl\u00f3 els\u0151 lapj\u00e1n m\u00e1r bizakod\u00f3 meg\u00e1llap\u00edt\u00e1ssal \u00edrta a reform\u00e1ci\u00f3val gy\u00f6keresen \u00e1tform\u00e1lt sz\u00e9kely f\u0151v\u00e1ros l\u00e1tt\u00e1n szerzett benyom\u00e1sa nyom\u00e1n: Oppidum hoc vocationi nostrae accomodatissimum (Ez a v\u00e1ros a mi munk\u00e1lkod\u00e1sunkra nagyon alkalmas). Megkezdt\u00e9k a f\u0151t\u00e9ren ma is \u00e1ll\u00f3 r.k. templom \u00e9p\u00edt\u00e9s\u00e9t, Keresztel\u0151 Szent J\u00e1nos v\u00e9dn\u00f6ks\u00e9g\u00e9be aj\u00e1lva azt (1728. aug. 8.). Az \u00e9p\u00edt\u00e9si terveket Scherzer Valentinus jezsuita szerzetes k\u00e9sz\u00edtette, \u00e9p\u00edt\u0151mester a Kv.-r\u00f3l \u00e9rkezett, schwalbachi (No.) Hammer Konr\u00e1d volt. A n\u00e9gy olt\u00e1rral \u00e9s k\u00e9t toronnyal rendelkez\u0151 templom r\u00e9szlekekben k\u00e9sz\u00fclt el (1750. okt. 4.), az els\u0151 kripta (1732), a f\u0151olt\u00e1r Haller J\u00e1nos \u00e9s feles\u00e9ge, D\u00e1niel Zs\u00f3fia, rendel\u00e9s\u00e9re Schuchbauer Antal \u00e9s Nachtigal Johannes munk\u00e1ja (1755), a sz\u00f3sz\u00e9k Bethlen Mikl\u00f3s rendel\u00e9s\u00e9re (1757), a mell\u00e9kolt\u00e1rok \u00e9s teljes a berendez\u00e9s is elk\u00e9sz\u00fclt (1764), a kupol\u00e1t Szirmai B\u00e9la festette ki (1900). A jezsuit\u00e1k elhagyt\u00e1k Mv. v\u00e1ros\u00e1t (1733), a templom a r. k. papok birtok\u00e1ba ker\u00fclt, \u00e9s az aty\u00e1k vil\u00e1gi papk\u00e9nt v. tan\u00e1rk\u00e9nt folytatt\u00e1k tev\u00e9kenys\u00e9g\u00fcket. <br \/><strong>Irod.:<\/strong> Fodor S\u00e1ndor (S.): Hogyan lett Mv. iskolav\u00e1ros? (N\u00fa., 1997. aug. 5.); Id\u0151t\u00e1r 1; Jezsuita \u00e9vk.; Kr\u00f3n. F\u00fcz. (1937, 2\/6; 1940. 4\/10); Lesty\u00e1n F.: Mv. katolikus m\u00faltja = Mv. t\u00f6rt\u00e9net\u00e9b\u0151l M. V\u00e1s\u00e1rhelyi r. kath. iskol\u00e1k \u00e9s nevel\u0151h\u00e1z (Sz\u00e9kely Napt\u00e1r, 1844\u201345); Man: Tg.M. 1; M\u00e1rton Judit; Mv.-i Pl\u00e9b\u00e1nia; P\u00e1l-Antal; P\u00e1l-Antal 2003; P\u00e1l-Antal 2009; P\u00e1l-Antal S\u00e1ndor; R.k. okt.\u20131; R.k.okt.\u20132 ; Sz\u00e9kely kal.<\/br><\/p>\n","protected":false},"excerpt":{"rendered":"<p>Cs\u00edk ?, 1668. \u00e1pr. 8., \u2020\u00a0? : jezsuita szerzetes, misszion\u00e1rius, tan\u00e1r. \u2013 A trencs\u00e9nyi jezsuita gimn.-ban volt nov\u00edcius (1685\u20136-os tan\u00e9vt\u0151l, 1685. jan. 13.\u2013). \u0150 az els\u0151 jezsuita, aki a reform\u00e1ci\u00f3 ut\u00e1n a katolikus hit terjeszt\u00e9s\u00e9re Mv.-re \u00e9rkezett, a Kapi G\u00e1bor rendf\u0151n\u00f6k vezet\u00e9se alatti kv.-i Missio Dacica jezsuita rendh\u00e1z kik\u00fcld\u00f6ttek\u00e9nt (1702. szept. 23). Mv.-en rendf\u0151n\u00f6ks\u00e9ge idej\u00e9n [&hellip;]<\/p>\n","protected":false},"featured_media":0,"comment_status":"open","ping_status":"closed","template":"","meta":[],"product_brand":[],"product_cat":[137],"product_tag":[],"class_list":{"0":"post-7303","1":"product","2":"type-product","3":"status-publish","5":"product_cat-maros-megyei-eletrajzi-lexikon","7":"first","8":"instock","9":"shipping-taxable","10":"product-type-simple"},"_links":{"self":[{"href":"https:\/\/uj.adatbank.ro\/lexikon\/wp-json\/wp\/v2\/product\/7303","targetHints":{"allow":["GET"]}}],"collection":[{"href":"https:\/\/uj.adatbank.ro\/lexikon\/wp-json\/wp\/v2\/product"}],"about":[{"href":"https:\/\/uj.adatbank.ro\/lexikon\/wp-json\/wp\/v2\/types\/product"}],"replies":[{"embeddable":true,"href":"https:\/\/uj.adatbank.ro\/lexikon\/wp-json\/wp\/v2\/comments?post=7303"}],"wp:attachment":[{"href":"https:\/\/uj.adatbank.ro\/lexikon\/wp-json\/wp\/v2\/media?parent=7303"}],"wp:term":[{"taxonomy":"product_brand","embeddable":true,"href":"https:\/\/uj.adatbank.ro\/lexikon\/wp-json\/wp\/v2\/product_brand?post=7303"},{"taxonomy":"product_cat","embeddable":true,"href":"https:\/\/uj.adatbank.ro\/lexikon\/wp-json\/wp\/v2\/product_cat?post=7303"},{"taxonomy":"product_tag","embeddable":true,"href":"https:\/\/uj.adatbank.ro\/lexikon\/wp-json\/wp\/v2\/product_tag?post=7303"}],"curies":[{"name":"wp","href":"https:\/\/api.w.org\/{rel}","templated":true}]}}

ENDES István

<p>Csík ?, 1668. ápr. 8., † ? : jezsuita szerzetes, misszionárius, tanár. – A trencsényi jezsuita gimn.-ban volt novícius (1685–6-os tanévtől, 1685. jan. 13.–). Ő az első jezsuita, aki a reformáció után a katolikus hit terjesztésére Mv.-re érkezett, a Kapi Gábor rendfőnök vezetése alatti kv.-i Missio Dacica jezsuita rendház kiküldötteként (1702. szept. 23). Mv.-en rendfőnöksége idején telepedtek meg a jezsuita szerzetesek. Átvette a mv.-i katolikusok 5 férfiből 3 nőből álló közösségét (1702. szept. 23.), a jezsuita atyákkal megindította a kat. egyházközség reneszánszát Mv.-en (146 év üldöztetés után). Eleinte a Boér Simon, fogarasi fökapitány, marosszéki birtokos nemes házát bérelték, azután a Makariás házban laktak, majd megvásárolták Boér Simon, Keresztúri Miklós és a Lugosi család telkeit (1704), majd Boér Simon odaajándékozta a házát is. Ezzel elindult a mv.-i r. k. egyházközség újraszerveződése. A ház átvétele után az egyik nagyobb szobából Sacellumot alakított és megkezdte a misézést. Ezután megvásárolták Szabó Ferenc örököseitől annak 1623-ban épült házát, melyet kolostorrá alakítottak (1709). Felépítettek egy fakápolnát (1704), amelyben a fejedelem II. Rákóczi Ferenc is részt vett egy misén látogatása és fejedelemmé választása alkalmából (1707). Mv.-i tartózkodása alatt (1702. szept. 23.–1714), logikát tanított a kat. iskolában (1705–), majd plébános volt (1716–). A parókia Domus Historia kötetében bevezette a reformáció utáni kat. egyház eseményeit megörökítő történelmi feljegyzéseket. Igy a házi napló első lapján már bizakodó megállapítással írta a reformációval gyökeresen átformált székely főváros láttán szerzett benyomása nyomán: Oppidum hoc vocationi nostrae accomodatissimum (Ez a város a mi munkálkodásunkra nagyon alkalmas). Megkezdték a főtéren ma is álló r.k. templom építését, Keresztelő Szent János védnökségébe ajálva azt (1728. aug. 8.). Az építési terveket Scherzer Valentinus jezsuita szerzetes készítette, építőmester a Kv.-ról érkezett, schwalbachi (No.) Hammer Konrád volt. A négy oltárral és két toronnyal rendelkező templom részlekekben készült el (1750. okt. 4.), az első kripta (1732), a főoltár Haller János és felesége, Dániel Zsófia, rendelésére Schuchbauer Antal és Nachtigal Johannes munkája (1755), a szószék Bethlen Miklós rendelésére (1757), a mellékoltárok és teljes a berendezés is elkészült (1764), a kupolát Szirmai Béla festette ki (1900). A jezsuiták elhagyták Mv. városát (1733), a templom a r. k. papok birtokába került, és az atyák világi papként v. tanárként folytatták tevékenységüket. <br /><strong>Irod.:</strong> Fodor Sándor (S.): Hogyan lett Mv. iskolaváros? (Nú., 1997. aug. 5.); Időtár 1; Jezsuita évk.; Krón. Füz. (1937, 2/6; 1940. 4/10); Lestyán F.: Mv. katolikus múltja = Mv. történetéből M. Vásárhelyi r. kath. iskolák és nevelőház (Székely Naptár, 1844–45); Man: Tg.M. 1; Márton Judit; Mv.-i Plébánia; Pál-Antal; Pál-Antal 2003; Pál-Antal 2009; Pál-Antal Sándor; R.k. okt.–1; R.k.okt.–2 ; Székely kal.</br></p>

<p>Csík ?, 1668. ápr. 8., † ? : jezsuita szerzetes, misszionárius, tanár. – A trencsényi jezsuita gimn.-ban volt novícius (1685–6-os tanévtől, 1685. jan. 13.–). Ő az első jezsuita, aki a reformáció után a katolikus hit terjesztésére Mv.-re érkezett, a Kapi Gábor rendfőnök vezetése alatti kv.-i Missio Dacica jezsuita rendház kiküldötteként (1702. szept. 23). Mv.-en rendfőnöksége idején [&hellip;]</p>
