{"id":7306,"date":"2025-06-28T18:22:09","date_gmt":"2025-06-28T16:22:09","guid":{"rendered":"https:\/\/uj.adatbank.ro\/lexikon\/termek\/endes-miklos\/"},"modified":"2025-06-28T18:22:09","modified_gmt":"2025-06-28T16:22:09","slug":"endes-miklos","status":"publish","type":"product","link":"https:\/\/uj.adatbank.ro\/lexikon\/termek\/endes-miklos\/","title":{"rendered":"ENDES Mikl\u00f3s"},"content":{"rendered":"<p>? \u2020 Mv., 1761: \u00edt\u00e9l\u0151mester. \u2013 A mv.-i Kir.T\u00e1bla tagja, \u00edt\u00e9l\u0151mestere volt (1754\u201361).A T\u00e1bla Mv.-re t\u00f6rt\u00e9nt \u00e1thelyez\u00e9s\u00e9t k\u00f6vet\u0151en a sz\u00e9kb\u00edr\u00f3i h\u00e1zban, Marossz\u00e9k sz\u00e9kh\u00e1z\u00e1ban, a V\u00e1rosh\u00e1z\u00e1n lakott, \u00edgy a sz\u00e9k \u00e1lland\u00f3 gy\u0171l\u00e9shely n\u00e9lk\u00fcl maradt. A v\u00e1ros tiltakoz\u00e1sa ellen\u00e9re sem akart onnan kik\u00f6lt\u00f6zni, csak akkor amikor a panasz feljutott a kir\u00e1lyn\u0151 el\u00e9 (1760). <br \/><strong>Irod.:<\/strong> Id\u0151t\u00e1r 1; Orb\u00e1n J\u00e1nos: A Kir\u00e1lyi T\u00e1bla els\u0151 k\u00e9t mv.-i sz\u00e9kh\u00e1za = St\u00edlusok, m\u0171vek, mesterek; Orb\u00e1n J\u00e1nos: T\u00e1blab\u00edr\u00e1k, f\u0151nemesek, pall\u00e9rok \u00e9s h\u00e1zak: V\u00e1rosk\u00e9p \u00e9s t\u00e1rsadalom v\u00e1ltoz\u00e1sai Mv.-en a Kir\u00e1lyi T\u00e1bla bek\u00f6lt\u00f6z\u00e9se ut\u00e1n [1754] =  K\u00f6nyvek \u00e1ltal \u2026, P\u00e1l-Antal 2006; Szab\u00f3 M.: Mv. szabad kir\u00e1lyi v\u00e1ross\u00e1 alakul\u00e1sa (1560\u20131759) = Mv. t\u00f6rt\u00e9net\u00e9b\u0151l<\/br><\/p>\n","protected":false},"excerpt":{"rendered":"<p>? \u2020 Mv., 1761: \u00edt\u00e9l\u0151mester. \u2013 A mv.-i Kir.T\u00e1bla tagja, \u00edt\u00e9l\u0151mestere volt (1754\u201361).A T\u00e1bla Mv.-re t\u00f6rt\u00e9nt \u00e1thelyez\u00e9s\u00e9t k\u00f6vet\u0151en a sz\u00e9kb\u00edr\u00f3i h\u00e1zban, Marossz\u00e9k sz\u00e9kh\u00e1z\u00e1ban, a V\u00e1rosh\u00e1z\u00e1n lakott, \u00edgy a sz\u00e9k \u00e1lland\u00f3 gy\u0171l\u00e9shely n\u00e9lk\u00fcl maradt. A v\u00e1ros tiltakoz\u00e1sa ellen\u00e9re sem akart onnan kik\u00f6lt\u00f6zni, csak akkor amikor a panasz feljutott a kir\u00e1lyn\u0151 el\u00e9 (1760). Irod.: Id\u0151t\u00e1r 1; Orb\u00e1n [&hellip;]<\/p>\n","protected":false},"featured_media":0,"comment_status":"open","ping_status":"closed","template":"","meta":[],"product_brand":[],"product_cat":[137],"product_tag":[],"class_list":{"0":"post-7306","1":"product","2":"type-product","3":"status-publish","5":"product_cat-maros-megyei-eletrajzi-lexikon","7":"first","8":"instock","9":"shipping-taxable","10":"product-type-simple"},"_links":{"self":[{"href":"https:\/\/uj.adatbank.ro\/lexikon\/wp-json\/wp\/v2\/product\/7306","targetHints":{"allow":["GET"]}}],"collection":[{"href":"https:\/\/uj.adatbank.ro\/lexikon\/wp-json\/wp\/v2\/product"}],"about":[{"href":"https:\/\/uj.adatbank.ro\/lexikon\/wp-json\/wp\/v2\/types\/product"}],"replies":[{"embeddable":true,"href":"https:\/\/uj.adatbank.ro\/lexikon\/wp-json\/wp\/v2\/comments?post=7306"}],"wp:attachment":[{"href":"https:\/\/uj.adatbank.ro\/lexikon\/wp-json\/wp\/v2\/media?parent=7306"}],"wp:term":[{"taxonomy":"product_brand","embeddable":true,"href":"https:\/\/uj.adatbank.ro\/lexikon\/wp-json\/wp\/v2\/product_brand?post=7306"},{"taxonomy":"product_cat","embeddable":true,"href":"https:\/\/uj.adatbank.ro\/lexikon\/wp-json\/wp\/v2\/product_cat?post=7306"},{"taxonomy":"product_tag","embeddable":true,"href":"https:\/\/uj.adatbank.ro\/lexikon\/wp-json\/wp\/v2\/product_tag?post=7306"}],"curies":[{"name":"wp","href":"https:\/\/api.w.org\/{rel}","templated":true}]}}

ENDES Miklós

<p>? † Mv., 1761: ítélőmester. – A mv.-i Kir.Tábla tagja, ítélőmestere volt (1754–61).A Tábla Mv.-re történt áthelyezését követően a székbírói házban, Marosszék székházában, a Városházán lakott, így a szék állandó gyűléshely nélkül maradt. A város tiltakozása ellenére sem akart onnan kiköltözni, csak akkor amikor a panasz feljutott a királynő elé (1760). <br /><strong>Irod.:</strong> Időtár 1; Orbán János: A Királyi Tábla első két mv.-i székháza = Stílusok, művek, mesterek; Orbán János: Táblabírák, főnemesek, pallérok és házak: Városkép és társadalom változásai Mv.-en a Királyi Tábla beköltözése után [1754] =  Könyvek által …, Pál-Antal 2006; Szabó M.: Mv. szabad királyi várossá alakulása (1560–1759) = Mv. történetéből</br></p>

<p>? † Mv., 1761: ítélőmester. – A mv.-i Kir.Tábla tagja, ítélőmestere volt (1754–61).A Tábla Mv.-re történt áthelyezését követően a székbírói házban, Marosszék székházában, a Városházán lakott, így a szék állandó gyűléshely nélkül maradt. A város tiltakozása ellenére sem akart onnan kiköltözni, csak akkor amikor a panasz feljutott a királynő elé (1760). Irod.: Időtár 1; Orbán [&hellip;]</p>
