{"id":7307,"date":"2025-06-28T18:22:13","date_gmt":"2025-06-28T16:22:13","guid":{"rendered":"https:\/\/uj.adatbank.ro\/lexikon\/termek\/endrodi-mihaly\/"},"modified":"2025-06-28T18:22:13","modified_gmt":"2025-06-28T16:22:13","slug":"endrodi-mihaly","status":"publish","type":"product","link":"https:\/\/uj.adatbank.ro\/lexikon\/termek\/endrodi-mihaly\/","title":{"rendered":"ENDR\u0150DI Mih\u00e1ly"},"content":{"rendered":"<p>? \u2020? : tan\u00edt\u00f3. \u2013 S\u00e1rospatak-Gyulafeh\u00e9rv\u00e1ron subscrib\u00e1lt (1701). Bonyh\u00e1ban tan\u00edtott (1703\u201352). N\u00e9pszer\u0171, \u00fcgybuzg\u00f3 rektor volt, pedig az iskolah\u00e1z romlott \u00e1llapot\u00e1t a vizit\u00e1ci\u00f3s jegyz\u0151k\u00f6nyvek t\u00f6bbsz\u00f6r is sz\u00f3v\u00e1tett\u00e9k. <br \/><strong>Irod.:<\/strong> Bonyha \u00e9s egyh\u00e1za; K\u00fck\u00fcll\u0151i Ref. Egyh\u00e1zm.1<\/br><\/p>\n","protected":false},"excerpt":{"rendered":"<p>? \u2020? : tan\u00edt\u00f3. \u2013 S\u00e1rospatak-Gyulafeh\u00e9rv\u00e1ron subscrib\u00e1lt (1701). Bonyh\u00e1ban tan\u00edtott (1703\u201352). N\u00e9pszer\u0171, \u00fcgybuzg\u00f3 rektor volt, pedig az iskolah\u00e1z romlott \u00e1llapot\u00e1t a vizit\u00e1ci\u00f3s jegyz\u0151k\u00f6nyvek t\u00f6bbsz\u00f6r is sz\u00f3v\u00e1tett\u00e9k. Irod.: Bonyha \u00e9s egyh\u00e1za; K\u00fck\u00fcll\u0151i Ref. Egyh\u00e1zm.1<\/p>\n","protected":false},"featured_media":0,"comment_status":"open","ping_status":"closed","template":"","meta":[],"product_brand":[],"product_cat":[137],"product_tag":[],"class_list":{"0":"post-7307","1":"product","2":"type-product","3":"status-publish","5":"product_cat-maros-megyei-eletrajzi-lexikon","7":"first","8":"instock","9":"shipping-taxable","10":"product-type-simple"},"_links":{"self":[{"href":"https:\/\/uj.adatbank.ro\/lexikon\/wp-json\/wp\/v2\/product\/7307","targetHints":{"allow":["GET"]}}],"collection":[{"href":"https:\/\/uj.adatbank.ro\/lexikon\/wp-json\/wp\/v2\/product"}],"about":[{"href":"https:\/\/uj.adatbank.ro\/lexikon\/wp-json\/wp\/v2\/types\/product"}],"replies":[{"embeddable":true,"href":"https:\/\/uj.adatbank.ro\/lexikon\/wp-json\/wp\/v2\/comments?post=7307"}],"wp:attachment":[{"href":"https:\/\/uj.adatbank.ro\/lexikon\/wp-json\/wp\/v2\/media?parent=7307"}],"wp:term":[{"taxonomy":"product_brand","embeddable":true,"href":"https:\/\/uj.adatbank.ro\/lexikon\/wp-json\/wp\/v2\/product_brand?post=7307"},{"taxonomy":"product_cat","embeddable":true,"href":"https:\/\/uj.adatbank.ro\/lexikon\/wp-json\/wp\/v2\/product_cat?post=7307"},{"taxonomy":"product_tag","embeddable":true,"href":"https:\/\/uj.adatbank.ro\/lexikon\/wp-json\/wp\/v2\/product_tag?post=7307"}],"curies":[{"name":"wp","href":"https:\/\/api.w.org\/{rel}","templated":true}]}}