{"id":7308,"date":"2025-06-28T18:22:15","date_gmt":"2025-06-28T16:22:15","guid":{"rendered":"https:\/\/uj.adatbank.ro\/lexikon\/termek\/enescu-george-%c2%a7\/"},"modified":"2025-06-28T18:22:15","modified_gmt":"2025-06-28T16:22:15","slug":"enescu-george-%c2%a7","status":"publish","type":"product","link":"https:\/\/uj.adatbank.ro\/lexikon\/termek\/enescu-george-%c2%a7\/","title":{"rendered":"ENESCU, George, \u00a7"},"content":{"rendered":"<p>Liveni-V\u00eernav, ma George Enescu, 1881. aug. 19., \u2020 Paris, 1955. m\u00e1j. 5.: zeneszerz\u0151, heged\u0171m\u0171v\u00e9sz. \u2013 A vil\u00e1gh\u00edr\u0171 heged\u0171m\u0171v\u00e9sz Mv.-en h\u00e9t alkalommal vend\u00e9gszerepelt telt h\u00e1z el\u0151tt, nagy sikerrel, a Kult\u00farpalota nagyterm\u00e9ben (1923. szept. 15; 1927. jan. 6\u20137; 1929, 1931. dec. 3\u20134; 1936. nov. 21.; 1937. nov. 17.; 1938.nov. 16.), de m\u00e9g kisebb v\u00e1rosokban is fell\u00e9pett pl. Sz\u00e1szr\u00e9genben \u00e9s Segesv\u00e1ron. Figyelemmel kis\u00e9rte a mv.-i Zeneiskola \u00e9s a tan\u00e1ri kar tev\u00e9kenys\u00e9g\u00e9t. Mv. v\u00e1ros d\u00edszpolg\u00e1r\u00e1v\u00e1 avatt\u00e1k (1939).Tisztelet\u00e9re Mv.-en utca viseli a nev\u00e9t. A mv.-i Kult\u00farpalota el\u0151csarnok\u00e1ban \u00e1ll a mellszobra. A mv.-i polg\u00e1rmesteri hivatal Enescu-d\u00edjat l\u00e9tes\u00edtett a Zeneiskola jeles v\u00e9gz\u0151seinek, de csak egy alkalommal adt\u00e1k \u00e1t, Balogh Ferenc heged\u0171m\u0171v\u00e9szt t\u00fcntett\u00e9k ki (1939). <br \/><strong>Irod.:<\/strong> Bota, Sorina; E. G. koncertje (A Ma, 1927. jan. 8.); Du\u015fa Traian: G. E. \u015fi Tg. M.-ul (Flac\u0103ra, 20. aug. 1971); Hajd\u00f3 K\u00e1roly: A mv.-i zeneiskola \u00e9vfordul\u00f3j\u00e1ra (N\u00fa, 1999. jan.12.); Igaz Sz\u00f3 (1970. 1.sz.); Kim; S\u00e2rbu<\/br><\/p>\n","protected":false},"excerpt":{"rendered":"<p>Liveni-V\u00eernav, ma George Enescu, 1881. aug. 19., \u2020 Paris, 1955. m\u00e1j. 5.: zeneszerz\u0151, heged\u0171m\u0171v\u00e9sz. \u2013 A vil\u00e1gh\u00edr\u0171 heged\u0171m\u0171v\u00e9sz Mv.-en h\u00e9t alkalommal vend\u00e9gszerepelt telt h\u00e1z el\u0151tt, nagy sikerrel, a Kult\u00farpalota nagyterm\u00e9ben (1923. szept. 15; 1927. jan. 6\u20137; 1929, 1931. dec. 3\u20134; 1936. nov. 21.; 1937. nov. 17.; 1938.nov. 16.), de m\u00e9g kisebb v\u00e1rosokban is fell\u00e9pett pl. [&hellip;]<\/p>\n","protected":false},"featured_media":0,"comment_status":"open","ping_status":"closed","template":"","meta":[],"product_brand":[],"product_cat":[137],"product_tag":[],"class_list":{"0":"post-7308","1":"product","2":"type-product","3":"status-publish","5":"product_cat-maros-megyei-eletrajzi-lexikon","7":"first","8":"instock","9":"shipping-taxable","10":"product-type-simple"},"_links":{"self":[{"href":"https:\/\/uj.adatbank.ro\/lexikon\/wp-json\/wp\/v2\/product\/7308","targetHints":{"allow":["GET"]}}],"collection":[{"href":"https:\/\/uj.adatbank.ro\/lexikon\/wp-json\/wp\/v2\/product"}],"about":[{"href":"https:\/\/uj.adatbank.ro\/lexikon\/wp-json\/wp\/v2\/types\/product"}],"replies":[{"embeddable":true,"href":"https:\/\/uj.adatbank.ro\/lexikon\/wp-json\/wp\/v2\/comments?post=7308"}],"wp:attachment":[{"href":"https:\/\/uj.adatbank.ro\/lexikon\/wp-json\/wp\/v2\/media?parent=7308"}],"wp:term":[{"taxonomy":"product_brand","embeddable":true,"href":"https:\/\/uj.adatbank.ro\/lexikon\/wp-json\/wp\/v2\/product_brand?post=7308"},{"taxonomy":"product_cat","embeddable":true,"href":"https:\/\/uj.adatbank.ro\/lexikon\/wp-json\/wp\/v2\/product_cat?post=7308"},{"taxonomy":"product_tag","embeddable":true,"href":"https:\/\/uj.adatbank.ro\/lexikon\/wp-json\/wp\/v2\/product_tag?post=7308"}],"curies":[{"name":"wp","href":"https:\/\/api.w.org\/{rel}","templated":true}]}}

<p>Liveni-Vîrnav, ma George Enescu, 1881. aug. 19., † Paris, 1955. máj. 5.: zeneszerző, hegedűművész. – A világhírű hegedűművész Mv.-en hét alkalommal vendégszerepelt telt ház előtt, nagy sikerrel, a Kultúrpalota nagytermében (1923. szept. 15; 1927. jan. 6–7; 1929, 1931. dec. 3–4; 1936. nov. 21.; 1937. nov. 17.; 1938.nov. 16.), de még kisebb városokban is fellépett pl. Szászrégenben és Segesváron. Figyelemmel kisérte a mv.-i Zeneiskola és a tanári kar tevékenységét. Mv. város díszpolgárává avatták (1939).Tiszteletére Mv.-en utca viseli a nevét. A mv.-i Kultúrpalota előcsarnokában áll a mellszobra. A mv.-i polgármesteri hivatal Enescu-díjat létesített a Zeneiskola jeles végzőseinek, de csak egy alkalommal adták át, Balogh Ferenc hegedűművészt tüntették ki (1939). <br /><strong>Irod.:</strong> Bota, Sorina; E. G. koncertje (A Ma, 1927. jan. 8.); Duşa Traian: G. E. şi Tg. M.-ul (Flacăra, 20. aug. 1971); Hajdó Károly: A mv.-i zeneiskola évfordulójára (Nú, 1999. jan.12.); Igaz Szó (1970. 1.sz.); Kim; Sârbu</br></p>

<p>Liveni-Vîrnav, ma George Enescu, 1881. aug. 19., † Paris, 1955. máj. 5.: zeneszerző, hegedűművész. – A világhírű hegedűművész Mv.-en hét alkalommal vendégszerepelt telt ház előtt, nagy sikerrel, a Kultúrpalota nagytermében (1923. szept. 15; 1927. jan. 6–7; 1929, 1931. dec. 3–4; 1936. nov. 21.; 1937. nov. 17.; 1938.nov. 16.), de még kisebb városokban is fellépett pl. [&hellip;]</p>
