{"id":7309,"date":"2025-06-28T18:22:16","date_gmt":"2025-06-28T16:22:16","guid":{"rendered":"https:\/\/uj.adatbank.ro\/lexikon\/termek\/engel-gabor-%c2%a7-szepeslocsei\/"},"modified":"2025-06-28T18:22:16","modified_gmt":"2025-06-28T16:22:16","slug":"engel-gabor-%c2%a7-szepeslocsei","status":"publish","type":"product","link":"https:\/\/uj.adatbank.ro\/lexikon\/termek\/engel-gabor-%c2%a7-szepeslocsei\/","title":{"rendered":"ENGEL G\u00e1bor, \u00a7 szepesl\u0151csei"},"content":{"rendered":"<p>Mv., 1852. aug. 10., \u2020\u00a0Kv., 1935. j\u00fal. 10. a H\u00e1zsong\u00e1rdi Luther\u00e1nus temet\u0151ben nyugszik: orvos, sz\u00fcl\u00e9sz-n\u0151gy\u00f3gy\u00e1sz, seb\u00e9sz. \u2013 Testv\u00e9re: E. Imre, megyei f\u0151orvos. E. J\u00f3zsef orvosdoktor, seb\u00e9sz fia. Feles\u00e9ge Haller Rezs\u0151 le\u00e1nya. Fiaik orvosok lettek. Rudolf (1894\u20131945) Szegeden volt mag\u00e1ntan\u00e1r, Kass\u00e1n f\u0151orvos, orosz fogs\u00e1gban halt meg.kisebbik le\u00e1nya, Korb\u00e9lia a Gyergyay Ferenc \u00e9desanyja. \u2013 Orvosi tanulm\u00e1nyait Pesten (1870\u201372), Lipcs\u00e9ben (1873\u201374) v\u00e9gezte, Bp.-en fejezte be, \u00e9s nyert seb\u00e9sz, sz\u00fcl\u00e9sz oklevelet (1875\u201376). A bp.-i egyetem sz\u00fcl\u00e9szet\u00e9n dolgozott (1874\u201377), \u00e9s m\u0171t\u0151n\u00f6vend\u00e9k a seb\u00e9szeti klinik\u00e1n (1877\u201380). Kv.-on az egyetemen a sz\u00fcl\u00e9szet tan\u00e1rseg\u00e9de (1881\u2013), orvos \u00e9s seb\u00e9sztudor, ill. mag\u00e1ntan\u00e1r (1884\u2013), c. ny. rendkiv\u00fcli tan\u00e1r (1893\u201319), a kv.-i Karolina Orsz\u00e1gos K\u00f3rh\u00e1z igazgat\u00f3ja (1887\u20131919). A hatalomv\u00e1lt\u00e1s ut\u00e1n felmentett\u00e9k \u00e1ll\u00e1s\u00e1b\u00f3l, mag\u00e1ngyakorlatot folytatott (1919\u2013). F\u0151k\u00e9nt n\u0151gy\u00f3gy\u00e1szati probl\u00e9m\u00e1kkal, valamint az anya- \u00e9s csecsem\u0151\u00adv\u00e9delem k\u00e9rd\u00e9seivel foglalkozott. Cikkei, \u00e9rtekez\u00e9seit k\u00f6z\u00f6lte az: Orvosi Hetilap, Orvos- Term\u00e9szettudom\u00e1nyi \u00c9rtes\u00edt\u0151, Eg\u00e9szs\u00e9g, M. \u00dajs\u00e1g, legt\u00f6bbj\u00fck k\u00fcl\u00f6nlenyomatban \u00e9s k\u00fclf\u00f6ldi \u00fajs\u00e1gokban is megjelent. \u2013 <strong>F. m.:<\/strong> Az \u00e9rz\u00e9stelen\u00edt\u00e9s sz\u00fcl\u00e9szeti m\u0171t\u00e9tekn\u00e9l (Bp., 1906); A Ferenc J\u00f3zsef Tudom\u00e1ny Egyetem klinik\u00e1k \u00e9s Karolina Orsz\u00e1gos K\u00f3rh\u00e1z \u00e9vi kimutat\u00e1sa (Kv., 1914, 1915); A vet\u00e9l\u00e9sek kezel\u00e9se a mindennapi gyakorlatban (Lechner K\u00e1roly Eml\u00e9kk. Kolozsv\u00e1r, 1914); A havi v\u00e9rz\u00e9s rendelleness\u00e9gei\u00a0(Kv., 1918); <strong>t\u00e1rssz.:<\/strong> A belorvostan tank\u00f6nyve. 1\u20132. (Bp., 1914). <br \/><strong>Irod.:<\/strong> Ga\u00e1l Gy\u00f6rgy: Engel G\u00e1bor (1852\u20131935) k\u00f3rh\u00e1zigazgat\u00f3 \u00e9s \u00f6n\u00e9let\u00edr\u00e1sa (Orvost\u00f6rt\u00e9neti K\u00f6zlem\u00e9nyek, 1984); Ga\u00e1l Gy\u00f6rgy: Orvosok \u00e9s gy\u00f3gyszer\u00e9szek a szepesl\u0151csei Engel csal\u00e1dban (Orvostudom\u00e1nyi \u00c9rtes\u00edt\u0151, 73. k\u00f6t., 2000.); H\u00e1zsong\u00e1rd; H\u00f6gyes; M\u00c9L; P\u00e1lmay; R\u00daL; Szab\u00f3\u2013Simon\u2013Sz\u00f6gi; Szinnyei; Todea\u2013F\u00fcl\u00f6p\u2013Avram; \u00daM\u00c9L<\/br><\/p>\n","protected":false},"excerpt":{"rendered":"<p>Mv., 1852. aug. 10., \u2020\u00a0Kv., 1935. j\u00fal. 10. a H\u00e1zsong\u00e1rdi Luther\u00e1nus temet\u0151ben nyugszik: orvos, sz\u00fcl\u00e9sz-n\u0151gy\u00f3gy\u00e1sz, seb\u00e9sz. \u2013 Testv\u00e9re: E. Imre, megyei f\u0151orvos. E. J\u00f3zsef orvosdoktor, seb\u00e9sz fia. Feles\u00e9ge Haller Rezs\u0151 le\u00e1nya. Fiaik orvosok lettek. Rudolf (1894\u20131945) Szegeden volt mag\u00e1ntan\u00e1r, Kass\u00e1n f\u0151orvos, orosz fogs\u00e1gban halt meg.kisebbik le\u00e1nya, Korb\u00e9lia a Gyergyay Ferenc \u00e9desanyja. \u2013 Orvosi tanulm\u00e1nyait Pesten [&hellip;]<\/p>\n","protected":false},"featured_media":0,"comment_status":"open","ping_status":"closed","template":"","meta":[],"product_brand":[],"product_cat":[137],"product_tag":[],"class_list":{"0":"post-7309","1":"product","2":"type-product","3":"status-publish","5":"product_cat-maros-megyei-eletrajzi-lexikon","7":"first","8":"instock","9":"shipping-taxable","10":"product-type-simple"},"_links":{"self":[{"href":"https:\/\/uj.adatbank.ro\/lexikon\/wp-json\/wp\/v2\/product\/7309","targetHints":{"allow":["GET"]}}],"collection":[{"href":"https:\/\/uj.adatbank.ro\/lexikon\/wp-json\/wp\/v2\/product"}],"about":[{"href":"https:\/\/uj.adatbank.ro\/lexikon\/wp-json\/wp\/v2\/types\/product"}],"replies":[{"embeddable":true,"href":"https:\/\/uj.adatbank.ro\/lexikon\/wp-json\/wp\/v2\/comments?post=7309"}],"wp:attachment":[{"href":"https:\/\/uj.adatbank.ro\/lexikon\/wp-json\/wp\/v2\/media?parent=7309"}],"wp:term":[{"taxonomy":"product_brand","embeddable":true,"href":"https:\/\/uj.adatbank.ro\/lexikon\/wp-json\/wp\/v2\/product_brand?post=7309"},{"taxonomy":"product_cat","embeddable":true,"href":"https:\/\/uj.adatbank.ro\/lexikon\/wp-json\/wp\/v2\/product_cat?post=7309"},{"taxonomy":"product_tag","embeddable":true,"href":"https:\/\/uj.adatbank.ro\/lexikon\/wp-json\/wp\/v2\/product_tag?post=7309"}],"curies":[{"name":"wp","href":"https:\/\/api.w.org\/{rel}","templated":true}]}}

ENGEL Gábor, § szepeslőcsei

<p>Mv., 1852. aug. 10., † Kv., 1935. júl. 10. a Házsongárdi Lutheránus temetőben nyugszik: orvos, szülész-nőgyógyász, sebész. – Testvére: E. Imre, megyei főorvos. E. József orvosdoktor, sebész fia. Felesége Haller Rezső leánya. Fiaik orvosok lettek. Rudolf (1894–1945) Szegeden volt magántanár, Kassán főorvos, orosz fogságban halt meg.kisebbik leánya, Korbélia a Gyergyay Ferenc édesanyja. – Orvosi tanulmányait Pesten (1870–72), Lipcsében (1873–74) végezte, Bp.-en fejezte be, és nyert sebész, szülész oklevelet (1875–76). A bp.-i egyetem szülészetén dolgozott (1874–77), és műtőnövendék a sebészeti klinikán (1877–80). Kv.-on az egyetemen a szülészet tanársegéde (1881–), orvos és sebésztudor, ill. magántanár (1884–), c. ny. rendkivüli tanár (1893–19), a kv.-i Karolina Országos Kórház igazgatója (1887–1919). A hatalomváltás után felmentették állásából, magángyakorlatot folytatott (1919–). Főként nőgyógyászati problémákkal, valamint az anya- és csecsemő­védelem kérdéseivel foglalkozott. Cikkei, értekezéseit közölte az: Orvosi Hetilap, Orvos- Természettudományi Értesítő, Egészség, M. Újság, legtöbbjük különlenyomatban és külföldi újságokban is megjelent. – <strong>F. m.:</strong> Az érzéstelenítés szülészeti műtéteknél (Bp., 1906); A Ferenc József Tudomány Egyetem klinikák és Karolina Országos Kórház évi kimutatása (Kv., 1914, 1915); A vetélések kezelése a mindennapi gyakorlatban (Lechner Károly Emlékk. Kolozsvár, 1914); A havi vérzés rendellenességei (Kv., 1918); <strong>társsz.:</strong> A belorvostan tankönyve. 1–2. (Bp., 1914). <br /><strong>Irod.:</strong> Gaál György: Engel Gábor (1852–1935) kórházigazgató és önéletírása (Orvostörténeti Közlemények, 1984); Gaál György: Orvosok és gyógyszerészek a szepeslőcsei Engel családban (Orvostudományi Értesítő, 73. köt., 2000.); Házsongárd; Högyes; MÉL; Pálmay; RÚL; Szabó–Simon–Szögi; Szinnyei; Todea–Fülöp–Avram; ÚMÉL</br></p>

<p>Mv., 1852. aug. 10., † Kv., 1935. júl. 10. a Házsongárdi Lutheránus temetőben nyugszik: orvos, szülész-nőgyógyász, sebész. – Testvére: E. Imre, megyei főorvos. E. József orvosdoktor, sebész fia. Felesége Haller Rezső leánya. Fiaik orvosok lettek. Rudolf (1894–1945) Szegeden volt magántanár, Kassán főorvos, orosz fogságban halt meg.kisebbik leánya, Korbélia a Gyergyay Ferenc édesanyja. – Orvosi tanulmányait Pesten [&hellip;]</p>
