{"id":7312,"date":"2025-06-28T18:22:22","date_gmt":"2025-06-28T16:22:22","guid":{"rendered":"https:\/\/uj.adatbank.ro\/lexikon\/termek\/engel-johann-christian-szepeslocsei-von-engel-janos-keresztely-engel-krisztian-janos\/"},"modified":"2025-06-28T18:22:22","modified_gmt":"2025-06-28T16:22:22","slug":"engel-johann-christian-szepeslocsei-von-engel-janos-keresztely-engel-krisztian-janos","status":"publish","type":"product","link":"https:\/\/uj.adatbank.ro\/lexikon\/termek\/engel-johann-christian-szepeslocsei-von-engel-janos-keresztely-engel-krisztian-janos\/","title":{"rendered":"ENGEL Johann Christian, szepesl\u0151csei, von, Engel J\u00e1nos-Kereszt\u00e9ly, Engel Kriszti\u00e1n J\u00e1nos"},"content":{"rendered":"<p>L\u0151cse, 1770. okt. 17. \u2020 B\u00e9cs, 1814. m\u00e1rc. 20.: t\u00f6rt\u00e9net\u00edr\u00f3. \u2013 E. Jacob (L\u0151cse, 1717. j\u00fan. 30. \u2013 L\u0151cse, 1793. jan. 9.) gy\u00f3gyszer\u00e9sz \u00e9s tan\u00e1csos L\u0151cs\u00e9n \u00e9s Genersich Anna Susanna fia. Feles\u00e9ge: Mauksch Katalin\/ Catharina (Kv., 1781. szept. 8., &#8211; 1825. okt. 7.) Mauksch T\u00f3bi\u00e1s kv.-i gy\u00f3gyszer\u00e9sz \u00e9s Habermeyer Cathrina Susanna le\u00e1nya, esk\u00fcv\u0151 (1800-t\u00f3l). Gyermekeik: Alexander (1802-B\u00e9cs, 1880); Miksa (1803-Kair\u00f3, 1835); Eugenia (1805\u20131894); Joseph (B\u00e9cs, 1807. m\u00e1j. 2. Kv., 1870. j\u00fan. 2.); Polixeni (1811-Kv, 1882. m\u00e1j. 31.). Hal\u00e1la ut\u00e1n feles\u00e9ge L\u0151cs\u00e9re k\u00f6lt\u00f6z\u00f6tt \u00e9s ott nevelte fel \u00f6t gyermek\u00e9t. \u2013 B\u00e9csben \u00e9lt, az erd\u00e9lyi udvari kancell\u00e1ria tisztvisel\u0151je, ut\u00f3bb fogalmaz\u00f3ja, titk\u00e1r volt gr. Teleki S\u00e1muel mellett. A felvil\u00e1gosod\u00e1s h\u00edve, de a m. t\u00f6rt\u00e9\u00adnelmet a Habsburgok politik\u00e1ja ir\u00e1nti meg\u00e9r\u00adt\u00e9ssel tanulm\u00e1nyozta. Meg\u00edrta Magyaro. t\u00f6rt\u00e9net\u00e9t \u00e9s Magyaro. szomsz\u00e9d-tartom\u00e1nyainak t\u00f6rt\u00e9net\u00e9t. Emellett foglalkozott m. f\u00f6ldrajzi, jogi, a m. \u00e9s szl\u00e1v nyelv\u00e9\u00adszeti, pedag\u00f3giai, teol. k\u00e9rd\u00e9sekkel, valamint klasszika-filol\u00f3gi\u00e1val. Ezeken kiv\u00fcl m\u00e9g t\u00f6bb n\u00e9met, latin \u00e9s m. nyelven \u00edrt \u00f6n\u00e1ll\u00f3 m\u0171ve tal\u00e1lhat\u00f3 a Teleki t\u00e9k\u00e1ban. 16 eur\u00f3pai nyelven besz\u00e9lt. A Bajor Tud. Akad. tagja (l. 1808). A g\u00f6ttingeni, a pr\u00e1gai tud\u00f3s t\u00e1rsas\u00e1g, a vars\u00f3i kir. tud\u00f3s t\u00e1rsas\u00e1g (1811) \u00e9s harkovi egyetem (1811) l. tagja. L\u0151cse v\u00e1ros d\u00edszpolg\u00e1ra (1792). \u2013 <strong>F. m.:<\/strong> Commentatio de republica militari seu comparatio Lacedaemoniorum, Cretensium et Cossacorum (G\u00f6ttingae, 1790); Geschichte von Halitsch und Wladimir bis 1772. 1\u20132.Theil.(Wien, 1792); Commentatio de expeditionibus Traiani ad Danubium et origine Valachorum \u2026Cum epistola C. G. Heyne \u2026 ad autorem missa (Vindobonae, 1794); Geschichte der Ukraine und der ukrainischen Cosaken, wie auch der K\u00f6nigreiche Halitsch und Wladimir (Halle, 1796); Geschichte des Ungarischen Reichs und seiner Nebenl\u00e4nder. 1\u20134. (Halle, 1. 1797; 2. 1798; 3\u20134. 1801\u20131804); Geschichte des Ungarischen Reichs.(Wien, 1813); kiad.: Cicero, Marcus Tullius. Marcus Tullius Cicer\u00f3nak az embernek tisztelet\u00e9r\u0151l \u00e9s k\u00f6teless\u00e9geir\u0151l a maga fi\u00e1hoz \u00edrt h\u00e1rom k\u00f6nyve \/ magyarra ford\u00edtotta Kov\u00e1sznai S\u00e1ndor (Posony, 1795) <br \/><strong>Irod.:<\/strong> Aranka; D\u00f6rnyei 2010; F\u00fcl\u00f6p-Ferenc; Genersichek; Paget; P\u00e1lmay; RMK III\/18.sz.; \u00daM\u00c9L<\/br><\/p>\n","protected":false},"excerpt":{"rendered":"<p>L\u0151cse, 1770. okt. 17. \u2020 B\u00e9cs, 1814. m\u00e1rc. 20.: t\u00f6rt\u00e9net\u00edr\u00f3. \u2013 E. Jacob (L\u0151cse, 1717. j\u00fan. 30. \u2013 L\u0151cse, 1793. jan. 9.) gy\u00f3gyszer\u00e9sz \u00e9s tan\u00e1csos L\u0151cs\u00e9n \u00e9s Genersich Anna Susanna fia. Feles\u00e9ge: Mauksch Katalin\/ Catharina (Kv., 1781. szept. 8., &#8211; 1825. okt. 7.) Mauksch T\u00f3bi\u00e1s kv.-i gy\u00f3gyszer\u00e9sz \u00e9s Habermeyer Cathrina Susanna le\u00e1nya, esk\u00fcv\u0151 (1800-t\u00f3l). Gyermekeik: [&hellip;]<\/p>\n","protected":false},"featured_media":0,"comment_status":"open","ping_status":"closed","template":"","meta":[],"product_brand":[],"product_cat":[137],"product_tag":[],"class_list":{"0":"post-7312","1":"product","2":"type-product","3":"status-publish","5":"product_cat-maros-megyei-eletrajzi-lexikon","7":"first","8":"instock","9":"shipping-taxable","10":"product-type-simple"},"_links":{"self":[{"href":"https:\/\/uj.adatbank.ro\/lexikon\/wp-json\/wp\/v2\/product\/7312","targetHints":{"allow":["GET"]}}],"collection":[{"href":"https:\/\/uj.adatbank.ro\/lexikon\/wp-json\/wp\/v2\/product"}],"about":[{"href":"https:\/\/uj.adatbank.ro\/lexikon\/wp-json\/wp\/v2\/types\/product"}],"replies":[{"embeddable":true,"href":"https:\/\/uj.adatbank.ro\/lexikon\/wp-json\/wp\/v2\/comments?post=7312"}],"wp:attachment":[{"href":"https:\/\/uj.adatbank.ro\/lexikon\/wp-json\/wp\/v2\/media?parent=7312"}],"wp:term":[{"taxonomy":"product_brand","embeddable":true,"href":"https:\/\/uj.adatbank.ro\/lexikon\/wp-json\/wp\/v2\/product_brand?post=7312"},{"taxonomy":"product_cat","embeddable":true,"href":"https:\/\/uj.adatbank.ro\/lexikon\/wp-json\/wp\/v2\/product_cat?post=7312"},{"taxonomy":"product_tag","embeddable":true,"href":"https:\/\/uj.adatbank.ro\/lexikon\/wp-json\/wp\/v2\/product_tag?post=7312"}],"curies":[{"name":"wp","href":"https:\/\/api.w.org\/{rel}","templated":true}]}}

ENGEL Johann Christian, szepeslőcsei, von, Engel János-Keresztély, Engel Krisztián János

<p>Lőcse, 1770. okt. 17. † Bécs, 1814. márc. 20.: történetíró. – E. Jacob (Lőcse, 1717. jún. 30. – Lőcse, 1793. jan. 9.) gyógyszerész és tanácsos Lőcsén és Genersich Anna Susanna fia. Felesége: Mauksch Katalin/ Catharina (Kv., 1781. szept. 8., &#8211; 1825. okt. 7.) Mauksch Tóbiás kv.-i gyógyszerész és Habermeyer Cathrina Susanna leánya, esküvő (1800-tól). Gyermekeik: Alexander (1802-Bécs, 1880); Miksa (1803-Kairó, 1835); Eugenia (1805–1894); Joseph (Bécs, 1807. máj. 2. Kv., 1870. jún. 2.); Polixeni (1811-Kv, 1882. máj. 31.). Halála után felesége Lőcsére költözött és ott nevelte fel öt gyermekét. – Bécsben élt, az erdélyi udvari kancellária tisztviselője, utóbb fogalmazója, titkár volt gr. Teleki Sámuel mellett. A felvilágosodás híve, de a m. törté­nelmet a Habsburgok politikája iránti megér­téssel tanulmányozta. Megírta Magyaro. történetét és Magyaro. szomszéd-tartományainak történetét. Emellett foglalkozott m. földrajzi, jogi, a m. és szláv nyelvé­szeti, pedagógiai, teol. kérdésekkel, valamint klasszika-filológiával. Ezeken kivül még több német, latin és m. nyelven írt önálló műve található a Teleki tékában. 16 európai nyelven beszélt. A Bajor Tud. Akad. tagja (l. 1808). A göttingeni, a prágai tudós társaság, a varsói kir. tudós társaság (1811) és harkovi egyetem (1811) l. tagja. Lőcse város díszpolgára (1792). – <strong>F. m.:</strong> Commentatio de republica militari seu comparatio Lacedaemoniorum, Cretensium et Cossacorum (Göttingae, 1790); Geschichte von Halitsch und Wladimir bis 1772. 1–2.Theil.(Wien, 1792); Commentatio de expeditionibus Traiani ad Danubium et origine Valachorum …Cum epistola C. G. Heyne … ad autorem missa (Vindobonae, 1794); Geschichte der Ukraine und der ukrainischen Cosaken, wie auch der Königreiche Halitsch und Wladimir (Halle, 1796); Geschichte des Ungarischen Reichs und seiner Nebenländer. 1–4. (Halle, 1. 1797; 2. 1798; 3–4. 1801–1804); Geschichte des Ungarischen Reichs.(Wien, 1813); kiad.: Cicero, Marcus Tullius. Marcus Tullius Cicerónak az embernek tiszteletéről és kötelességeiről a maga fiához írt három könyve / magyarra fordította Kovásznai Sándor (Posony, 1795) <br /><strong>Irod.:</strong> Aranka; Dörnyei 2010; Fülöp-Ferenc; Genersichek; Paget; Pálmay; RMK III/18.sz.; ÚMÉL</br></p>

<p>Lőcse, 1770. okt. 17. † Bécs, 1814. márc. 20.: történetíró. – E. Jacob (Lőcse, 1717. jún. 30. – Lőcse, 1793. jan. 9.) gyógyszerész és tanácsos Lőcsén és Genersich Anna Susanna fia. Felesége: Mauksch Katalin/ Catharina (Kv., 1781. szept. 8., &#8211; 1825. okt. 7.) Mauksch Tóbiás kv.-i gyógyszerész és Habermeyer Cathrina Susanna leánya, esküvő (1800-tól). Gyermekeik: [&hellip;]</p>
