{"id":7316,"date":"2025-06-28T18:22:28","date_gmt":"2025-06-28T16:22:28","guid":{"rendered":"https:\/\/uj.adatbank.ro\/lexikon\/termek\/engelberg-dezso-%c2%a7-alnevei-angelmons-dr-energ-instructor\/"},"modified":"2025-06-28T18:22:28","modified_gmt":"2025-06-28T16:22:28","slug":"engelberg-dezso-%c2%a7-alnevei-angelmons-dr-energ-instructor","status":"publish","type":"product","link":"https:\/\/uj.adatbank.ro\/lexikon\/termek\/engelberg-dezso-%c2%a7-alnevei-angelmons-dr-energ-instructor\/","title":{"rendered":"ENGELBERG Dezs\u0151, \u00a7 \u00c1lnevei: Angelmons, Dr. Energ., Instructor"},"content":{"rendered":"<p>Szarvas, 1894. okt. 27., \u2020 Tel Aviv, 1965. jan. 16.: \u00fcgyv\u00e9d, \u00fajs\u00e1g\u00edr\u00f3, k\u00f6lt\u0151. \u2013 Tan\u00edt\u00f3k\u00e9pz\u0151t v\u00e9gzett Bp.-en (1912). Tan\u00edtott Veszpr\u00e9mben, Nagyszombaton, majd Mv.-en \u00e9s k\u00f6zben Kv.-on le\u00e9retts\u00e9gizett (1915), \u00fcgyv\u00e9di oklevelet szerzett, megszerezte a jogi doktor\u00e1tust (1922). Mv.-en \u00fcgyv\u00e9djel\u00f6lt, majd \u00e1tvette a h\u00e9toszt\u00e1lyos izraelita iskola igazgat\u00f3s\u00e1g\u00e1t (1923), \u00e9s \u00fcgyv\u00e9di irod\u00e1t nyitott (1927). Intenz\u00edv h\u00edrlap\u00edr\u00f3i tev\u00e9kenys\u00e9ge mellett a helybeli cserk\u00e9szcsapat parancsnoka, a zsid\u00f3 iparosotthon igazgat\u00f3ja, \u00e9s az Erd\u00e9lyi Zsid\u00f3 Nemzeti Sz\u00f6vets\u00e9g csoporteln\u00f6ke, a mv.-i cionista mozgalom egyik vezet\u0151je, a zsid\u00f3 \u00c1rvagondoz\u00f3 \u00e9s a Kadima Sportegylet \u00fcgy\u00e9sze. Az Orsz\u00e1gos Zsid\u00f3p\u00e1rt \u00e1ltal l\u00e9trehozott Maccabi sportegyes\u00fclet eln\u00f6ke volt (1941\u2013). A cionista Som\u00e9r c. lapot m. \u00e9s h\u00e9ber nyelven szerk.-tette Erd\u00e9lyi Emil, Weinstein Gyula, S\u00e1rk\u00e1ny Imre t\u00e1rsas\u00e1g\u00e1ban (1924\u201326). A mv.-i \u00fajs\u00e1g\u00edr\u00f3 egyes\u00fclet tagja (1921), a H\u00e1z\u00e9p\u00edt\u0151k Sz\u00f6vets\u00e9g\u00e9nek titk\u00e1ra (1927), az Avoda zsid\u00f3 kultur\u00e1lis \u00e9s j\u00f3t\u00e9konys\u00e1gi szervezet aleln\u00f6ke (1939). Verseit \u00e9s cikkeit k\u00f6z\u00f6lte az: \u00dajs\u00e1g, Mv.-i Reggeli \u00dajs\u00e1g, T\u00fck\u00f6r, Cirkusz, Zord Id\u0151. \u00c1lland\u00f3 tud\u00f3s\u00edt\u00f3ja az Est, az \u00daj Kelet-nek. Tulajdonosa \u00e9s szerk.-je a H\u00edrlap, Cirkusz, T\u00fck\u00f6r, D\u00e9li \u00dajs\u00e1g c. mv.-i lapoknak. \u2013 <strong>F. m.:<\/strong> Elsz\u00f3rt kal\u00e1szok (Paks, 1913); Panaszok k\u00f6nyve (Mv., 1920); Kelet sz\u00ednpada (Mv., 1928). <br \/><strong>Irod.:<\/strong> Guly\u00e1s; Gy\u00f6rgy 1926; Id\u0151t\u00e1r 3; Ki kicsoda\u00a0?; Klosz-Tolok\u00e1n; Molter 1.; Mv. zsid\u00f3s\u00e1ga; Popt\u0103ma\u015f\u2013M\u00f3zes; Sebesty\u00e9n Mih\u00e1ly 2000<\/br><\/p>\n","protected":false},"excerpt":{"rendered":"<p>Szarvas, 1894. okt. 27., \u2020 Tel Aviv, 1965. jan. 16.: \u00fcgyv\u00e9d, \u00fajs\u00e1g\u00edr\u00f3, k\u00f6lt\u0151. \u2013 Tan\u00edt\u00f3k\u00e9pz\u0151t v\u00e9gzett Bp.-en (1912). Tan\u00edtott Veszpr\u00e9mben, Nagyszombaton, majd Mv.-en \u00e9s k\u00f6zben Kv.-on le\u00e9retts\u00e9gizett (1915), \u00fcgyv\u00e9di oklevelet szerzett, megszerezte a jogi doktor\u00e1tust (1922). Mv.-en \u00fcgyv\u00e9djel\u00f6lt, majd \u00e1tvette a h\u00e9toszt\u00e1lyos izraelita iskola igazgat\u00f3s\u00e1g\u00e1t (1923), \u00e9s \u00fcgyv\u00e9di irod\u00e1t nyitott (1927). Intenz\u00edv h\u00edrlap\u00edr\u00f3i tev\u00e9kenys\u00e9ge mellett [&hellip;]<\/p>\n","protected":false},"featured_media":0,"comment_status":"open","ping_status":"closed","template":"","meta":[],"product_brand":[],"product_cat":[137],"product_tag":[],"class_list":{"0":"post-7316","1":"product","2":"type-product","3":"status-publish","5":"product_cat-maros-megyei-eletrajzi-lexikon","7":"first","8":"instock","9":"shipping-taxable","10":"product-type-simple"},"_links":{"self":[{"href":"https:\/\/uj.adatbank.ro\/lexikon\/wp-json\/wp\/v2\/product\/7316","targetHints":{"allow":["GET"]}}],"collection":[{"href":"https:\/\/uj.adatbank.ro\/lexikon\/wp-json\/wp\/v2\/product"}],"about":[{"href":"https:\/\/uj.adatbank.ro\/lexikon\/wp-json\/wp\/v2\/types\/product"}],"replies":[{"embeddable":true,"href":"https:\/\/uj.adatbank.ro\/lexikon\/wp-json\/wp\/v2\/comments?post=7316"}],"wp:attachment":[{"href":"https:\/\/uj.adatbank.ro\/lexikon\/wp-json\/wp\/v2\/media?parent=7316"}],"wp:term":[{"taxonomy":"product_brand","embeddable":true,"href":"https:\/\/uj.adatbank.ro\/lexikon\/wp-json\/wp\/v2\/product_brand?post=7316"},{"taxonomy":"product_cat","embeddable":true,"href":"https:\/\/uj.adatbank.ro\/lexikon\/wp-json\/wp\/v2\/product_cat?post=7316"},{"taxonomy":"product_tag","embeddable":true,"href":"https:\/\/uj.adatbank.ro\/lexikon\/wp-json\/wp\/v2\/product_tag?post=7316"}],"curies":[{"name":"wp","href":"https:\/\/api.w.org\/{rel}","templated":true}]}}

ENGELBERG Dezső, § Álnevei: Angelmons, Dr. Energ., Instructor

<p>Szarvas, 1894. okt. 27., † Tel Aviv, 1965. jan. 16.: ügyvéd, újságíró, költő. – Tanítóképzőt végzett Bp.-en (1912). Tanított Veszprémben, Nagyszombaton, majd Mv.-en és közben Kv.-on leérettségizett (1915), ügyvédi oklevelet szerzett, megszerezte a jogi doktorátust (1922). Mv.-en ügyvédjelölt, majd átvette a hétosztályos izraelita iskola igazgatóságát (1923), és ügyvédi irodát nyitott (1927). Intenzív hírlapírói tevékenysége mellett a helybeli cserkészcsapat parancsnoka, a zsidó iparosotthon igazgatója, és az Erdélyi Zsidó Nemzeti Szövetség csoportelnöke, a mv.-i cionista mozgalom egyik vezetője, a zsidó Árvagondozó és a Kadima Sportegylet ügyésze. Az Országos Zsidópárt által létrehozott Maccabi sportegyesület elnöke volt (1941–). A cionista Somér c. lapot m. és héber nyelven szerk.-tette Erdélyi Emil, Weinstein Gyula, Sárkány Imre társaságában (1924–26). A mv.-i újságíró egyesület tagja (1921), a Házépítők Szövetségének titkára (1927), az Avoda zsidó kulturális és jótékonysági szervezet alelnöke (1939). Verseit és cikkeit közölte az: Újság, Mv.-i Reggeli Újság, Tükör, Cirkusz, Zord Idő. Állandó tudósítója az Est, az Új Kelet-nek. Tulajdonosa és szerk.-je a Hírlap, Cirkusz, Tükör, Déli Újság c. mv.-i lapoknak. – <strong>F. m.:</strong> Elszórt kalászok (Paks, 1913); Panaszok könyve (Mv., 1920); Kelet színpada (Mv., 1928). <br /><strong>Irod.:</strong> Gulyás; György 1926; Időtár 3; Ki kicsoda ?; Klosz-Tolokán; Molter 1.; Mv. zsidósága; Poptămaş–Mózes; Sebestyén Mihály 2000</br></p>

<p>Szarvas, 1894. okt. 27., † Tel Aviv, 1965. jan. 16.: ügyvéd, újságíró, költő. – Tanítóképzőt végzett Bp.-en (1912). Tanított Veszprémben, Nagyszombaton, majd Mv.-en és közben Kv.-on leérettségizett (1915), ügyvédi oklevelet szerzett, megszerezte a jogi doktorátust (1922). Mv.-en ügyvédjelölt, majd átvette a hétosztályos izraelita iskola igazgatóságát (1923), és ügyvédi irodát nyitott (1927). Intenzív hírlapírói tevékenysége mellett [&hellip;]</p>
