{"id":7319,"date":"2025-06-28T18:22:36","date_gmt":"2025-06-28T16:22:36","guid":{"rendered":"https:\/\/uj.adatbank.ro\/lexikon\/termek\/enyedi-istvan\/"},"modified":"2025-06-28T18:22:36","modified_gmt":"2025-06-28T16:22:36","slug":"enyedi-istvan","status":"publish","type":"product","link":"https:\/\/uj.adatbank.ro\/lexikon\/termek\/enyedi-istvan\/","title":{"rendered":"ENYEDI Istv\u00e1n"},"content":{"rendered":"<p>Nagyb\u00e1nya, ? \u2020 ? : jegyz\u0151. \u2013 Apja: E. M\u00e1rton nagyb\u00e1nyai f\u0151b\u00edr\u00f3. \u2013 Debrecenben tanult. Nagyb\u00e1ny\u00e1n hites jegyz\u0151, majd f\u0151b\u00edr\u00f3 (1677\u20131691). A 17. sz v\u00e9ge k\u00f6r\u00fcl Szal\u00e1rdi J\u00e1nos Siralmas magyar kr\u00f3nik\u00e1j\u00e1b\u00f3l mer\u00edtve meg\u00edrta II. R\u00e1k\u00f3czi Gy\u00f6rgy katasztr\u00f3f\u00e1val v\u00e9gz\u0151d\u0151 lengyelorsz\u00e1gi hadj\u00e1rat\u00e1t \u00e9s az azt k\u00f6vet\u0151 esem\u00e9nyeket (1657\u201360). Ebben els\u0151k\u00e9nt \u00edrta le Mv. pusztul\u00e1s\u00e1t. Szerinte a kast\u00e9lyt a tat\u00e1rok elfoglalt\u00e1k \u00e9s az oda szorult n\u00e9pet- k\u00f6zel 3000 embert, rabszolgak\u00e9nt elhurcolt\u00e1k. Ezt m\u00e1s forr\u00e1sok c\u00e1folj\u00e1k. <strong>F. m.:<\/strong> <strong>antol\u00f3g.:<\/strong> II R\u00e1k\u00f3czi Gy\u00f6rgy fejedelem lengyelorsz\u00e1gi \u00fatj\u00e1nak \u00e9s h\u00e1bor\u00faj\u00e1nak alkalmatoss\u00e1ga  =  Erd\u00e9ly \u00f6r\u00f6ks\u00e9ge, 5. <br \/><strong>Irod.:<\/strong> P\u00e1l-Antal 2003; P\u00e1l-Antal 2009<\/br><\/p>\n","protected":false},"excerpt":{"rendered":"<p>Nagyb\u00e1nya, ? \u2020 ? : jegyz\u0151. \u2013 Apja: E. M\u00e1rton nagyb\u00e1nyai f\u0151b\u00edr\u00f3. \u2013 Debrecenben tanult. Nagyb\u00e1ny\u00e1n hites jegyz\u0151, majd f\u0151b\u00edr\u00f3 (1677\u20131691). A 17. sz v\u00e9ge k\u00f6r\u00fcl Szal\u00e1rdi J\u00e1nos Siralmas magyar kr\u00f3nik\u00e1j\u00e1b\u00f3l mer\u00edtve meg\u00edrta II. R\u00e1k\u00f3czi Gy\u00f6rgy katasztr\u00f3f\u00e1val v\u00e9gz\u0151d\u0151 lengyelorsz\u00e1gi hadj\u00e1rat\u00e1t \u00e9s az azt k\u00f6vet\u0151 esem\u00e9nyeket (1657\u201360). Ebben els\u0151k\u00e9nt \u00edrta le Mv. pusztul\u00e1s\u00e1t. Szerinte a kast\u00e9lyt [&hellip;]<\/p>\n","protected":false},"featured_media":0,"comment_status":"open","ping_status":"closed","template":"","meta":[],"product_brand":[],"product_cat":[137],"product_tag":[],"class_list":{"0":"post-7319","1":"product","2":"type-product","3":"status-publish","5":"product_cat-maros-megyei-eletrajzi-lexikon","7":"first","8":"instock","9":"shipping-taxable","10":"product-type-simple"},"_links":{"self":[{"href":"https:\/\/uj.adatbank.ro\/lexikon\/wp-json\/wp\/v2\/product\/7319","targetHints":{"allow":["GET"]}}],"collection":[{"href":"https:\/\/uj.adatbank.ro\/lexikon\/wp-json\/wp\/v2\/product"}],"about":[{"href":"https:\/\/uj.adatbank.ro\/lexikon\/wp-json\/wp\/v2\/types\/product"}],"replies":[{"embeddable":true,"href":"https:\/\/uj.adatbank.ro\/lexikon\/wp-json\/wp\/v2\/comments?post=7319"}],"wp:attachment":[{"href":"https:\/\/uj.adatbank.ro\/lexikon\/wp-json\/wp\/v2\/media?parent=7319"}],"wp:term":[{"taxonomy":"product_brand","embeddable":true,"href":"https:\/\/uj.adatbank.ro\/lexikon\/wp-json\/wp\/v2\/product_brand?post=7319"},{"taxonomy":"product_cat","embeddable":true,"href":"https:\/\/uj.adatbank.ro\/lexikon\/wp-json\/wp\/v2\/product_cat?post=7319"},{"taxonomy":"product_tag","embeddable":true,"href":"https:\/\/uj.adatbank.ro\/lexikon\/wp-json\/wp\/v2\/product_tag?post=7319"}],"curies":[{"name":"wp","href":"https:\/\/api.w.org\/{rel}","templated":true}]}}

ENYEDI István

<p>Nagybánya, ? † ? : jegyző. – Apja: E. Márton nagybányai főbíró. – Debrecenben tanult. Nagybányán hites jegyző, majd főbíró (1677–1691). A 17. sz vége körül Szalárdi János Siralmas magyar krónikájából merítve megírta II. Rákóczi György katasztrófával végződő lengyelországi hadjáratát és az azt követő eseményeket (1657–60). Ebben elsőként írta le Mv. pusztulását. Szerinte a kastélyt a tatárok elfoglalták és az oda szorult népet- közel 3000 embert, rabszolgaként elhurcolták. Ezt más források cáfolják. <strong>F. m.:</strong> <strong>antológ.:</strong> II Rákóczi György fejedelem lengyelországi útjának és háborújának alkalmatossága  =  Erdély öröksége, 5. <br /><strong>Irod.:</strong> Pál-Antal 2003; Pál-Antal 2009</br></p>

<p>Nagybánya, ? † ? : jegyző. – Apja: E. Márton nagybányai főbíró. – Debrecenben tanult. Nagybányán hites jegyző, majd főbíró (1677–1691). A 17. sz vége körül Szalárdi János Siralmas magyar krónikájából merítve megírta II. Rákóczi György katasztrófával végződő lengyelországi hadjáratát és az azt követő eseményeket (1657–60). Ebben elsőként írta le Mv. pusztulását. Szerinte a kastélyt [&hellip;]</p>
