{"id":7320,"date":"2025-06-28T18:22:38","date_gmt":"2025-06-28T16:22:38","guid":{"rendered":"https:\/\/uj.adatbank.ro\/lexikon\/termek\/enyedi-istvan-2\/"},"modified":"2025-06-28T18:22:38","modified_gmt":"2025-06-28T16:22:38","slug":"enyedi-istvan-2","status":"publish","type":"product","link":"https:\/\/uj.adatbank.ro\/lexikon\/termek\/enyedi-istvan-2\/","title":{"rendered":"ENYEDI Istv\u00e1n"},"content":{"rendered":"<p>Nagyb\u00e1nya, 1659, \u2020 Nagyenyed, 1714. aug. 14.: ref. teol\u00f3gus, egyh\u00e1zi \u00edr\u00f3. \u2013 Nagyb\u00e1ny\u00e1n, majd D\u00e9si M\u00e1rton tan\u00edtv\u00e1nyak\u00e9nt a nagyenyedi ref. koll.-ban ta\u00adnult, a leideni (1684\u2013), a franekeri egy. hallgat\u00f3ja (1685\u201388). Fels\u0151\u00adb\u00e1ny\u00e1n (1688\u2013), Mv.-en lelk\u00e9sz a V\u00e1rtemplomban Zilahi Istv\u00e1nnal (1678\u20131705), tan\u00edt\u00f3 (1691\u2013), a nagyenyedi ref. koll.-ban a teol\u00f3gia tan\u00e1ra (1692\u2013), megszak\u00edt\u00e1sokkal ott \u00e9lt \u00e9lete v\u00e9g\u00e9ig. Not\u00e1rius volt (1697\u20131706). \u2013 <strong>F. m.:<\/strong> De lapsu, peccato et causa peccati (Kv., 1681); De sapientia carnis ejusque vanitate (Franeker, 1686); Halotti besz\u00e9d malomv\u00edzi Kendefi J\u00e1nos felett, Kv.-on 1694. m\u00e1rc. 23.); Istenben elnyugodott [Gy\u00e1sz\u00adbesz\u00e9d miszt\u00f3tfalusi Kis Mikl\u00f3s felett], 1702. \u00e1pr. 4. (K\u00adv., 1702). <br \/><strong>Irod.:<\/strong> Halotti besz\u00e9dek; Id\u0151t\u00e1r 1; Marossz\u00e9ki kr\u00f3nik\u00e1k 1.; \u0150sz; \u00daM\u00c9L; V\u00e1rtemplomi lelk\u00e9szek n\u00e9vsora, 1571\u20132000 (\u00daj Kezdet, 2. sz., 2000)<\/br><\/p>\n","protected":false},"excerpt":{"rendered":"<p>Nagyb\u00e1nya, 1659, \u2020 Nagyenyed, 1714. aug. 14.: ref. teol\u00f3gus, egyh\u00e1zi \u00edr\u00f3. \u2013 Nagyb\u00e1ny\u00e1n, majd D\u00e9si M\u00e1rton tan\u00edtv\u00e1nyak\u00e9nt a nagyenyedi ref. koll.-ban ta\u00adnult, a leideni (1684\u2013), a franekeri egy. hallgat\u00f3ja (1685\u201388). Fels\u0151\u00adb\u00e1ny\u00e1n (1688\u2013), Mv.-en lelk\u00e9sz a V\u00e1rtemplomban Zilahi Istv\u00e1nnal (1678\u20131705), tan\u00edt\u00f3 (1691\u2013), a nagyenyedi ref. koll.-ban a teol\u00f3gia tan\u00e1ra (1692\u2013), megszak\u00edt\u00e1sokkal ott \u00e9lt \u00e9lete v\u00e9g\u00e9ig. Not\u00e1rius [&hellip;]<\/p>\n","protected":false},"featured_media":0,"comment_status":"open","ping_status":"closed","template":"","meta":[],"product_brand":[],"product_cat":[137],"product_tag":[],"class_list":{"0":"post-7320","1":"product","2":"type-product","3":"status-publish","5":"product_cat-maros-megyei-eletrajzi-lexikon","7":"first","8":"instock","9":"shipping-taxable","10":"product-type-simple"},"_links":{"self":[{"href":"https:\/\/uj.adatbank.ro\/lexikon\/wp-json\/wp\/v2\/product\/7320","targetHints":{"allow":["GET"]}}],"collection":[{"href":"https:\/\/uj.adatbank.ro\/lexikon\/wp-json\/wp\/v2\/product"}],"about":[{"href":"https:\/\/uj.adatbank.ro\/lexikon\/wp-json\/wp\/v2\/types\/product"}],"replies":[{"embeddable":true,"href":"https:\/\/uj.adatbank.ro\/lexikon\/wp-json\/wp\/v2\/comments?post=7320"}],"wp:attachment":[{"href":"https:\/\/uj.adatbank.ro\/lexikon\/wp-json\/wp\/v2\/media?parent=7320"}],"wp:term":[{"taxonomy":"product_brand","embeddable":true,"href":"https:\/\/uj.adatbank.ro\/lexikon\/wp-json\/wp\/v2\/product_brand?post=7320"},{"taxonomy":"product_cat","embeddable":true,"href":"https:\/\/uj.adatbank.ro\/lexikon\/wp-json\/wp\/v2\/product_cat?post=7320"},{"taxonomy":"product_tag","embeddable":true,"href":"https:\/\/uj.adatbank.ro\/lexikon\/wp-json\/wp\/v2\/product_tag?post=7320"}],"curies":[{"name":"wp","href":"https:\/\/api.w.org\/{rel}","templated":true}]}}

ENYEDI István

<p>Nagybánya, 1659, † Nagyenyed, 1714. aug. 14.: ref. teológus, egyházi író. – Nagybányán, majd Dési Márton tanítványaként a nagyenyedi ref. koll.-ban ta­nult, a leideni (1684–), a franekeri egy. hallgatója (1685–88). Felső­bányán (1688–), Mv.-en lelkész a Vártemplomban Zilahi Istvánnal (1678–1705), tanító (1691–), a nagyenyedi ref. koll.-ban a teológia tanára (1692–), megszakításokkal ott élt élete végéig. Notárius volt (1697–1706). – <strong>F. m.:</strong> De lapsu, peccato et causa peccati (Kv., 1681); De sapientia carnis ejusque vanitate (Franeker, 1686); Halotti beszéd malomvízi Kendefi János felett, Kv.-on 1694. márc. 23.); Istenben elnyugodott [Gyász­beszéd misztótfalusi Kis Miklós felett], 1702. ápr. 4. (K­v., 1702). <br /><strong>Irod.:</strong> Halotti beszédek; Időtár 1; Marosszéki krónikák 1.; Ősz; ÚMÉL; Vártemplomi lelkészek névsora, 1571–2000 (Új Kezdet, 2. sz., 2000)</br></p>

<p>Nagybánya, 1659, † Nagyenyed, 1714. aug. 14.: ref. teológus, egyházi író. – Nagybányán, majd Dési Márton tanítványaként a nagyenyedi ref. koll.-ban ta­nult, a leideni (1684–), a franekeri egy. hallgatója (1685–88). Felső­bányán (1688–), Mv.-en lelkész a Vártemplomban Zilahi Istvánnal (1678–1705), tanító (1691–), a nagyenyedi ref. koll.-ban a teológia tanára (1692–), megszakításokkal ott élt élete végéig. Notárius [&hellip;]</p>
