{"id":7325,"date":"2025-06-28T18:22:48","date_gmt":"2025-06-28T16:22:48","guid":{"rendered":"https:\/\/uj.adatbank.ro\/lexikon\/termek\/enyedi-janos-benedeki\/"},"modified":"2025-06-28T18:22:48","modified_gmt":"2025-06-28T16:22:48","slug":"enyedi-janos-benedeki","status":"publish","type":"product","link":"https:\/\/uj.adatbank.ro\/lexikon\/termek\/enyedi-janos-benedeki\/","title":{"rendered":"ENYEDI J\u00e1nos, benedeki"},"content":{"rendered":"<p>? \u2020 ? orvos \u2013 Parajdon kir. seb\u00e9szorvos. \u2013 <strong>F. m.:<\/strong> Falusi emberek patik\u00e1ja a\u2019 falun lak\u00f3 minden kereszt\u00e9ny vall\u00e1son l\u00e9v\u0151 tisztelend\u0151 papokhoz, melyben a\u2019 falusi embereknek leg-nevezetesebb nyavaly\u00e1inak orvosl\u00e1sok iratak meg \/ A\u2019 parajdi ts\u00e1sz\u00e1ri \u00e9s kir\u00e1lyi tekintetes nemes s\u00f3-tiszts\u00e9g mellett l\u00e9v\u0151 kir\u00e1lyi seb-orvos Benedeki Enyedi \u00f3 J\u00e1nos \u00e1ltal. El\u0151sz\u00f3: Az \u00e9rdemes k\u00f6z\u00f6ns\u00e9ghez \/ M\u00e1tyus Istv\u00e1n orvos doctor N. Maros sz\u00e9knek rendes physicussa; Minden rendben l\u00e9v\u0151 ember t\u00e1rsaimhoz \/ Horv\u00e1th M\u00e1ty\u00e1s M. V\u00e1s\u00e1rhelyi orvos doctor \u00e9s nemes Maros sz\u00e9knek h\u00fct\u00f6s adsessor (Kv., 1801). <br \/><strong>Irod.:<\/strong> F\u00fcl\u00f6p\u2013Ferencz<\/br><\/p>\n","protected":false},"excerpt":{"rendered":"<p>? \u2020 ? orvos \u2013 Parajdon kir. seb\u00e9szorvos. \u2013 F. m.: Falusi emberek patik\u00e1ja a\u2019 falun lak\u00f3 minden kereszt\u00e9ny vall\u00e1son l\u00e9v\u0151 tisztelend\u0151 papokhoz, melyben a\u2019 falusi embereknek leg-nevezetesebb nyavaly\u00e1inak orvosl\u00e1sok iratak meg \/ A\u2019 parajdi ts\u00e1sz\u00e1ri \u00e9s kir\u00e1lyi tekintetes nemes s\u00f3-tiszts\u00e9g mellett l\u00e9v\u0151 kir\u00e1lyi seb-orvos Benedeki Enyedi \u00f3 J\u00e1nos \u00e1ltal. El\u0151sz\u00f3: Az \u00e9rdemes k\u00f6z\u00f6ns\u00e9ghez \/ [&hellip;]<\/p>\n","protected":false},"featured_media":0,"comment_status":"open","ping_status":"closed","template":"","meta":[],"product_brand":[],"product_cat":[137],"product_tag":[],"class_list":{"0":"post-7325","1":"product","2":"type-product","3":"status-publish","5":"product_cat-maros-megyei-eletrajzi-lexikon","7":"first","8":"instock","9":"shipping-taxable","10":"product-type-simple"},"_links":{"self":[{"href":"https:\/\/uj.adatbank.ro\/lexikon\/wp-json\/wp\/v2\/product\/7325","targetHints":{"allow":["GET"]}}],"collection":[{"href":"https:\/\/uj.adatbank.ro\/lexikon\/wp-json\/wp\/v2\/product"}],"about":[{"href":"https:\/\/uj.adatbank.ro\/lexikon\/wp-json\/wp\/v2\/types\/product"}],"replies":[{"embeddable":true,"href":"https:\/\/uj.adatbank.ro\/lexikon\/wp-json\/wp\/v2\/comments?post=7325"}],"wp:attachment":[{"href":"https:\/\/uj.adatbank.ro\/lexikon\/wp-json\/wp\/v2\/media?parent=7325"}],"wp:term":[{"taxonomy":"product_brand","embeddable":true,"href":"https:\/\/uj.adatbank.ro\/lexikon\/wp-json\/wp\/v2\/product_brand?post=7325"},{"taxonomy":"product_cat","embeddable":true,"href":"https:\/\/uj.adatbank.ro\/lexikon\/wp-json\/wp\/v2\/product_cat?post=7325"},{"taxonomy":"product_tag","embeddable":true,"href":"https:\/\/uj.adatbank.ro\/lexikon\/wp-json\/wp\/v2\/product_tag?post=7325"}],"curies":[{"name":"wp","href":"https:\/\/api.w.org\/{rel}","templated":true}]}}

ENYEDI János, benedeki

<p>? † ? orvos – Parajdon kir. sebészorvos. – <strong>F. m.:</strong> Falusi emberek patikája a’ falun lakó minden keresztény valláson lévő tisztelendő papokhoz, melyben a’ falusi embereknek leg-nevezetesebb nyavalyáinak orvoslások iratak meg / A’ parajdi tsászári és királyi tekintetes nemes só-tisztség mellett lévő királyi seb-orvos Benedeki Enyedi ó János által. Előszó: Az érdemes közönséghez / Mátyus István orvos doctor N. Maros széknek rendes physicussa; Minden rendben lévő ember társaimhoz / Horváth Mátyás M. Vásárhelyi orvos doctor és nemes Maros széknek hütös adsessor (Kv., 1801). <br /><strong>Irod.:</strong> Fülöp–Ferencz</br></p>

<p>? † ? orvos – Parajdon kir. sebészorvos. – F. m.: Falusi emberek patikája a’ falun lakó minden keresztény valláson lévő tisztelendő papokhoz, melyben a’ falusi embereknek leg-nevezetesebb nyavalyáinak orvoslások iratak meg / A’ parajdi tsászári és királyi tekintetes nemes só-tisztség mellett lévő királyi seb-orvos Benedeki Enyedi ó János által. Előszó: Az érdemes közönséghez / [&hellip;]</p>
